{"id":89481,"date":"2025-09-02T12:58:34","date_gmt":"2025-09-02T12:58:34","guid":{"rendered":"https:\/\/brandss.com.py\/index\/?post_type=product&#038;p=89481"},"modified":"2026-04-21T11:24:14","modified_gmt":"2026-04-21T11:24:14","slug":"perfume-unisex-afnan-historic-doria-edp-100ml","status":"publish","type":"product","link":"https:\/\/brandss.com.py\/index\/producto\/perfume-unisex-afnan-historic-doria-edp-100ml\/","title":{"rendered":"PERFUME UNISEX AFNAN HISTORIC DORIA EDP 100ML"},"content":{"rendered":"<p><img loading=\"lazy\" decoding=\"async\" class=\"\" src=\"https:\/\/perfumesyperfumes.com\/cdn\/shop\/collections\/LOGO_AFNAN.png?v=1717098276\" alt=\"Afnan | Perfumes y Perfumes\" width=\"70\" height=\"70\" \/><\/p>\n<h1>HISTORIC DORIA<\/h1>\n<p>Descubre Historic Doria, una fragancia unisex que combina elegancia y sofisticaci\u00f3n. Ideal para quienes buscan un perfume femenino y masculino que destaque en cualquier ocasi\u00f3n. Un viaje olfativo cautivador, evocador de una \u00e9poca pasada. Esta encantadora fragancia entrelaza a la perfecci\u00f3n notas atemporales para crear un aroma cl\u00e1sico y moderno a la vez. Historic Doria desvela un aroma c\u00e1lido y sofisticado, que deja una impresi\u00f3n perdurable de elegancia y encanto.<\/p>\n<h3><img loading=\"lazy\" decoding=\"async\" class=\"size-medium wp-image-89482 alignleft\" src=\"https:\/\/brandss.com.py\/index\/wp-content\/uploads\/2025\/09\/AA-1-308x300.png\" alt=\"\" width=\"308\" height=\"300\" srcset=\"https:\/\/brandss.com.py\/index\/wp-content\/uploads\/2025\/09\/AA-1-308x300.png 308w, https:\/\/brandss.com.py\/index\/wp-content\/uploads\/2025\/09\/AA-1-430x419.png 430w, https:\/\/brandss.com.py\/index\/wp-content\/uploads\/2025\/09\/AA-1-150x146.png 150w, https:\/\/brandss.com.py\/index\/wp-content\/uploads\/2025\/09\/AA-1.png 600w\" sizes=\"auto, (max-width: 308px) 100vw, 308px\" \/><\/h3>\n<h3>Notas Olfativas<\/h3>\n<p>&nbsp;<\/p>\n<p>Historic Doria\u00a0es una fragancia de la familia olfativa Floral para Hombres y Mujeres. Esta fragrancia es nueva.\u00a0Historic Doria se lanz\u00f3 en 2022. Con notas cautivadoras, este perfume es perfecto para quienes desean dejar una impresi\u00f3n duradera. A\u00f1ade un toque de distinci\u00f3n a tu colecci\u00f3n de fragancias con Afnan Historic Doria. \u00a1Compra ahora y experimenta la esencia \u00fanica de este exquisito perfume!<\/p>\n<p><strong>Notas de Salida:\u00a0<\/strong>Azahar, C\u00e1scara de Lim\u00f3n Amargo y Frambuesa.<br \/>\n<strong>Notas de Coraz\u00f3n:\u00a0<\/strong>Tuberosa, Mandarina, Jazm\u00edn y Ambroxan.<br \/>\n<strong>Notas de Fondo:\u00a0<\/strong>Almizcle, Madera y Jazm\u00edn Sambac.<\/p>\n","protected":false},"excerpt":{"rendered":"<p>HISTORIC DORIA Descubre Historic Doria, una fragancia unisex que combina elegancia y sofisticaci\u00f3n. Ideal para quienes buscan un perfume femenino<\/p>\n","protected":false},"featured_media":89483,"comment_status":"open","ping_status":"closed","template":"","meta":{"nf_dc_page":""},"product_brand":[102],"product_cat":[84],"product_tag":[554],"class_list":{"0":"post-89481","1":"product","2":"type-product","3":"status-publish","4":"has-post-thumbnail","6":"product_brand-afnan","7":"product_cat-perfumeria","8":"product_tag-554","10":"first","11":"outofstock","12":"shipping-taxable","13":"purchasable","14":"product-type-simple"},"_links":{"self":[{"href":"https:\/\/brandss.com.py\/index\/wp-json\/wp\/v2\/product\/89481","targetHints":{"allow":["GET"]}}],"collection":[{"href":"https:\/\/brandss.com.py\/index\/wp-json\/wp\/v2\/product"}],"about":[{"href":"https:\/\/brandss.com.py\/index\/wp-json\/wp\/v2\/types\/product"}],"replies":[{"embeddable":true,"href":"https:\/\/brandss.com.py\/index\/wp-json\/wp\/v2\/comments?post=89481"}],"version-history":[{"count":2,"href":"https:\/\/brandss.com.py\/index\/wp-json\/wp\/v2\/product\/89481\/revisions"}],"predecessor-version":[{"id":89490,"href":"https:\/\/brandss.com.py\/index\/wp-json\/wp\/v2\/product\/89481\/revisions\/89490"}],"wp:featuredmedia":[{"embeddable":true,"href":"https:\/\/brandss.com.py\/index\/wp-json\/wp\/v2\/media\/89483"}],"wp:attachment":[{"href":"https:\/\/brandss.com.py\/index\/wp-json\/wp\/v2\/media?parent=89481"}],"wp:term":[{"taxonomy":"product_brand","embeddable":true,"href":"https:\/\/brandss.com.py\/index\/wp-json\/wp\/v2\/product_brand?post=89481"},{"taxonomy":"product_cat","embeddable":true,"href":"https:\/\/brandss.com.py\/index\/wp-json\/wp\/v2\/product_cat?post=89481"},{"taxonomy":"product_tag","embeddable":true,"href":"https:\/\/brandss.com.py\/index\/wp-json\/wp\/v2\/product_tag?post=89481"}],"curies":[{"name":"wp","href":"https:\/\/api.w.org\/{rel}","templated":true}]}}