{"id":89491,"date":"2025-09-02T13:30:56","date_gmt":"2025-09-02T13:30:56","guid":{"rendered":"https:\/\/brandss.com.py\/index\/?post_type=product&#038;p=89491"},"modified":"2026-03-16T17:46:16","modified_gmt":"2026-03-16T17:46:16","slug":"perfume-masculino-al-wataniah-al-layl-edp-100ml","status":"publish","type":"product","link":"https:\/\/brandss.com.py\/index\/producto\/perfume-masculino-al-wataniah-al-layl-edp-100ml\/","title":{"rendered":"PERFUME MASCULINO AL WATANIAH AL LAYL EDP 100ML"},"content":{"rendered":"<p><img loading=\"lazy\" decoding=\"async\" class=\"\" src=\"https:\/\/encrypted-tbn0.gstatic.com\/images?q=tbn:ANd9GcTZxf4M7TAbnjGvlsN_ihYlAJt7l3yucNv8ig&amp;s\" alt=\"Al Wataniah \u00b7 Trending Corporate\" width=\"108\" height=\"104\" \/><\/p>\n<h1>AL LAYL<\/h1>\n<p><span dir=\"auto\">Con notas energizantes de caf\u00e9,<\/span><span dir=\"auto\"> revela una experiencia completamente adictiva. Es una fragancia perfecta para los hombres que aprecian los aromas fuertes, refinados y con personalidad.<\/span><\/p>\n<p><img loading=\"lazy\" decoding=\"async\" class=\"alignleft\" src=\"https:\/\/perfumescardales.com.ar\/wp-content\/uploads\/2024\/04\/WhatsApp-Image-2024-04-13-at-08.24.00-1.jpeg\" width=\"483\" height=\"483\" \/><\/p>\n<h3>Notas Olfativas<\/h3>\n<p>&nbsp;<\/p>\n<p>Al Layl de Al Wataniah es una fragancia de la familia olfativa Amaderada Especiada para Hombres. Al Layl se lanz\u00f3 en 2021. La fragancia se abre con una cautivadora mezcla de frambuesa, bergamota y lavanda. Un toque de caf\u00e9 cautiva los sentidos, antes de revelar un coraz\u00f3n refinado de cachemira, melocot\u00f3n, jazm\u00edn y rosa. Finalmente, una rica base de s\u00e1ndalo, pachul\u00ed y almizcle.<\/p>\n<ul>\n<li><strong>Notas de salida:<\/strong> Frambuesa, bergamota, caf\u00e9 y lavanda.<\/li>\n<li><strong>Notas de coraz\u00f3n:<\/strong> Melocot\u00f3n, jazm\u00edn, rosa y cachemira.<\/li>\n<li><strong>Notas de fondo:<\/strong> S\u00e1ndalo, pachul\u00ed y almizcle.<\/li>\n<\/ul>\n","protected":false},"excerpt":{"rendered":"<p>AL LAYL Con notas energizantes de caf\u00e9, revela una experiencia completamente adictiva. Es una fragancia perfecta para los hombres que<\/p>\n","protected":false},"featured_media":89492,"comment_status":"open","ping_status":"closed","template":"","meta":{"nf_dc_page":""},"product_brand":[105],"product_cat":[84],"product_tag":[556],"class_list":{"0":"post-89491","1":"product","2":"type-product","3":"status-publish","4":"has-post-thumbnail","6":"product_brand-al-wataniah","7":"product_cat-perfumeria","8":"product_tag-556","10":"first","11":"outofstock","12":"shipping-taxable","13":"purchasable","14":"product-type-simple"},"_links":{"self":[{"href":"https:\/\/brandss.com.py\/index\/wp-json\/wp\/v2\/product\/89491","targetHints":{"allow":["GET"]}}],"collection":[{"href":"https:\/\/brandss.com.py\/index\/wp-json\/wp\/v2\/product"}],"about":[{"href":"https:\/\/brandss.com.py\/index\/wp-json\/wp\/v2\/types\/product"}],"replies":[{"embeddable":true,"href":"https:\/\/brandss.com.py\/index\/wp-json\/wp\/v2\/comments?post=89491"}],"version-history":[{"count":1,"href":"https:\/\/brandss.com.py\/index\/wp-json\/wp\/v2\/product\/89491\/revisions"}],"predecessor-version":[{"id":89497,"href":"https:\/\/brandss.com.py\/index\/wp-json\/wp\/v2\/product\/89491\/revisions\/89497"}],"wp:featuredmedia":[{"embeddable":true,"href":"https:\/\/brandss.com.py\/index\/wp-json\/wp\/v2\/media\/89492"}],"wp:attachment":[{"href":"https:\/\/brandss.com.py\/index\/wp-json\/wp\/v2\/media?parent=89491"}],"wp:term":[{"taxonomy":"product_brand","embeddable":true,"href":"https:\/\/brandss.com.py\/index\/wp-json\/wp\/v2\/product_brand?post=89491"},{"taxonomy":"product_cat","embeddable":true,"href":"https:\/\/brandss.com.py\/index\/wp-json\/wp\/v2\/product_cat?post=89491"},{"taxonomy":"product_tag","embeddable":true,"href":"https:\/\/brandss.com.py\/index\/wp-json\/wp\/v2\/product_tag?post=89491"}],"curies":[{"name":"wp","href":"https:\/\/api.w.org\/{rel}","templated":true}]}}