{"id":89504,"date":"2025-09-02T16:31:35","date_gmt":"2025-09-02T16:31:35","guid":{"rendered":"https:\/\/brandss.com.py\/index\/?post_type=product&#038;p=89504"},"modified":"2026-03-16T17:47:09","modified_gmt":"2026-03-16T17:47:09","slug":"perfume-unisex-al-wataniah-rose-mystery-intense-edp-100ml","status":"publish","type":"product","link":"https:\/\/brandss.com.py\/index\/producto\/perfume-unisex-al-wataniah-rose-mystery-intense-edp-100ml\/","title":{"rendered":"PERFUME UNISEX AL WATANIAH ROSE MYSTERY INTENSE EDP 100ML"},"content":{"rendered":"<p><img loading=\"lazy\" decoding=\"async\" class=\"\" src=\"https:\/\/encrypted-tbn0.gstatic.com\/images?q=tbn:ANd9GcTZxf4M7TAbnjGvlsN_ihYlAJt7l3yucNv8ig&amp;s\" alt=\"Al Wataniah \u00b7 Trending Corporate\" width=\"94\" height=\"90\" \/><\/p>\n<h1>ROSE MYSTERY INTENSE<\/h1>\n<p><em><strong><span dir=\"auto\">Una explosi\u00f3n de sensualidad.<\/span><\/strong><\/em><\/p>\n<p>Abraza el atractivo de Rose Mystery Intense, la fragancia perfecta para aquellos que desean una presencia seductora y misteriosa. Deja que su mezcla cautivadora eleve tus sentidos y deje una impresi\u00f3n inolvidable. Encarna la esencia del misterio y la seducci\u00f3n, perfecta para aquellos que buscan un atractivo enigm\u00e1tico.<\/p>\n<p><img decoding=\"async\" class=\"alignleft\" src=\"https:\/\/http2.mlstatic.com\/D_NQ_NP_818845-MLA82924966316_032025-O.webp\" \/><\/p>\n<h3>Notas Olfativas<\/h3>\n<p>&nbsp;<\/p>\n<p><span dir=\"auto\">A trav\u00e9s de notas potentes y vibrantes,\u00a0<\/span><span dir=\"auto\">Rose Mystery Intense <\/span><span dir=\"auto\">revela una fragancia incre\u00edblemente sensual que te har\u00e1 dejarte llevar. <\/span><span dir=\"auto\">La fragancia se abre con una mezcla chispeante de bergamota siciliana y mandarina. <\/span><span dir=\"auto\">En el coraz\u00f3n, un espl\u00e9ndido ramo de rosa b\u00falgara, rosa turca, aceite de rosa, jazm\u00edn egipcio y jazm\u00edn Sambac. <\/span><span dir=\"auto\">Finalmente, una base profundamente adictiva de vainilla de Madagascar, Georgywood, Akigalawood, incienso y Ambrofix\u2122.<\/span><\/p>\n<p data-animate=\"fadeInLeft\" data-animate-transform=\"true\" data-animate-transition=\"true\" data-animated=\"true\"><strong><span dir=\"auto\">Notas de salida: <\/span><\/strong><span dir=\"auto\">Bergamota,<\/span><span dir=\"auto\"> mandarina sicilianas.<\/span><\/p>\n<p data-animate=\"fadeInLeft\" data-animate-transform=\"true\" data-animate-transition=\"true\" data-animated=\"true\"><strong>Notas de coraz\u00f3n:<\/strong> Rosa b\u00falgara , rosa turca, aceite de rosa, jazm\u00edn egipcio y jazm\u00edn sambac.<\/p>\n<p data-animate=\"fadeInLeft\" data-animate-transform=\"true\" data-animate-transition=\"true\" data-animated=\"true\"><strong>Notas fondo:<\/strong> Vainilla de Madagascar, Georgywood, Akigalawood, Incienso y Ambrofix\u2122.<\/p>\n<p data-animate=\"fadeInLeft\" data-animate-transform=\"true\" data-animate-transition=\"true\" data-animated=\"true\">\n","protected":false},"excerpt":{"rendered":"<p>ROSE MYSTERY INTENSE Una explosi\u00f3n de sensualidad. Abraza el atractivo de Rose Mystery Intense, la fragancia perfecta para aquellos que<\/p>\n","protected":false},"featured_media":89505,"comment_status":"open","ping_status":"closed","template":"","meta":{"nf_dc_page":""},"product_brand":[105],"product_cat":[84],"product_tag":[568],"class_list":{"0":"post-89504","1":"product","2":"type-product","3":"status-publish","4":"has-post-thumbnail","6":"product_brand-al-wataniah","7":"product_cat-perfumeria","8":"product_tag-568","10":"first","11":"instock","12":"shipping-taxable","13":"purchasable","14":"product-type-simple"},"_links":{"self":[{"href":"https:\/\/brandss.com.py\/index\/wp-json\/wp\/v2\/product\/89504","targetHints":{"allow":["GET"]}}],"collection":[{"href":"https:\/\/brandss.com.py\/index\/wp-json\/wp\/v2\/product"}],"about":[{"href":"https:\/\/brandss.com.py\/index\/wp-json\/wp\/v2\/types\/product"}],"replies":[{"embeddable":true,"href":"https:\/\/brandss.com.py\/index\/wp-json\/wp\/v2\/comments?post=89504"}],"version-history":[{"count":1,"href":"https:\/\/brandss.com.py\/index\/wp-json\/wp\/v2\/product\/89504\/revisions"}],"predecessor-version":[{"id":89509,"href":"https:\/\/brandss.com.py\/index\/wp-json\/wp\/v2\/product\/89504\/revisions\/89509"}],"wp:featuredmedia":[{"embeddable":true,"href":"https:\/\/brandss.com.py\/index\/wp-json\/wp\/v2\/media\/89505"}],"wp:attachment":[{"href":"https:\/\/brandss.com.py\/index\/wp-json\/wp\/v2\/media?parent=89504"}],"wp:term":[{"taxonomy":"product_brand","embeddable":true,"href":"https:\/\/brandss.com.py\/index\/wp-json\/wp\/v2\/product_brand?post=89504"},{"taxonomy":"product_cat","embeddable":true,"href":"https:\/\/brandss.com.py\/index\/wp-json\/wp\/v2\/product_cat?post=89504"},{"taxonomy":"product_tag","embeddable":true,"href":"https:\/\/brandss.com.py\/index\/wp-json\/wp\/v2\/product_tag?post=89504"}],"curies":[{"name":"wp","href":"https:\/\/api.w.org\/{rel}","templated":true}]}}