{"id":89524,"date":"2025-09-02T19:01:19","date_gmt":"2025-09-02T19:01:19","guid":{"rendered":"https:\/\/brandss.com.py\/index\/?post_type=product&#038;p=89524"},"modified":"2026-03-31T11:29:55","modified_gmt":"2026-03-31T11:29:55","slug":"perfume-unisex-armaf-club-de-nuit-sillage-edp-105ml","status":"publish","type":"product","link":"https:\/\/brandss.com.py\/index\/producto\/perfume-unisex-armaf-club-de-nuit-sillage-edp-105ml\/","title":{"rendered":"PERFUME UNISEX ARMAF CLUB DE NUIT SILLAGE EDP 105ML"},"content":{"rendered":"<p><img loading=\"lazy\" decoding=\"async\" class=\"\" src=\"https:\/\/vectorseek.com\/wp-content\/uploads\/2023\/12\/ARMAF-Logo-Vector.svg--300x300.png\" alt=\"ARMAF logo in PNG SVG Vector format - Free Download\" width=\"107\" height=\"107\" \/><\/p>\n<h1>CLUB DE NUIT SILLAGE<\/h1>\n<p>Excepcional. \u00danica. Inolvidable. Club de Nuit Sillage de Armaf es una fragancia moderna que captura la frescura energizante del aire de monta\u00f1a. <span dir=\"auto\">Libera la esencia de la sofisticaci\u00f3n con Club De Nuit Sillage, una fragancia que cautiva y encanta.<img loading=\"lazy\" decoding=\"async\" class=\"alignleft\" src=\"https:\/\/saideep.cl\/cdn\/shop\/files\/original_e40adc51-d94e-42e0-afeb-c2722b2abe3a_460x@2x.png?v=1737662115\" width=\"631\" height=\"631\" \/><\/span><\/p>\n<ul class=\"tickmark_blue\">\n<li><span dir=\"auto\">Inspirado en el lujo y la elegancia<\/span><\/li>\n<li><span dir=\"auto\">Mezcla perfecta de tradici\u00f3n e innovaci\u00f3n<\/span><\/li>\n<li><span dir=\"auto\">Longevidad y estela excepcionales<\/span><\/li>\n<li><span dir=\"auto\">Dise\u00f1ado para la persona exigente<\/span><\/li>\n<\/ul>\n<p><span dir=\"auto\">Este exquisito Eau de Parfum es un testimonio del arte de la alta fragancia, ofreciendo una experiencia olfativa \u00fanica y memorable. Tanto si buscas causar una impresi\u00f3n duradera como si simplemente quieres a\u00f1adir un toque de refinamiento a tu colecci\u00f3n, Club De Nuit Sillage es una elecci\u00f3n impecable.<\/span><\/p>\n<p>&nbsp;<\/p>\n<h3>Notas Olfativas<\/h3>\n<p>&nbsp;<\/p>\n<p>Club de Nuit Sillage es una fragancia de la familia olfativa Almizcle Floral Amaderado para Hombres y Mujeres.\u00a0Club de Nuit Sillage se lanz\u00f3 en 2020. La fragancia se abre con notas frescas de bergamota, grosella negra, lim\u00f3n, hoja de violeta, lima y jengibre, dando paso a un elegante coraz\u00f3n de rosa, iris y jazm\u00edn. Finalmente, una intensa y sorprendente combinaci\u00f3n de ambroxan, almizcle, s\u00e1ndalo y cedro.<\/p>\n<p><strong>Notas de salida:<\/strong> bergamota, grosellas negras, lim\u00f3n (lima \u00e1cida), lima (lim\u00f3n verde), hojas de violeta y jengibre.<\/p>\n<p><strong>Notas de coraz\u00f3n:<\/strong> rosa, iris y jazm\u00edn.<\/p>\n<p><strong>Notas de fondo:<\/strong> ambroxan, almizcle, s\u00e1ndalo y cedro.<\/p>\n","protected":false},"excerpt":{"rendered":"<p>CLUB DE NUIT SILLAGE Excepcional. \u00danica. Inolvidable. Club de Nuit Sillage de Armaf es una fragancia moderna que captura la<\/p>\n","protected":false},"featured_media":89525,"comment_status":"open","ping_status":"closed","template":"","meta":{"nf_dc_page":""},"product_brand":[106],"product_cat":[84],"product_tag":[189],"class_list":{"0":"post-89524","1":"product","2":"type-product","3":"status-publish","4":"has-post-thumbnail","6":"product_brand-armaf","7":"product_cat-perfumeria","8":"product_tag-189","10":"first","11":"instock","12":"sale","13":"shipping-taxable","14":"purchasable","15":"product-type-simple"},"_links":{"self":[{"href":"https:\/\/brandss.com.py\/index\/wp-json\/wp\/v2\/product\/89524","targetHints":{"allow":["GET"]}}],"collection":[{"href":"https:\/\/brandss.com.py\/index\/wp-json\/wp\/v2\/product"}],"about":[{"href":"https:\/\/brandss.com.py\/index\/wp-json\/wp\/v2\/types\/product"}],"replies":[{"embeddable":true,"href":"https:\/\/brandss.com.py\/index\/wp-json\/wp\/v2\/comments?post=89524"}],"version-history":[{"count":1,"href":"https:\/\/brandss.com.py\/index\/wp-json\/wp\/v2\/product\/89524\/revisions"}],"predecessor-version":[{"id":89530,"href":"https:\/\/brandss.com.py\/index\/wp-json\/wp\/v2\/product\/89524\/revisions\/89530"}],"wp:featuredmedia":[{"embeddable":true,"href":"https:\/\/brandss.com.py\/index\/wp-json\/wp\/v2\/media\/89525"}],"wp:attachment":[{"href":"https:\/\/brandss.com.py\/index\/wp-json\/wp\/v2\/media?parent=89524"}],"wp:term":[{"taxonomy":"product_brand","embeddable":true,"href":"https:\/\/brandss.com.py\/index\/wp-json\/wp\/v2\/product_brand?post=89524"},{"taxonomy":"product_cat","embeddable":true,"href":"https:\/\/brandss.com.py\/index\/wp-json\/wp\/v2\/product_cat?post=89524"},{"taxonomy":"product_tag","embeddable":true,"href":"https:\/\/brandss.com.py\/index\/wp-json\/wp\/v2\/product_tag?post=89524"}],"curies":[{"name":"wp","href":"https:\/\/api.w.org\/{rel}","templated":true}]}}