{"id":89565,"date":"2025-09-03T13:06:34","date_gmt":"2025-09-03T13:06:34","guid":{"rendered":"https:\/\/brandss.com.py\/index\/?post_type=product&#038;p=89565"},"modified":"2026-03-17T10:48:56","modified_gmt":"2026-03-17T10:48:56","slug":"perfume-unisex-lattafa-niche-emarati-al-dana-edp-100ml","status":"publish","type":"product","link":"https:\/\/brandss.com.py\/index\/producto\/perfume-unisex-lattafa-niche-emarati-al-dana-edp-100ml\/","title":{"rendered":"PERFUME UNISEX LATTAFA NICHE EMARATI AL DANA EDP 100ML"},"content":{"rendered":"<p><img loading=\"lazy\" decoding=\"async\" class=\"\" src=\"https:\/\/myscentjourney.s3.us-east-2.amazonaws.com\/2022\/02\/14\/29KIascent_j_marca_1644871114_202.png\" alt=\"MSJ::LATTAFA\" width=\"82\" height=\"97\" \/><\/p>\n<h1>NICHE EMARATI AL DANA<\/h1>\n<p>Lattafa presenta su exquisito perfume Al Dana, una joya de la l\u00ednea Niche Emarati que captura la esencia de la elegancia \u00e1rabe. Este Eau de Parfum es una experiencia olfativa \u00fanica que combina notas amaderadas, dulces y especiadas con un toque fresco y frutal, ideal para quienes buscan un aroma distintivo y sofisticado.<\/p>\n<p>Lanzado en 2024, Al Dana es una celebraci\u00f3n de la riqueza de los c\u00edtricos y la profundidad de las maderas, creando una fragancia que se adapta perfectamente a cualquier ocasi\u00f3n. Su complejidad olfativa lo convierte en una opci\u00f3n perfecta para quienes desean dejar una impresi\u00f3n duradera y memorable.<img loading=\"lazy\" decoding=\"async\" class=\"alignleft\" src=\"https:\/\/www.cnobre-store.com\/cdn\/shop\/files\/9d8ada9-234429-screenshot_20250223_234016_chrome.jpg?v=1741200947&amp;width=1445\" width=\"632\" height=\"561\" \/><\/p>\n<p>Este perfume, de origen \u00e1rabe, es ideal para aquellos que valoran la autenticidad y la calidad en sus elecciones de fragancias. Al Dana no solo es un perfume, sino una declaraci\u00f3n de estilo que refleja la cultura y la tradici\u00f3n de la perfumer\u00eda \u00e1rabe, convirti\u00e9ndolo en un regalo perfecto para los amantes de las fragancias exclusivas.<\/p>\n<p>&nbsp;<\/p>\n<h3>Notas Olfativas<\/h3>\n<p>&nbsp;<\/p>\n<p><span dir=\"auto\">Descubra la esencia cautivadora de Niche Emarati Al Dana, una fragancia unisex que encanta los sentidos. Al Dana de Lattafa forma parte de la exclusiva Colecci\u00f3n Niche Emarati, que ofrece una combinaci\u00f3n \u00fanica de notas para una experiencia arom\u00e1tica distintiva y memorable. Enriquece tu colecci\u00f3n de fragancias con este exquisito perfume que deja una huella imborrable.\u00a0<\/span><\/p>\n<p>El perfume Lattafa Niche Emarati Al Dana es una fragancia de la familia olfativa\u00a0a<span dir=\"ltr\" lang=\"es-MX\">rom\u00e1tica frutal<\/span>\u00a0para hombres y mujeres.\u00a0Con una concentraci\u00f3n del tipo Eau de Parfum, ofrece una duradera y alta intensidad arom\u00e1tica en la piel. Sus notas est\u00e1n compuestas por los siguientes ingredientes.<\/p>\n<ul>\n<li><strong>Notas de salida:<\/strong> Bergamota, lim\u00f3n, pi\u00f1a, pimienta, lima.<\/li>\n<li><strong>Nota de coraz\u00f3n:<\/strong> Jazm\u00edn, lirio de los valles, ol\u00edbano.<\/li>\n<li><strong>Notas de fondo:<\/strong><strong>\u00a0<\/strong>Pachul\u00ed, \u00e1mbar, amaderado, ahumado, almizcle.<\/li>\n<\/ul>\n","protected":false},"excerpt":{"rendered":"<p>NICHE EMARATI AL DANA Lattafa presenta su exquisito perfume Al Dana, una joya de la l\u00ednea Niche Emarati que captura<\/p>\n","protected":false},"featured_media":89566,"comment_status":"open","ping_status":"closed","template":"","meta":{"nf_dc_page":""},"product_brand":[109],"product_cat":[84],"product_tag":[665],"class_list":{"0":"post-89565","1":"product","2":"type-product","3":"status-publish","4":"has-post-thumbnail","6":"product_brand-lattafa","7":"product_cat-perfumeria","8":"product_tag-665","10":"first","11":"outofstock","12":"sale","13":"shipping-taxable","14":"purchasable","15":"product-type-simple"},"_links":{"self":[{"href":"https:\/\/brandss.com.py\/index\/wp-json\/wp\/v2\/product\/89565","targetHints":{"allow":["GET"]}}],"collection":[{"href":"https:\/\/brandss.com.py\/index\/wp-json\/wp\/v2\/product"}],"about":[{"href":"https:\/\/brandss.com.py\/index\/wp-json\/wp\/v2\/types\/product"}],"replies":[{"embeddable":true,"href":"https:\/\/brandss.com.py\/index\/wp-json\/wp\/v2\/comments?post=89565"}],"version-history":[{"count":1,"href":"https:\/\/brandss.com.py\/index\/wp-json\/wp\/v2\/product\/89565\/revisions"}],"predecessor-version":[{"id":89574,"href":"https:\/\/brandss.com.py\/index\/wp-json\/wp\/v2\/product\/89565\/revisions\/89574"}],"wp:featuredmedia":[{"embeddable":true,"href":"https:\/\/brandss.com.py\/index\/wp-json\/wp\/v2\/media\/89566"}],"wp:attachment":[{"href":"https:\/\/brandss.com.py\/index\/wp-json\/wp\/v2\/media?parent=89565"}],"wp:term":[{"taxonomy":"product_brand","embeddable":true,"href":"https:\/\/brandss.com.py\/index\/wp-json\/wp\/v2\/product_brand?post=89565"},{"taxonomy":"product_cat","embeddable":true,"href":"https:\/\/brandss.com.py\/index\/wp-json\/wp\/v2\/product_cat?post=89565"},{"taxonomy":"product_tag","embeddable":true,"href":"https:\/\/brandss.com.py\/index\/wp-json\/wp\/v2\/product_tag?post=89565"}],"curies":[{"name":"wp","href":"https:\/\/api.w.org\/{rel}","templated":true}]}}