{"id":89693,"date":"2025-09-04T12:44:07","date_gmt":"2025-09-04T12:44:07","guid":{"rendered":"https:\/\/brandss.com.py\/index\/?post_type=product&#038;p=89693"},"modified":"2025-10-13T16:36:38","modified_gmt":"2025-10-13T16:36:38","slug":"perfume-masculino-armaf-odyssey-aoud-100ml-edp","status":"publish","type":"product","link":"https:\/\/brandss.com.py\/index\/producto\/perfume-masculino-armaf-odyssey-aoud-100ml-edp\/","title":{"rendered":"PERFUME MASCULINO ARMAF ODYSSEY AOUD EDP 100ML"},"content":{"rendered":"<p><img loading=\"lazy\" decoding=\"async\" class=\"\" src=\"https:\/\/vectorseek.com\/wp-content\/uploads\/2023\/12\/ARMAF-Logo-Vector.svg--300x300.png\" alt=\"ARMAF logo in PNG SVG Vector format - Free Download\" width=\"115\" height=\"115\" \/><\/p>\n<h1>ODYSSEY AOUD<\/h1>\n<p>Una fragancia dise\u00f1ada para despertar sus sentidos y su imaginaci\u00f3n. Con una sola pulverizaci\u00f3n, el mundo de los zocos de Oriente Medio se abre ante ti, con su intensa fragancia. Vers\u00e1til y atrevido, esta fragancia masculina se adapta a su estilo de vida. \u00bfUna reuni\u00f3n de negocios? \u00bfUna ocasi\u00f3n especial? Ser\u00e1 su aliado. Su estela delicada pero presente se convierte en su firma personal, un lenguaje sin palabras. Esta fragancia de Armaf es para los aventureros, los so\u00f1adores, los que no se conforman con lo ordinario. Cada pulverizaci\u00f3n es un acto de libertad, una declaraci\u00f3n de su personalidad \u00fanica.<\/p>\n<p>No te limites a oler bien. Cuenta una historia. Viva una experiencia. Convierte cada momento en una aventura con Odyssey Aoud.<\/p>\n<p><img decoding=\"async\" class=\"alignleft\" src=\"https:\/\/acdn-us.mitiendanube.com\/stores\/005\/164\/317\/products\/d_nq_np_854790-mla79492450629_092024-o-7429bc2b27281a409d17530463093230-1024-1024.webp\" \/><\/p>\n<h3>Notas Olfativas<\/h3>\n<p>&nbsp;<\/p>\n<p>Armaf ha desarrollado una fragancia que cuenta una historia a trav\u00e9s de cada inspiraci\u00f3n. Desde las primeras notas, esta fragancia explota con car\u00e1cter. Las notas de salida te atrapan al instante, despertando una curiosidad irresistible. La lavanda, el\u00a0nuez moscada\u00a0y el\u00a0azafr\u00e1n\u00a0se unen. Se trata, pues, de una combinaci\u00f3n que re\u00fane las\u00a0flor\u00a0y\u00a0especias. Cada bocanada se convierte en un susurro de misterios lejanos.<\/p>\n<p>En el coraz\u00f3n de esta fragancia se encuentran\u00a0notas de madera acompa\u00f1ado de\u00a0oud tomar el relevo. As\u00ed que no cabe duda del origen oriental de esta fragancia aberrante. El oud tambi\u00e9n est\u00e1 presente en\u00a0esta lujosa fragancia que trasciende los g\u00e9neros. Por \u00faltimo, el ambroxan, el\u00a0almizcle\u00a0y el\u00a0pachul\u00ed\u00a0ponen punto final a esta partitura rica y original.<\/p>\n<p><span dir=\"auto\">La fragancia se embarca en las notas arom\u00e1ticas de c\u00edtricos con un toque de lavanda que deja reposar su esencia en notas amaderadas y almizcladas.<\/span><\/p>\n<ul>\n<li><span dir=\"auto\"><strong>Notas de salida:<\/strong> azafr\u00e1n, nuez moscada, lavanda.<\/span><\/li>\n<li><span dir=\"auto\"><strong>Notas de coraz\u00f3n:<\/strong> Oud, notas amaderadas.<\/span><\/li>\n<li><span dir=\"auto\"><strong>Notas de fondo:<\/strong> pachul\u00ed, almizcle, ambroxan.<\/span><\/li>\n<\/ul>\n","protected":false},"excerpt":{"rendered":"<p>ODYSSEY AOUD Una fragancia dise\u00f1ada para despertar sus sentidos y su imaginaci\u00f3n. Con una sola pulverizaci\u00f3n, el mundo de los<\/p>\n","protected":false},"featured_media":89694,"comment_status":"open","ping_status":"closed","template":"","meta":{"nf_dc_page":""},"product_brand":[106],"product_cat":[84],"product_tag":[195],"class_list":{"0":"post-89693","1":"product","2":"type-product","3":"status-publish","4":"has-post-thumbnail","6":"product_brand-armaf","7":"product_cat-perfumeria","8":"product_tag-195","10":"first","11":"outofstock","12":"sale","13":"shipping-taxable","14":"purchasable","15":"product-type-simple"},"_links":{"self":[{"href":"https:\/\/brandss.com.py\/index\/wp-json\/wp\/v2\/product\/89693","targetHints":{"allow":["GET"]}}],"collection":[{"href":"https:\/\/brandss.com.py\/index\/wp-json\/wp\/v2\/product"}],"about":[{"href":"https:\/\/brandss.com.py\/index\/wp-json\/wp\/v2\/types\/product"}],"replies":[{"embeddable":true,"href":"https:\/\/brandss.com.py\/index\/wp-json\/wp\/v2\/comments?post=89693"}],"version-history":[{"count":3,"href":"https:\/\/brandss.com.py\/index\/wp-json\/wp\/v2\/product\/89693\/revisions"}],"predecessor-version":[{"id":89703,"href":"https:\/\/brandss.com.py\/index\/wp-json\/wp\/v2\/product\/89693\/revisions\/89703"}],"wp:featuredmedia":[{"embeddable":true,"href":"https:\/\/brandss.com.py\/index\/wp-json\/wp\/v2\/media\/89694"}],"wp:attachment":[{"href":"https:\/\/brandss.com.py\/index\/wp-json\/wp\/v2\/media?parent=89693"}],"wp:term":[{"taxonomy":"product_brand","embeddable":true,"href":"https:\/\/brandss.com.py\/index\/wp-json\/wp\/v2\/product_brand?post=89693"},{"taxonomy":"product_cat","embeddable":true,"href":"https:\/\/brandss.com.py\/index\/wp-json\/wp\/v2\/product_cat?post=89693"},{"taxonomy":"product_tag","embeddable":true,"href":"https:\/\/brandss.com.py\/index\/wp-json\/wp\/v2\/product_tag?post=89693"}],"curies":[{"name":"wp","href":"https:\/\/api.w.org\/{rel}","templated":true}]}}