{"id":89738,"date":"2025-09-04T17:21:58","date_gmt":"2025-09-04T17:21:58","guid":{"rendered":"https:\/\/brandss.com.py\/index\/?post_type=product&#038;p=89738"},"modified":"2025-10-13T16:36:00","modified_gmt":"2025-10-13T16:36:00","slug":"perfume-masculino-armaf-odyssey-wild-one-edp-100ml","status":"publish","type":"product","link":"https:\/\/brandss.com.py\/index\/producto\/perfume-masculino-armaf-odyssey-wild-one-edp-100ml\/","title":{"rendered":"PERFUME MASCULINO ARMAF ODYSSEY WILD ONE EDP 100ML"},"content":{"rendered":"<p><img loading=\"lazy\" decoding=\"async\" class=\"\" src=\"https:\/\/vectorseek.com\/wp-content\/uploads\/2023\/12\/ARMAF-Logo-Vector.svg--300x300.png\" alt=\"ARMAF logo in PNG SVG Vector format - Free Download\" width=\"100\" height=\"100\" \/><\/p>\n<h1>ODYSSEY WILD ONE<\/h1>\n<p><span dir=\"auto\">Es una <\/span><span dir=\"auto\">fragancia masculina<\/span><span dir=\"auto\">\u00a0audaz, amaderada y especiada,\u00a0creada para el caballero moderno y aventurero. Consigue un equilibrio perfecto entre frescura vigorizante, especias vibrantes y c\u00e1lida madera, lo que la hace vers\u00e1til tanto para el d\u00eda a d\u00eda como para ocasiones especiales. <\/span><\/p>\n<p><span dir=\"auto\">Odyssey Wild One Gold Edition ofrece un aura igualmente imponente a un precio m\u00e1s accesible, lo que lo convierte en una opci\u00f3n refinada pero audaz para los hombres que desean que su fragancia deje una impresi\u00f3n duradera.<\/span><\/p>\n<p><img decoding=\"async\" class=\"alignleft\" src=\"https:\/\/www.ventasrosario.com.ar\/wp-content\/uploads\/2025\/03\/D_NQ_NP_726592-MLA80815648448_122024-O.webp\" \/><\/p>\n<h3>Notas Olfativas<\/h3>\n<p>&nbsp;<\/p>\n<p><span dir=\"auto\">La fragancia\u00a0<\/span><span dir=\"auto\">se abre<\/span><span dir=\"auto\">\u00a0con una explosi\u00f3n vivaz y electrizante de\u00a0<\/span><span dir=\"auto\">pimienta<\/span><span dir=\"auto\">\u00a0,\u00a0<\/span><span dir=\"auto\">bergamota<\/span><span dir=\"auto\">\u00a0,\u00a0<\/span><span dir=\"auto\">lim\u00f3n<\/span><span dir=\"auto\">\u00a0y\u00a0<\/span><span dir=\"auto\">menta<\/span><span dir=\"auto\">\u00a0, ofreciendo una entrada fresca, c\u00edtrica y vigorizante que capta la atenci\u00f3n al instante. A medida que se desarrolla, la fragancia revela un\u00a0<\/span><span dir=\"auto\">coraz\u00f3n<\/span><span dir=\"auto\">\u00a0refinado de\u00a0<\/span><span dir=\"auto\">vetiver<\/span><span dir=\"auto\">\u00a0,\u00a0<\/span><span dir=\"auto\">lavanda<\/span><span dir=\"auto\">\u00a0,\u00a0<\/span><span dir=\"auto\">jengibre<\/span><span dir=\"auto\">\u00a0y\u00a0<\/span><span dir=\"auto\">pimienta rosa<\/span><span dir=\"auto\">\u00a0. Esta combinaci\u00f3n aporta calidez arom\u00e1tica, especias suaves y una sofisticada profundidad masculina.<\/span><\/p>\n<p><span dir=\"auto\">En el fondo, Odyssey Wild One Gold Edition se asienta sobre una rica\u00a0<\/span><span dir=\"auto\">base<\/span><span dir=\"auto\">\u00a0de\u00a0<\/span><span dir=\"auto\">vetiver<\/span><span dir=\"auto\">\u00a0,\u00a0<\/span><span dir=\"auto\">s\u00e1ndalo<\/span><span dir=\"auto\">\u00a0,\u00a0<\/span><span dir=\"auto\">pachul\u00ed<\/span><span dir=\"auto\">\u00a0,\u00a0<\/span><span dir=\"auto\">elem\u00ed<\/span><span dir=\"auto\">\u00a0,\u00a0<\/span><span dir=\"auto\">cedro<\/span><span dir=\"auto\">\u00a0y\u00a0<\/span><span dir=\"auto\">almizcle<\/span><span dir=\"auto\">\u00a0. Estas notas de fondo crean una sofisticaci\u00f3n terrosa y un encanto amaderado duradero que perdura en la piel. Desde la primera aplicaci\u00f3n hasta su persistente base, la composici\u00f3n pasa con fluidez de un frescor c\u00edtrico y un brillo picante a un coraz\u00f3n suave y arom\u00e1tico, para finalmente llegar a un final amaderado profundo y sensual.<\/span><\/p>\n<p>Odyssey Wild One Gold Edition es una fragancia de la familia olfativa Amaderada Especiada para Hombres. Esta fragrancia es nueva.\u00a0Odyssey Wild One Gold Edition\u00a0se lanz\u00f3 en 2023.<\/p>\n<p><strong>Notas de salida:<\/strong> pimienta, bergamota, lim\u00f3n (lima \u00e1cida) y menta.<\/p>\n<p><strong>Notas de coraz\u00f3n:<\/strong> vetiver, lavanda, jengibre y pimienta rosa.<\/p>\n<p><strong>Notas de fondo:<\/strong> vetiver, s\u00e1ndalo, pachul\u00ed, elem\u00ed, cedro y almizcle.<\/p>\n","protected":false},"excerpt":{"rendered":"<p>ODYSSEY WILD ONE Es una fragancia masculina\u00a0audaz, amaderada y especiada,\u00a0creada para el caballero moderno y aventurero. Consigue un equilibrio perfecto<\/p>\n","protected":false},"featured_media":89739,"comment_status":"open","ping_status":"closed","template":"","meta":{"nf_dc_page":""},"product_brand":[106],"product_cat":[84],"product_tag":[200],"class_list":{"0":"post-89738","1":"product","2":"type-product","3":"status-publish","4":"has-post-thumbnail","6":"product_brand-armaf","7":"product_cat-perfumeria","8":"product_tag-200","10":"first","11":"outofstock","12":"shipping-taxable","13":"purchasable","14":"product-type-simple"},"_links":{"self":[{"href":"https:\/\/brandss.com.py\/index\/wp-json\/wp\/v2\/product\/89738","targetHints":{"allow":["GET"]}}],"collection":[{"href":"https:\/\/brandss.com.py\/index\/wp-json\/wp\/v2\/product"}],"about":[{"href":"https:\/\/brandss.com.py\/index\/wp-json\/wp\/v2\/types\/product"}],"replies":[{"embeddable":true,"href":"https:\/\/brandss.com.py\/index\/wp-json\/wp\/v2\/comments?post=89738"}],"version-history":[{"count":1,"href":"https:\/\/brandss.com.py\/index\/wp-json\/wp\/v2\/product\/89738\/revisions"}],"predecessor-version":[{"id":89745,"href":"https:\/\/brandss.com.py\/index\/wp-json\/wp\/v2\/product\/89738\/revisions\/89745"}],"wp:featuredmedia":[{"embeddable":true,"href":"https:\/\/brandss.com.py\/index\/wp-json\/wp\/v2\/media\/89739"}],"wp:attachment":[{"href":"https:\/\/brandss.com.py\/index\/wp-json\/wp\/v2\/media?parent=89738"}],"wp:term":[{"taxonomy":"product_brand","embeddable":true,"href":"https:\/\/brandss.com.py\/index\/wp-json\/wp\/v2\/product_brand?post=89738"},{"taxonomy":"product_cat","embeddable":true,"href":"https:\/\/brandss.com.py\/index\/wp-json\/wp\/v2\/product_cat?post=89738"},{"taxonomy":"product_tag","embeddable":true,"href":"https:\/\/brandss.com.py\/index\/wp-json\/wp\/v2\/product_tag?post=89738"}],"curies":[{"name":"wp","href":"https:\/\/api.w.org\/{rel}","templated":true}]}}