{"id":89753,"date":"2025-09-04T18:56:16","date_gmt":"2025-09-04T18:56:16","guid":{"rendered":"https:\/\/brandss.com.py\/index\/?post_type=product&#038;p=89753"},"modified":"2025-09-26T14:39:25","modified_gmt":"2025-09-26T14:39:25","slug":"perfume-masculino-french-avenue-spectre-ghost-edp-80ml","status":"publish","type":"product","link":"https:\/\/brandss.com.py\/index\/producto\/perfume-masculino-french-avenue-spectre-ghost-edp-80ml\/","title":{"rendered":"PERFUME MASCULINO FRENCH AVENUE SPECTRE GHOST EDP 80ML"},"content":{"rendered":"<p><img loading=\"lazy\" decoding=\"async\" class=\"\" src=\"https:\/\/acdn-us.mitiendanube.com\/stores\/004\/407\/494\/products\/logo-french-avenue-9cf060d2d3a303a77f17393022358551-1024-1024.png\" alt=\"Liquid Brun 100ml - Fragancia Amaderada y Sofisticada\" width=\"166\" height=\"62\" \/><\/p>\n<h1>SPECTRE GHOST<\/h1>\n<p>Es la esencia del lujo moderno, una fragancia envolvente, dulce y especiada, su aroma cautiva desde la primera nota. Ideal para hombres que buscan dejar una huella con elegancia, seguridad y personalidad. Perfecto para noches especiales, climas fr\u00edos o cuando quieres ser el centro de atenci\u00f3n sin esfuerzo.<\/p>\n<p><img loading=\"lazy\" decoding=\"async\" class=\"alignleft\" src=\"https:\/\/cdnx.jumpseller.com\/perfumes1\/image\/61706920\/ghost.png?1742842447\" width=\"466\" height=\"466\" \/><\/p>\n<h3><\/h3>\n<h3>Notas Olfativas<\/h3>\n<p>&nbsp;<\/p>\n<p><span dir=\"ltr\" lang=\"es-MX\"><span dir=\"auto\">Desde la primera aplicaci\u00f3n, sentir\u00e1s una explosi\u00f3n de\u00a0bergamota picante y jengibre, que da paso a un coraz\u00f3n c\u00e1lido de\u00a0cardamomo, rosa y grosella negra, asent\u00e1ndose finalmente en una base de\u00a0vainilla, \u00e1mbar gris, almizcle y s\u00e1ndalo. <\/span><\/span><\/p>\n<p><span dir=\"ltr\" lang=\"es-MX\"><span dir=\"auto\">El resultado, una fragancia intensa, adictiva y absolutamente inolvidable. Spectre Ghost EDP<\/span><\/span><span dir=\"auto\">\u00a0es una fragancia de la familia amaderada y ambarada\u00a0para amantes<\/span><span dir=\"auto\">\u00a0que buscan una fragancia atrevida, moderna y elegante. <\/span><\/p>\n<p><span dir=\"auto\">Con una concentraci\u00f3n de\u00a0<\/span><span dir=\"ltr\" lang=\"es-MX\"><span dir=\"auto\">Eau de<\/span><\/span><span dir=\"auto\">\u00a0Parfum, ofrece una excelente duraci\u00f3n y proyecci\u00f3n sin ser invasiva. Sus notas se componen de los siguientes ingredientes:<\/span><\/p>\n<p>&nbsp;<\/p>\n<ul>\n<li><strong><span dir=\"auto\">Notas de salida:<\/span><\/strong><span dir=\"auto\">\u00a0Jengibre, bergamota,\u00a0<\/span><span dir=\"ltr\" lang=\"es-MX\"><span dir=\"auto\">pimienta rosa y c\u00edtricos\u00a0<\/span><\/span><span dir=\"auto\">verdes .<\/span><\/li>\n<li><strong><span dir=\"auto\">Notas de coraz\u00f3n:<\/span><\/strong><span dir=\"auto\">\u00a0grosella negra, cardamomo\u00a0<\/span><span dir=\"ltr\" lang=\"es-MX\"><span dir=\"auto\">y\u00a0<\/span><\/span><span dir=\"auto\">rosa turca<\/span><\/li>\n<li><strong><span dir=\"auto\">Notas de fondo:<\/span><\/strong><span dir=\"ltr\" lang=\"es-MX\"><strong>\u00a0<\/strong><span dir=\"auto\">vainilla, s\u00e1ndalo, benju\u00ed, cedro, pachul\u00ed, \u00e1mbar y almizcle.<\/span><\/span><\/li>\n<\/ul>\n","protected":false},"excerpt":{"rendered":"<p>SPECTRE GHOST Es la esencia del lujo moderno, una fragancia envolvente, dulce y especiada, su aroma cautiva desde la primera<\/p>\n","protected":false},"featured_media":89754,"comment_status":"open","ping_status":"closed","template":"","meta":{"nf_dc_page":""},"product_brand":[112],"product_cat":[84],"product_tag":[594],"class_list":{"0":"post-89753","1":"product","2":"type-product","3":"status-publish","4":"has-post-thumbnail","6":"product_brand-french-avenue","7":"product_cat-perfumeria","8":"product_tag-594","10":"first","11":"instock","12":"sale","13":"shipping-taxable","14":"purchasable","15":"product-type-simple"},"_links":{"self":[{"href":"https:\/\/brandss.com.py\/index\/wp-json\/wp\/v2\/product\/89753","targetHints":{"allow":["GET"]}}],"collection":[{"href":"https:\/\/brandss.com.py\/index\/wp-json\/wp\/v2\/product"}],"about":[{"href":"https:\/\/brandss.com.py\/index\/wp-json\/wp\/v2\/types\/product"}],"replies":[{"embeddable":true,"href":"https:\/\/brandss.com.py\/index\/wp-json\/wp\/v2\/comments?post=89753"}],"version-history":[{"count":3,"href":"https:\/\/brandss.com.py\/index\/wp-json\/wp\/v2\/product\/89753\/revisions"}],"predecessor-version":[{"id":89762,"href":"https:\/\/brandss.com.py\/index\/wp-json\/wp\/v2\/product\/89753\/revisions\/89762"}],"wp:featuredmedia":[{"embeddable":true,"href":"https:\/\/brandss.com.py\/index\/wp-json\/wp\/v2\/media\/89754"}],"wp:attachment":[{"href":"https:\/\/brandss.com.py\/index\/wp-json\/wp\/v2\/media?parent=89753"}],"wp:term":[{"taxonomy":"product_brand","embeddable":true,"href":"https:\/\/brandss.com.py\/index\/wp-json\/wp\/v2\/product_brand?post=89753"},{"taxonomy":"product_cat","embeddable":true,"href":"https:\/\/brandss.com.py\/index\/wp-json\/wp\/v2\/product_cat?post=89753"},{"taxonomy":"product_tag","embeddable":true,"href":"https:\/\/brandss.com.py\/index\/wp-json\/wp\/v2\/product_tag?post=89753"}],"curies":[{"name":"wp","href":"https:\/\/api.w.org\/{rel}","templated":true}]}}