{"id":89779,"date":"2025-09-05T11:34:32","date_gmt":"2025-09-05T11:34:32","guid":{"rendered":"https:\/\/brandss.com.py\/index\/?post_type=product&#038;p=89779"},"modified":"2025-12-04T17:38:24","modified_gmt":"2025-12-04T17:38:24","slug":"perfume-infantil-grandeur-elite-tubbees-strawberry-cheesecake-edp-50ml","status":"publish","type":"product","link":"https:\/\/brandss.com.py\/index\/producto\/perfume-infantil-grandeur-elite-tubbees-strawberry-cheesecake-edp-50ml\/","title":{"rendered":"PERFUME INFANTIL GRANDEUR \u00c9LITE TUBBEES STRAWBERRY CHEESECAKE EDP 50ML"},"content":{"rendered":"<p><img loading=\"lazy\" decoding=\"async\" class=\"\" src=\"https:\/\/arabicparfums.com\/cdn\/shop\/collections\/grandeur-Logo-Brand_webp_1200x637.png?v=1742068443\" alt=\"GRANDEUR ELITE \u2014 Arabic Parfums\" width=\"141\" height=\"75\" \/><\/p>\n<h1>TUBBEES STRAWBERRY CHEESECAKE<\/h1>\n<p>Sum\u00e9rgete en el delicioso mundo dulce de Tubbees Strawberry Cheesecake, una fragancia perfecta para ni\u00f1os y personas con un esp\u00edritu juguet\u00f3n. Este aroma gourmet captura la esencia de un postre exquisito, convirti\u00e9ndolo en una adici\u00f3n divertida y original a cualquier colecci\u00f3n de fragancias.<\/p>\n<p>El Pastel de Queso con Fresa de Tubbees es ideal para ni\u00f1os que disfrutan de aromas divertidos y dulces que les dan un toque m\u00e1gico a su d\u00eda. Es perfecto para jugar con amigos, fiestas o simplemente para alegrar la vida diaria.<\/p>\n<p><img loading=\"lazy\" decoding=\"async\" class=\"alignleft\" src=\"https:\/\/cdnx.jumpseller.com\/perfumes1\/image\/65244226\/resize\/1200\/1200?1752083774\" width=\"611\" height=\"611\" \/><\/p>\n<h3>Notas Olfativas<\/h3>\n<p>&nbsp;<\/p>\n<p><span dir=\"auto\">La fragancia se abre con el rico y delicioso aroma de tarta de queso y fresas, que evoca la emoci\u00f3n de disfrutar de un postre reci\u00e9n horneado. La vainilla en las notas de salida aporta una dulzura cremosa y reconfortante que te envuelve con su calidez familiar.<\/span><\/p>\n<p><span dir=\"auto\">En el coraz\u00f3n, la fragancia evoluciona para revelar una exquisita crema y s\u00e1ndalo, que aportan una profundidad suave y aterciopelada. La presencia de vainilla realza el encanto de postre, creando una fase media suave y acogedora, perfecta para los ni\u00f1os que adoran los aromas dulces y cremosos.<\/span><\/p>\n<p><span dir=\"auto\">La base es una mezcla duradera y acogedora de styrax y vainilla, que le da a la fragancia una dulzura sutil y resinosa que perdura en la piel. Las capas de vainilla presentes en toda la composici\u00f3n garantizan un aroma consistente, c\u00e1lido y delicioso, perfecto para los j\u00f3venes amantes de las fragancias.<\/span><\/p>\n<p>&nbsp;<\/p>\n<ul>\n<li><strong><span dir=\"auto\">Notas de salida:<\/span><\/strong><span dir=\"auto\"> \u00a0Fresa fresca, notas dulces.<\/span><\/li>\n<li><strong><span dir=\"auto\">Notas de coraz\u00f3n:<\/span><\/strong><span dir=\"auto\"> Crema batida, s\u00e1ndalo.<\/span><\/li>\n<li><strong><span dir=\"auto\">Notas de fondo:<\/span><\/strong><span dir=\"auto\"> vainilla, styrax.<\/span><\/li>\n<\/ul>\n","protected":false},"excerpt":{"rendered":"<p>TUBBEES STRAWBERRY CHEESECAKE Sum\u00e9rgete en el delicioso mundo dulce de Tubbees Strawberry Cheesecake, una fragancia perfecta para ni\u00f1os y personas<\/p>\n","protected":false},"featured_media":89780,"comment_status":"open","ping_status":"closed","template":"","meta":{"nf_dc_page":""},"product_brand":[113],"product_cat":[84],"product_tag":[602],"class_list":{"0":"post-89779","1":"product","2":"type-product","3":"status-publish","4":"has-post-thumbnail","6":"product_brand-grandeur","7":"product_cat-perfumeria","8":"product_tag-602","10":"first","11":"instock","12":"sale","13":"shipping-taxable","14":"purchasable","15":"product-type-simple"},"_links":{"self":[{"href":"https:\/\/brandss.com.py\/index\/wp-json\/wp\/v2\/product\/89779","targetHints":{"allow":["GET"]}}],"collection":[{"href":"https:\/\/brandss.com.py\/index\/wp-json\/wp\/v2\/product"}],"about":[{"href":"https:\/\/brandss.com.py\/index\/wp-json\/wp\/v2\/types\/product"}],"replies":[{"embeddable":true,"href":"https:\/\/brandss.com.py\/index\/wp-json\/wp\/v2\/comments?post=89779"}],"version-history":[{"count":1,"href":"https:\/\/brandss.com.py\/index\/wp-json\/wp\/v2\/product\/89779\/revisions"}],"predecessor-version":[{"id":89787,"href":"https:\/\/brandss.com.py\/index\/wp-json\/wp\/v2\/product\/89779\/revisions\/89787"}],"wp:featuredmedia":[{"embeddable":true,"href":"https:\/\/brandss.com.py\/index\/wp-json\/wp\/v2\/media\/89780"}],"wp:attachment":[{"href":"https:\/\/brandss.com.py\/index\/wp-json\/wp\/v2\/media?parent=89779"}],"wp:term":[{"taxonomy":"product_brand","embeddable":true,"href":"https:\/\/brandss.com.py\/index\/wp-json\/wp\/v2\/product_brand?post=89779"},{"taxonomy":"product_cat","embeddable":true,"href":"https:\/\/brandss.com.py\/index\/wp-json\/wp\/v2\/product_cat?post=89779"},{"taxonomy":"product_tag","embeddable":true,"href":"https:\/\/brandss.com.py\/index\/wp-json\/wp\/v2\/product_tag?post=89779"}],"curies":[{"name":"wp","href":"https:\/\/api.w.org\/{rel}","templated":true}]}}