{"id":89816,"date":"2025-09-05T18:11:45","date_gmt":"2025-09-05T18:11:45","guid":{"rendered":"https:\/\/brandss.com.py\/index\/?post_type=product&#038;p=89816"},"modified":"2025-11-26T17:08:30","modified_gmt":"2025-11-26T17:08:30","slug":"perfume-unisex-lattafa-dynasty-edp-100ml","status":"publish","type":"product","link":"https:\/\/brandss.com.py\/index\/producto\/perfume-unisex-lattafa-dynasty-edp-100ml\/","title":{"rendered":"PERFUME UNISEX LATTAFA DYNASTY EDP 100ML"},"content":{"rendered":"<p><img loading=\"lazy\" decoding=\"async\" class=\"\" src=\"https:\/\/myscentjourney.s3.us-east-2.amazonaws.com\/2022\/02\/14\/29KIascent_j_marca_1644871114_202.png\" alt=\"MSJ::LATTAFA\" width=\"100\" height=\"119\" \/><\/p>\n<h1>DYNASTY<\/h1>\n<p>Es una fragancia rica y lujosa dise\u00f1ada tanto para hombres como para mujeres que aprecian la elegancia y la sofisticaci\u00f3n. Esta vers\u00e1til fragancia combina notas frescas, florales y orientales para crear un aroma equilibrado y duradero, ideal para cualquier ocasi\u00f3n, desde el d\u00eda hasta la noche.<\/p>\n<p>El Eau De Parfum Dynasty es perfecto para quienes disfrutan de una fragancia refinada y vers\u00e1til que destaca sin dejar de ser accesible. Su cuidada composici\u00f3n garantiza que complemente cualquier estado de \u00e1nimo o ambiente, convirti\u00e9ndolo en un imprescindible para los amantes de las fragancias.<\/p>\n<p><img loading=\"lazy\" decoding=\"async\" class=\"alignleft\" src=\"https:\/\/cdn.wallapop.com\/images\/10420\/j9\/fv\/__\/c10420p1164714943\/i5873270754.jpg?pictureSize=W640\" width=\"525\" height=\"566\" \/><\/p>\n<h3>Notas Olfativas<\/h3>\n<p>&nbsp;<\/p>\n<p>La fragancia se abre con notas de salida brillantes y refrescantes, que ofrecen un comienzo vigorizante y estimulante. Su coraz\u00f3n se compone de delicadas notas florales y c\u00e1lidas especias, que aportan profundidad y un encanto sofisticado al aroma. La base combina maderas suaves, almizcle y \u00e1mbar, dejando una sensaci\u00f3n suave y duradera que cautiva los sentidos.<\/p>\n<p>El perfume Dynasty es una fragancia de la familia olfativa <span dir=\"ltr\" lang=\"es-MX\">amaderada especiada\u00a0<\/span>para mujeres y hombres.\u00a0Con una concentraci\u00f3n del tipo Eau de Parfum, ofrece una duradera y alta intensidad arom\u00e1tica en la piel. Sus notas est\u00e1n compuestas por los siguientes ingredientes.<\/p>\n<ul>\n<li><span><span dir=\"ltr\" lang=\"pt-BR\"><strong>Notas de salida:<\/strong><\/span><span dir=\"ltr\" lang=\"pt-BR\"><strong>\u00a0<\/strong>Bergamota, jengibre, salvia esclarea, nuez moscada, frambuesa.\n<p><\/span><\/span><\/li>\n<li><strong>Notas de coraz\u00f3n:<\/strong> T\u00e9 rooibos, gamuza.<\/li>\n<li><span dir=\"ltr\" lang=\"es-MX\"><strong>Notas de fondo:<\/strong><\/span><span dir=\"ltr\" lang=\"es-MX\"><strong>\u00a0<\/strong>Amberwood, cedro, cachemira.<\/span><\/li>\n<\/ul>\n","protected":false},"excerpt":{"rendered":"<p>DYNASTY Es una fragancia rica y lujosa dise\u00f1ada tanto para hombres como para mujeres que aprecian la elegancia y la<\/p>\n","protected":false},"featured_media":89817,"comment_status":"open","ping_status":"closed","template":"","meta":{"nf_dc_page":""},"product_brand":[109],"product_cat":[84],"product_tag":[631],"class_list":{"0":"post-89816","1":"product","2":"type-product","3":"status-publish","4":"has-post-thumbnail","6":"product_brand-lattafa","7":"product_cat-perfumeria","8":"product_tag-631","10":"first","11":"instock","12":"sale","13":"shipping-taxable","14":"purchasable","15":"product-type-simple"},"_links":{"self":[{"href":"https:\/\/brandss.com.py\/index\/wp-json\/wp\/v2\/product\/89816","targetHints":{"allow":["GET"]}}],"collection":[{"href":"https:\/\/brandss.com.py\/index\/wp-json\/wp\/v2\/product"}],"about":[{"href":"https:\/\/brandss.com.py\/index\/wp-json\/wp\/v2\/types\/product"}],"replies":[{"embeddable":true,"href":"https:\/\/brandss.com.py\/index\/wp-json\/wp\/v2\/comments?post=89816"}],"version-history":[{"count":1,"href":"https:\/\/brandss.com.py\/index\/wp-json\/wp\/v2\/product\/89816\/revisions"}],"predecessor-version":[{"id":89821,"href":"https:\/\/brandss.com.py\/index\/wp-json\/wp\/v2\/product\/89816\/revisions\/89821"}],"wp:featuredmedia":[{"embeddable":true,"href":"https:\/\/brandss.com.py\/index\/wp-json\/wp\/v2\/media\/89817"}],"wp:attachment":[{"href":"https:\/\/brandss.com.py\/index\/wp-json\/wp\/v2\/media?parent=89816"}],"wp:term":[{"taxonomy":"product_brand","embeddable":true,"href":"https:\/\/brandss.com.py\/index\/wp-json\/wp\/v2\/product_brand?post=89816"},{"taxonomy":"product_cat","embeddable":true,"href":"https:\/\/brandss.com.py\/index\/wp-json\/wp\/v2\/product_cat?post=89816"},{"taxonomy":"product_tag","embeddable":true,"href":"https:\/\/brandss.com.py\/index\/wp-json\/wp\/v2\/product_tag?post=89816"}],"curies":[{"name":"wp","href":"https:\/\/api.w.org\/{rel}","templated":true}]}}