{"id":89855,"date":"2025-09-06T12:54:39","date_gmt":"2025-09-06T12:54:39","guid":{"rendered":"https:\/\/brandss.com.py\/index\/?post_type=product&#038;p=89855"},"modified":"2026-04-18T14:31:17","modified_gmt":"2026-04-18T14:31:17","slug":"perfume-unisex-lattafa-opulent-dubai-edp-100ml","status":"publish","type":"product","link":"https:\/\/brandss.com.py\/index\/producto\/perfume-unisex-lattafa-opulent-dubai-edp-100ml\/","title":{"rendered":"PERFUME UNISEX LATTAFA OPULENT DUBAI EDP 100ML"},"content":{"rendered":"<p><img loading=\"lazy\" decoding=\"async\" class=\"\" src=\"https:\/\/myscentjourney.s3.us-east-2.amazonaws.com\/2022\/02\/14\/29KIascent_j_marca_1644871114_202.png\" alt=\"MSJ::LATTAFA\" width=\"83\" height=\"99\" \/><\/p>\n<h1>OPULENT DUBAI<\/h1>\n<p><span dir=\"auto\">Sum\u00e9rgete en el epicentro de la belleza moderna con\u00a0<\/span><span dir=\"auto\">el Perfume Opulent Dub\u00e1i, e<\/span><span dir=\"auto\">s una fragancia unisex tan din\u00e1mica como la ciudad que le da nombre. Este eau de parfum \u00e1rabe combina la luminosidad frutal, la seducci\u00f3n floral y una base rica y terrosa para crear una fragancia fresca y potente.<\/span><\/p>\n<p><img decoding=\"async\" class=\"alignleft\" src=\"https:\/\/d1a9qnv764bsoo.cloudfront.net\/stores\/005\/164\/317\/rte\/Captura%20de%20pantalla%202025-06-28%20173240.png\" \/><\/p>\n<h3>Notas Olfativas<\/h3>\n<p>&nbsp;<\/p>\n<p><span dir=\"auto\">El viaje comienza con una vibrante explosi\u00f3n de notas jugosas, radiantes y en\u00e9rgicas de lim\u00f3n, jengibre, pomelo y mango. Al asentarse, emergen suaves notas de violeta y jazm\u00edn, envueltas en un toque de madera de cedro que aporta equilibrio a la esencia de la fragancia, creando un coraz\u00f3n en perfecto equilibrio.<\/span><\/p>\n<p><span dir=\"auto\">En la base, el aroma se profundiza en una mezcla c\u00e1lida y sensual de \u00e1mbar gris, musgo de roble, notas amaderadas y benju\u00ed, dejando una marca lujosa y duradera que perdura maravillosamente.<\/span><\/p>\n<p>El perfume Opulent Dubai es una fragancia de la familia olfativa oriental floral para hombres y mujeres. Con una concentraci\u00f3n del tipo Eau de Parfum, ofrece una duradera y alta intensidad arom\u00e1tica en la piel.<\/p>\n<ul>\n<li><strong>Notas de salida:<\/strong> Mango, toronja (pomelo), lim\u00f3n (lima \u00e1cida) y jengibre.<\/li>\n<li><strong>Notas de coraz\u00f3n:<\/strong> Jazm\u00edn, cedro y violeta.<\/li>\n<li><strong>Notas de fondo:<\/strong> Notas amaderadas, benju\u00ed, \u00e1mbar gris y musgo de roble.<\/li>\n<\/ul>\n","protected":false},"excerpt":{"rendered":"<p>OPULENT DUBAI Sum\u00e9rgete en el epicentro de la belleza moderna con\u00a0el Perfume Opulent Dub\u00e1i, es una fragancia unisex tan din\u00e1mica<\/p>\n","protected":false},"featured_media":89857,"comment_status":"open","ping_status":"closed","template":"","meta":{"nf_dc_page":""},"product_brand":[109],"product_cat":[84],"product_tag":[668],"class_list":{"0":"post-89855","1":"product","2":"type-product","3":"status-publish","4":"has-post-thumbnail","6":"product_brand-lattafa","7":"product_cat-perfumeria","8":"product_tag-668","10":"first","11":"instock","12":"shipping-taxable","13":"purchasable","14":"product-type-simple"},"_links":{"self":[{"href":"https:\/\/brandss.com.py\/index\/wp-json\/wp\/v2\/product\/89855","targetHints":{"allow":["GET"]}}],"collection":[{"href":"https:\/\/brandss.com.py\/index\/wp-json\/wp\/v2\/product"}],"about":[{"href":"https:\/\/brandss.com.py\/index\/wp-json\/wp\/v2\/types\/product"}],"replies":[{"embeddable":true,"href":"https:\/\/brandss.com.py\/index\/wp-json\/wp\/v2\/comments?post=89855"}],"version-history":[{"count":1,"href":"https:\/\/brandss.com.py\/index\/wp-json\/wp\/v2\/product\/89855\/revisions"}],"predecessor-version":[{"id":89864,"href":"https:\/\/brandss.com.py\/index\/wp-json\/wp\/v2\/product\/89855\/revisions\/89864"}],"wp:featuredmedia":[{"embeddable":true,"href":"https:\/\/brandss.com.py\/index\/wp-json\/wp\/v2\/media\/89857"}],"wp:attachment":[{"href":"https:\/\/brandss.com.py\/index\/wp-json\/wp\/v2\/media?parent=89855"}],"wp:term":[{"taxonomy":"product_brand","embeddable":true,"href":"https:\/\/brandss.com.py\/index\/wp-json\/wp\/v2\/product_brand?post=89855"},{"taxonomy":"product_cat","embeddable":true,"href":"https:\/\/brandss.com.py\/index\/wp-json\/wp\/v2\/product_cat?post=89855"},{"taxonomy":"product_tag","embeddable":true,"href":"https:\/\/brandss.com.py\/index\/wp-json\/wp\/v2\/product_tag?post=89855"}],"curies":[{"name":"wp","href":"https:\/\/api.w.org\/{rel}","templated":true}]}}