{"id":89958,"date":"2025-09-08T14:08:15","date_gmt":"2025-09-08T14:08:15","guid":{"rendered":"https:\/\/brandss.com.py\/index\/?post_type=product&#038;p=89958"},"modified":"2025-09-08T14:17:45","modified_gmt":"2025-09-08T14:17:45","slug":"perfume-unisex-kirke-onlyou-collection-edt-30ml","status":"publish","type":"product","link":"https:\/\/brandss.com.py\/index\/producto\/perfume-unisex-kirke-onlyou-collection-edt-30ml\/","title":{"rendered":"PERFUME UNISEX KIRK\u00c9 MYSTICAL EDT 30ML"},"content":{"rendered":"<div class=\"product-tabs tabs\">\n<div id=\"tab-content\" class=\"tab-content\">\n<div id=\"description\" class=\"tab-pane fade in active\" role=\"tabpanel\">\n<div class=\"product-description\">\n<h1>MYSTICAL<\/h1>\n<p>INSPIRACI\u00d3N KIRKE DE TIZIANA TERENZI<\/p>\n<p>Kirke de Tiziana Terenzi es mucho m\u00e1s que una simple fragancia; es una obra maestra sensorial que combina la frescura de las frutas, la delicadeza de las flores y la calidez de las notas amaderadas y almizcladas. Con su irresistible encanto y su excepcional calidad, esta creaci\u00f3n perfum\u00edstica contin\u00faa deleitando a los amantes de la perfumer\u00eda en todo el mundo, dejando una impresi\u00f3n perdurable en quienes tienen el privilegio de experimentarla.<\/p>\n<\/div>\n<\/div>\n<\/div>\n<\/div>\n<p>Kirke\u00a0es una fragancia de la familia olfativa Chipre Frutal para Hombres y Mujeres.<\/p>\n<p><strong>Notas de Salida<\/strong> son maracuy\u00e1 (fruta de la pasi\u00f3n), durazno (melocot\u00f3n), pera, frambuesa, casis (grosellero negro) y arena<\/p>\n<p><strong>Nota de Coraz\u00f3n<\/strong> es lirio de los valles (muguete)<\/p>\n<p><strong>Notas de Fondo<\/strong> son almizcle, vainilla, s\u00e1ndalo, pachul\u00ed y heliotropo.<\/p>\n","protected":false},"excerpt":{"rendered":"<p>MYSTICAL INSPIRACI\u00d3N KIRKE DE TIZIANA TERENZI Kirke de Tiziana Terenzi es mucho m\u00e1s que una simple fragancia; es una obra<\/p>\n","protected":false},"featured_media":89960,"comment_status":"open","ping_status":"closed","template":"","meta":{"nf_dc_page":""},"product_brand":[],"product_cat":[84],"product_tag":[],"class_list":{"0":"post-89958","1":"product","2":"type-product","3":"status-publish","4":"has-post-thumbnail","6":"product_cat-perfumeria","8":"first","9":"instock","10":"shipping-taxable","11":"purchasable","12":"product-type-simple"},"_links":{"self":[{"href":"https:\/\/brandss.com.py\/index\/wp-json\/wp\/v2\/product\/89958","targetHints":{"allow":["GET"]}}],"collection":[{"href":"https:\/\/brandss.com.py\/index\/wp-json\/wp\/v2\/product"}],"about":[{"href":"https:\/\/brandss.com.py\/index\/wp-json\/wp\/v2\/types\/product"}],"replies":[{"embeddable":true,"href":"https:\/\/brandss.com.py\/index\/wp-json\/wp\/v2\/comments?post=89958"}],"version-history":[{"count":3,"href":"https:\/\/brandss.com.py\/index\/wp-json\/wp\/v2\/product\/89958\/revisions"}],"predecessor-version":[{"id":89969,"href":"https:\/\/brandss.com.py\/index\/wp-json\/wp\/v2\/product\/89958\/revisions\/89969"}],"wp:featuredmedia":[{"embeddable":true,"href":"https:\/\/brandss.com.py\/index\/wp-json\/wp\/v2\/media\/89960"}],"wp:attachment":[{"href":"https:\/\/brandss.com.py\/index\/wp-json\/wp\/v2\/media?parent=89958"}],"wp:term":[{"taxonomy":"product_brand","embeddable":true,"href":"https:\/\/brandss.com.py\/index\/wp-json\/wp\/v2\/product_brand?post=89958"},{"taxonomy":"product_cat","embeddable":true,"href":"https:\/\/brandss.com.py\/index\/wp-json\/wp\/v2\/product_cat?post=89958"},{"taxonomy":"product_tag","embeddable":true,"href":"https:\/\/brandss.com.py\/index\/wp-json\/wp\/v2\/product_tag?post=89958"}],"curies":[{"name":"wp","href":"https:\/\/api.w.org\/{rel}","templated":true}]}}