{"id":90031,"date":"2025-09-08T19:20:04","date_gmt":"2025-09-08T19:20:04","guid":{"rendered":"https:\/\/brandss.com.py\/index\/?post_type=product&#038;p=90031"},"modified":"2025-09-08T19:20:49","modified_gmt":"2025-09-08T19:20:49","slug":"acondicionador-capilar-cosmo-avocado-calmante-1000ml","status":"publish","type":"product","link":"https:\/\/brandss.com.py\/index\/producto\/acondicionador-capilar-cosmo-avocado-calmante-1000ml\/","title":{"rendered":"ACONDICIONADOR CAPILAR COSMO AVOCADO CALMANTE 1000ML"},"content":{"rendered":"<p><img loading=\"lazy\" decoding=\"async\" class=\"\" src=\"https:\/\/cosmocosmetics.ae\/cdn\/shop\/files\/logo-cosmo-regeister.png?v=1729761767&amp;width=340\" width=\"184\" height=\"39\" \/><\/p>\n<h1>AVOCADO CALMANTE<\/h1>\n<p><span dir=\"auto\">Disfruta de un cuidado capilar de calidad profesional en casa con el Acondicionador Calmante de Aguacate COSMO.\u00a0<\/span><br \/>\n<span dir=\"auto\">Esta lujosa f\u00f3rmula est\u00e1 enriquecida con aceite de aguacate rico en nutrientes, conocido por sus propiedades hidratantes y nutritivas, que dejan tu cabello suave, brillante y sedoso. Enriquecido con extractos naturales como manzanilla y lavanda, calma el cuero cabelludo, lo que lo hace perfecto para uso diario. El acondicionador fortalece las fibras capilares, refuerza la queratina natural y protege tu cabello del da\u00f1o, todo ello sin sulfatos ni parabenos da\u00f1inos. Ideal para quienes buscan revitalizar el cabello seco y da\u00f1ado y mantener un brillo saludable y radiante.<\/span><\/p>\n<div class=\"experience-component experience-dynamic-productLongDescription\">\n<div id=\"longDescription\" class=\"container product-long-description\">\n<div class=\"row\">\n<div class=\"col-12 col-md-8 description-text\">\n<div class=\"metafield-rich_text_field\">\n<h4><span dir=\"auto\">CARACTER\u00cdSTICAS<\/span><\/h4>\n<ul>\n<li><span dir=\"auto\">Hidrataci\u00f3n profunda: el aceite de aguacate penetra profundamente, brindando hidrataci\u00f3n intensa y nutrici\u00f3n a cada hebra.<\/span><\/li>\n<li><span dir=\"auto\">Calmante del cuero cabelludo: Los extractos de manzanilla y lavanda trabajan juntos para calmar y proteger el cuero cabelludo, reduciendo la irritaci\u00f3n.<\/span><\/li>\n<li><span dir=\"auto\">Protecci\u00f3n contra da\u00f1os: refuerza la queratina natural del cabello, mejorando su resistencia contra la rotura.<\/span><\/li>\n<li><span dir=\"auto\">F\u00f3rmula suave: libre de sulfatos y parabenos, lo que lo hace seguro para el cabello te\u00f1ido y adecuado para el uso diario.<\/span><\/li>\n<li><span dir=\"auto\">Brillo mejorado: deja el cabello brillante y vibrante, con textura y suavidad mejoradas.<\/span><\/li>\n<li><span dir=\"auto\">Sin residuos: la aplicaci\u00f3n suave y el enjuague f\u00e1cil garantizan que no haya acumulaci\u00f3n, manteniendo el cabello liviano y manejable.<\/span><br \/>\n<img decoding=\"async\" class=\"alignleft\" src=\"https:\/\/cosmocosmetics.ae\/cdn\/shop\/files\/New_Project_25_64x64.png?v=1723527115\" \/>&nbsp;<\/p>\n<p><img decoding=\"async\" class=\"alignleft\" src=\"https:\/\/cosmocosmetics.ae\/cdn\/shop\/files\/New_Project_23_64x64.png?v=1723528105\" \/>&nbsp;<\/p>\n<p><img decoding=\"async\" src=\"https:\/\/cosmocosmetics.ae\/cdn\/shop\/files\/New_Project_24_64x64.png?v=1723528130\" \/>&nbsp;<\/li>\n<\/ul>\n<\/div>\n<\/div>\n<div class=\"col-12 col-md-4 description-icon\">\n<div class=\"content-asset\"><\/div>\n<\/div>\n<\/div>\n<\/div>\n<\/div>\n<div class=\"experience-component experience-dynamic-productRoutineCustom\">\n<div id=\"productRoutine\" class=\"container-fluid product-routine-custom\">\n<div class=\"row custom\">\n<div class=\"col-12 carousel-heading mb-1\">\n<h2 class=\"carousel-title brand-primary\"><span dir=\"auto\">MODO DE EMPLEO<\/span><\/h2>\n<\/div>\n<\/div>\n<div class=\"row routine-wrapper\">\n<div class=\"col-12 product-routine-custom-line\">\n<div class=\"content-asset\">\n<div class=\"routine-item\">\n<div class=\"routine-image\"><img loading=\"lazy\" decoding=\"async\" class=\"w-100 alignleft\" src=\"https:\/\/cosmocosmetics.ae\/cdn\/shop\/files\/New_Project.png?v=1723805307\" alt=\"\" width=\"160\" height=\"160\" \/><\/p>\n<div class=\"routine-middle col-md-12\">\n<p>&nbsp;<\/p>\n<p class=\"routine-step\"><span dir=\"auto\">PASO 1: Aplicar acondicionador<\/span><\/p>\n<div class=\"routine-copy\"><span dir=\"auto\">Aplique una cantidad generosa de acondicionador sobre el cabello mojado.<\/span><\/div>\n<\/div>\n<\/div>\n<\/div>\n<\/div>\n<\/div>\n<div class=\"col-12 product-routine-custom-line\">\n<div class=\"content-asset\">\n<div class=\"routine-item\">\n<div class=\"routine-image\"><img loading=\"lazy\" decoding=\"async\" class=\"w-100 alignleft\" src=\"https:\/\/cosmocosmetics.ae\/cdn\/shop\/files\/New_Project_1.png?v=1723805378\" alt=\"\" width=\"160\" height=\"160\" \/><\/p>\n<div class=\"routine-middle col-md-12\">\n<p>&nbsp;<\/p>\n<p class=\"routine-step\"><span dir=\"auto\">PASO 2: Masajear y trabajar<\/span><\/p>\n<div class=\"routine-copy\"><span dir=\"auto\">Masajee suavemente el cuero cabelludo y las ra\u00edces con las yemas de los dedos para que el acondicionador penetre.<\/span><\/div>\n<\/div>\n<\/div>\n<\/div>\n<\/div>\n<\/div>\n<div class=\"col-12 product-routine-custom-line\">\n<div class=\"content-asset\">\n<div class=\"routine-item\">\n<div class=\"routine-image\"><img loading=\"lazy\" decoding=\"async\" class=\"w-100 alignleft\" src=\"https:\/\/cosmocosmetics.ae\/cdn\/shop\/files\/New_Project_3.png?v=1723805466\" alt=\"\" width=\"160\" height=\"160\" \/><\/p>\n<div class=\"routine-middle col-md-12\">\n<p>&nbsp;<\/p>\n<p class=\"routine-step\"><span dir=\"auto\">PASO 3: Enjuague<\/span><\/p>\n<div class=\"routine-copy\"><span dir=\"auto\">Exprime ligeramente el acondicionador desde la ra\u00edz hasta las puntas y enjuaga bien.<\/span><\/div>\n<\/div>\n<div><\/div>\n<\/div>\n<\/div>\n<\/div>\n<\/div>\n<\/div>\n<\/div>\n<\/div>\n<div class=\"experience-component experience-dynamic-productIngredients\">\n<div id=\"productIngredients\" class=\"container product-ingredients mt-3\">\n<div class=\"row\">\n<div class=\"col-12 col-md-7 mt-3 mt-md-0 ingredients-copy\">\n<div class=\"content-asset\">\n<h2><\/h2>\n<h4><span dir=\"auto\">TODOS LOS INGREDIENTES<\/span><\/h4>\n<p><span dir=\"auto\">Al igual que otros aceites naturales, el aceite de aguacate contiene grasas saludables que ayudan a nutrir el cabello. Los productos Hair Food con aceites como el de arg\u00e1n y el de aguacate est\u00e1n elaborados para restaurar el cabello con grasas saludables e hidrataci\u00f3n, dej\u00e1ndolo flexib<\/span><img loading=\"lazy\" decoding=\"async\" class=\"w-100 alignleft\" src=\"https:\/\/cosmocosmetics.ae\/cdn\/shop\/files\/avocado.webp?v=1723802933\" width=\"180\" height=\"118\" \/>le, saludable y resistente al da\u00f1o. Dejan el cabello suave, brillante y resistente al da\u00f1o.<\/p>\n<p>Aviso legal: Tenga en cuenta que las listas de ingredientes pueden cambiar o variar ocasionalmente. Consulte la lista de ingredientes en el envase del producto para obtener la lista m\u00e1s actualizada.<\/p>\n<\/div>\n<\/div>\n<\/div>\n<\/div>\n<\/div>\n","protected":false},"excerpt":{"rendered":"<p>AVOCADO CALMANTE Disfruta de un cuidado capilar de calidad profesional en casa con el Acondicionador Calmante de Aguacate COSMO.\u00a0 Esta<\/p>\n","protected":false},"featured_media":90032,"comment_status":"open","ping_status":"closed","template":"","meta":{"nf_dc_page":""},"product_brand":[103],"product_cat":[85],"product_tag":[],"class_list":{"0":"post-90031","1":"product","2":"type-product","3":"status-publish","4":"has-post-thumbnail","6":"product_brand-cosmo","7":"product_cat-cosmeticos","9":"first","10":"instock","11":"shipping-taxable","12":"purchasable","13":"product-type-simple"},"_links":{"self":[{"href":"https:\/\/brandss.com.py\/index\/wp-json\/wp\/v2\/product\/90031","targetHints":{"allow":["GET"]}}],"collection":[{"href":"https:\/\/brandss.com.py\/index\/wp-json\/wp\/v2\/product"}],"about":[{"href":"https:\/\/brandss.com.py\/index\/wp-json\/wp\/v2\/types\/product"}],"replies":[{"embeddable":true,"href":"https:\/\/brandss.com.py\/index\/wp-json\/wp\/v2\/comments?post=90031"}],"version-history":[{"count":1,"href":"https:\/\/brandss.com.py\/index\/wp-json\/wp\/v2\/product\/90031\/revisions"}],"predecessor-version":[{"id":90034,"href":"https:\/\/brandss.com.py\/index\/wp-json\/wp\/v2\/product\/90031\/revisions\/90034"}],"wp:featuredmedia":[{"embeddable":true,"href":"https:\/\/brandss.com.py\/index\/wp-json\/wp\/v2\/media\/90032"}],"wp:attachment":[{"href":"https:\/\/brandss.com.py\/index\/wp-json\/wp\/v2\/media?parent=90031"}],"wp:term":[{"taxonomy":"product_brand","embeddable":true,"href":"https:\/\/brandss.com.py\/index\/wp-json\/wp\/v2\/product_brand?post=90031"},{"taxonomy":"product_cat","embeddable":true,"href":"https:\/\/brandss.com.py\/index\/wp-json\/wp\/v2\/product_cat?post=90031"},{"taxonomy":"product_tag","embeddable":true,"href":"https:\/\/brandss.com.py\/index\/wp-json\/wp\/v2\/product_tag?post=90031"}],"curies":[{"name":"wp","href":"https:\/\/api.w.org\/{rel}","templated":true}]}}