{"id":90036,"date":"2025-09-09T10:56:55","date_gmt":"2025-09-09T10:56:55","guid":{"rendered":"https:\/\/brandss.com.py\/index\/?post_type=product&#038;p=90036"},"modified":"2025-09-09T10:58:09","modified_gmt":"2025-09-09T10:58:09","slug":"acondicionador-capilar-cosmo-tea-tree-oil-anti-caspa-1000ml","status":"publish","type":"product","link":"https:\/\/brandss.com.py\/index\/producto\/acondicionador-capilar-cosmo-tea-tree-oil-anti-caspa-1000ml\/","title":{"rendered":"ACONDICIONADOR CAPILAR COSMO TEA TREE OIL ANTI-CASPA 1000ML"},"content":{"rendered":"<p><img loading=\"lazy\" decoding=\"async\" class=\"\" src=\"https:\/\/cosmocosmetics.ae\/cdn\/shop\/files\/logo-cosmo-regeister.png?v=1729761767&amp;width=340\" width=\"156\" height=\"33\" \/><\/p>\n<h1>TEA TREE OIL ANTI-CASPA<\/h1>\n<p><span dir=\"auto\">El Acondicionador Anticaspa con Aceite de \u00c1rbol de T\u00e9 COSMO es la soluci\u00f3n definitiva para el cabello con tendencia a la caspa.\u00a0<\/span><br \/>\n<span dir=\"auto\">Enriquecido con el poder purificante del aceite de \u00e1rbol de t\u00e9, este acondicionador limpia profundamente y suaviza el cuero cabelludo, eliminando eficazmente la caspa y la descamaci\u00f3n. Enriquecido con ingredientes naturales como menta y aceite de lavanda, proporciona una experiencia refrescante y revitalizante, dejando el cabello suave, sedoso y saludable. Su f\u00f3rmula no contiene parabenos ni sulfatos, lo que lo hace seguro para cabello te\u00f1ido e ideal para uso diario. Luce un cabello sin caspa, nutrido y vibrante con nuestro lujoso acondicionador, que complementa a la perfecci\u00f3n tu rutina de cuidado capilar.<\/span><\/p>\n<div class=\"experience-component experience-dynamic-productLongDescription\">\n<div id=\"longDescription\" class=\"container product-long-description\">\n<div class=\"row\">\n<div class=\"col-12 col-md-8 description-text\">\n<div class=\"metafield-rich_text_field\">\n<h4><span dir=\"auto\">CARACTER\u00cdSTICAS<\/span><\/h4>\n<p>&nbsp;<\/p>\n<ul>\n<li><span dir=\"auto\">Control de la caspa: el aceite de \u00e1rbol de t\u00e9 ataca y elimina la caspa, dejando el cuero cabelludo limpio y fresco.<\/span><\/li>\n<li><span dir=\"auto\">Calmante del cuero cabelludo: Los aceites de menta y lavanda proporcionan un efecto calmante y refrescante que alivia la irritaci\u00f3n y promueve un cuero cabelludo saludable.<\/span><\/li>\n<li><span dir=\"auto\">Limpieza suave: la abundante espuma limpia sin resecar, garantizando que el cabello y el cuero cabelludo queden limpios pero nutridos.<\/span><\/li>\n<li><span dir=\"auto\">Fortalece el cabello: ayuda a reducir la ca\u00edda del cabello reforzando la fuerza del cabello y promoviendo un crecimiento m\u00e1s saludable.<\/span><\/li>\n<li><span dir=\"auto\">Sin residuos: la aplicaci\u00f3n suave garantiza que no queden residuos, dejando el cabello liviano, suave y manejable.<\/span><\/li>\n<li><span dir=\"auto\">Cuidado diario: Libre de qu\u00edmicos agresivos como parabenos y sulfatos, lo que lo hace lo suficientemente suave para el uso diario en cabello te\u00f1ido.<\/span>\n<p><img decoding=\"async\" class=\"alignleft\" src=\"https:\/\/cosmocosmetics.ae\/cdn\/shop\/files\/New_Project_25_64x64.png?v=1723527115\" \/>&nbsp;<\/p>\n<p><img decoding=\"async\" class=\"alignleft\" src=\"https:\/\/cosmocosmetics.ae\/cdn\/shop\/files\/New_Project_23_64x64.png?v=1723528105\" \/>&nbsp;<\/p>\n<p><img decoding=\"async\" src=\"https:\/\/cosmocosmetics.ae\/cdn\/shop\/files\/New_Project_24_64x64.png?v=1723528130\" \/>&nbsp;<\/li>\n<\/ul>\n<\/div>\n<\/div>\n<div class=\"col-12 col-md-4 description-icon\">\n<div class=\"content-asset\"><\/div>\n<\/div>\n<\/div>\n<\/div>\n<\/div>\n<div class=\"experience-component experience-dynamic-productRoutineCustom\">\n<div id=\"productRoutine\" class=\"container-fluid product-routine-custom\">\n<div class=\"row custom\">\n<div class=\"col-12 carousel-heading mb-1\">\n<h4 class=\"carousel-title brand-primary\"><span dir=\"auto\">MODO DE EMPLEO<\/span><\/h4>\n<\/div>\n<\/div>\n<div class=\"row routine-wrapper\">\n<div class=\"col-12 product-routine-custom-line\">\n<div class=\"content-asset\">\n<div class=\"routine-item\">\n<div class=\"routine-image\"><img loading=\"lazy\" decoding=\"async\" class=\"w-100 alignleft\" src=\"https:\/\/cosmocosmetics.ae\/cdn\/shop\/files\/New_Project.png?v=1723805307\" alt=\"\" width=\"160\" height=\"160\" \/><\/p>\n<div class=\"routine-middle col-md-12\">\n<p>&nbsp;<\/p>\n<p class=\"routine-step\"><span dir=\"auto\">PASO 1: Aplicar acondicionador<\/span><\/p>\n<div class=\"routine-copy\"><span dir=\"auto\">Aplique una cantidad generosa de acondicionador sobre el cabello mojado.<\/span><\/div>\n<\/div>\n<\/div>\n<\/div>\n<\/div>\n<\/div>\n<div class=\"col-12 product-routine-custom-line\">\n<div class=\"content-asset\">\n<div class=\"routine-item\">\n<div class=\"routine-image\"><img loading=\"lazy\" decoding=\"async\" class=\"w-100 alignleft\" src=\"https:\/\/cosmocosmetics.ae\/cdn\/shop\/files\/New_Project_1.png?v=1723805378\" alt=\"\" width=\"158\" height=\"158\" \/><\/p>\n<div class=\"routine-middle col-md-12\">\n<p>&nbsp;<\/p>\n<p class=\"routine-step\"><span dir=\"auto\">PASO 2: Masajear y trabajar<\/span><\/p>\n<div class=\"routine-copy\"><span dir=\"auto\">Masajee suavemente el cuero cabelludo y las ra\u00edces con las yemas de los dedos para que el acondicionador penetre.<\/span><\/div>\n<\/div>\n<\/div>\n<\/div>\n<\/div>\n<\/div>\n<div class=\"col-12 product-routine-custom-line\">\n<div class=\"content-asset\">\n<div class=\"routine-item\">\n<div class=\"routine-image\"><img loading=\"lazy\" decoding=\"async\" class=\"w-100 alignleft\" src=\"https:\/\/cosmocosmetics.ae\/cdn\/shop\/files\/New_Project_3.png?v=1723805466\" alt=\"\" width=\"160\" height=\"160\" \/><\/p>\n<div class=\"routine-middle col-md-12\">\n<p>&nbsp;<\/p>\n<p class=\"routine-step\"><span dir=\"auto\">PASO 3: Enjuague<\/span><\/p>\n<div class=\"routine-copy\"><span dir=\"auto\">Exprime ligeramente el acondicionador desde la ra\u00edz hasta las puntas y enjuaga bien.<\/span><\/div>\n<\/div>\n<div><\/div>\n<\/div>\n<\/div>\n<\/div>\n<\/div>\n<\/div>\n<\/div>\n<\/div>\n<div class=\"experience-component experience-dynamic-productIngredients\">\n<div id=\"productIngredients\" class=\"container product-ingredients mt-3\">\n<div class=\"row\">\n<div class=\"col-12 col-md-7 mt-3 mt-md-0 ingredients-copy\">\n<div class=\"content-asset\">\n<h2><\/h2>\n<h4><span dir=\"auto\">TODOS LOS INGREDIENTES<\/span><\/h4>\n<p><span dir=\"auto\">Aplicar peque\u00f1as cantidades de aceite de \u00e1rbol de t\u00e9 diluido en el cabello ayudar\u00e1 a prevenir la acumulaci\u00f3n de qu\u00edmicos y c\u00e9lulas muertas. Esto mantiene el cabello sano e hidratado, lo que ayuda a que crezca a su ritmo normal y previene la ca\u00edda. La caspa se debe a la acumu<\/span><img loading=\"lazy\" decoding=\"async\" class=\"w-100 alignleft\" src=\"https:\/\/cosmocosmetics.ae\/cdn\/shop\/files\/dandruff-image.webp?v=1723794427\" width=\"180\" height=\"119\" \/>laci\u00f3n de piel seca y escamosa en el cuero cabelludo. Aviso legal: Tenga en cuenta que las listas de ingredientes pueden cambiar o variar ocasionalmente. Consulte la lista de ingredientes en el envase del producto para obtener la lista m\u00e1s actualizada.<\/p>\n<\/div>\n<\/div>\n<\/div>\n<\/div>\n<\/div>\n","protected":false},"excerpt":{"rendered":"<p>TEA TREE OIL ANTI-CASPA El Acondicionador Anticaspa con Aceite de \u00c1rbol de T\u00e9 COSMO es la soluci\u00f3n definitiva para el<\/p>\n","protected":false},"featured_media":90037,"comment_status":"open","ping_status":"closed","template":"","meta":{"nf_dc_page":""},"product_brand":[103],"product_cat":[85],"product_tag":[],"class_list":{"0":"post-90036","1":"product","2":"type-product","3":"status-publish","4":"has-post-thumbnail","6":"product_brand-cosmo","7":"product_cat-cosmeticos","9":"first","10":"instock","11":"shipping-taxable","12":"purchasable","13":"product-type-simple"},"_links":{"self":[{"href":"https:\/\/brandss.com.py\/index\/wp-json\/wp\/v2\/product\/90036","targetHints":{"allow":["GET"]}}],"collection":[{"href":"https:\/\/brandss.com.py\/index\/wp-json\/wp\/v2\/product"}],"about":[{"href":"https:\/\/brandss.com.py\/index\/wp-json\/wp\/v2\/types\/product"}],"replies":[{"embeddable":true,"href":"https:\/\/brandss.com.py\/index\/wp-json\/wp\/v2\/comments?post=90036"}],"version-history":[{"count":1,"href":"https:\/\/brandss.com.py\/index\/wp-json\/wp\/v2\/product\/90036\/revisions"}],"predecessor-version":[{"id":90039,"href":"https:\/\/brandss.com.py\/index\/wp-json\/wp\/v2\/product\/90036\/revisions\/90039"}],"wp:featuredmedia":[{"embeddable":true,"href":"https:\/\/brandss.com.py\/index\/wp-json\/wp\/v2\/media\/90037"}],"wp:attachment":[{"href":"https:\/\/brandss.com.py\/index\/wp-json\/wp\/v2\/media?parent=90036"}],"wp:term":[{"taxonomy":"product_brand","embeddable":true,"href":"https:\/\/brandss.com.py\/index\/wp-json\/wp\/v2\/product_brand?post=90036"},{"taxonomy":"product_cat","embeddable":true,"href":"https:\/\/brandss.com.py\/index\/wp-json\/wp\/v2\/product_cat?post=90036"},{"taxonomy":"product_tag","embeddable":true,"href":"https:\/\/brandss.com.py\/index\/wp-json\/wp\/v2\/product_tag?post=90036"}],"curies":[{"name":"wp","href":"https:\/\/api.w.org\/{rel}","templated":true}]}}