{"id":90161,"date":"2025-09-10T12:45:09","date_gmt":"2025-09-10T12:45:09","guid":{"rendered":"https:\/\/brandss.com.py\/index\/?post_type=product&#038;p=90161"},"modified":"2025-09-10T12:56:26","modified_gmt":"2025-09-10T12:56:26","slug":"shampoo-capilar-cosmo-beaute-keratin-plus-1000ml","status":"publish","type":"product","link":"https:\/\/brandss.com.py\/index\/producto\/shampoo-capilar-cosmo-beaute-keratin-plus-1000ml\/","title":{"rendered":"SHAMPOO CAPILAR COSMO BEAUTE KERATIN PLUS 1000ML"},"content":{"rendered":"<p><img loading=\"lazy\" decoding=\"async\" class=\"\" src=\"https:\/\/cosmocosmetics.ae\/cdn\/shop\/files\/logo-cosmo-regeister.png?v=1729761767&amp;width=340\" width=\"175\" height=\"37\" \/><\/p>\n<h1>BEAUTE KERATIN PLUS<\/h1>\n<p><span dir=\"auto\">El champ\u00fa Cosmo Keratin Plus Strength retiene la hidrataci\u00f3n en cada hebra capilar, mejorando su elasticidad, reduciendo la rotura y proporcionando un cabello suave y brillante desde la ra\u00edz hasta las puntas. El activo de queratina presente se adhiere a la cut\u00edcula, rejuveneciendo el cabello seco y da\u00f1ado y devolvi\u00e9ndole su brillo original. La queratina ayuda a reconstruir la estructura proteica del cabello da\u00f1ado. Tambi\u00e9n ayuda a reconstruir la capa protectora natural del cabello, fortaleciendo las hebras. Este m\u00e9todo especial retiene la hidrataci\u00f3n para aportar brillo al instante y suavizar el cabello durante m\u00e1s tiempo.<\/span><\/p>\n<h5><span dir=\"auto\">CARACTER\u00cdSTICAS<\/span><\/h5>\n<ul>\n<li><span dir=\"auto\">Infusi\u00f3n de queratina: se adhiere a las cut\u00edculas del cabello para rejuvenecer y restaurar el cabello seco y da\u00f1ado.<\/span><\/li>\n<li><span dir=\"auto\">Bloqueo de humedad: retiene la humedad en cada hebra, mejorando el brillo y la suavidad.<\/span><\/li>\n<li><span dir=\"auto\">Fortalece las hebras: reconstruye la capa protectora natural del cabello, reduciendo el da\u00f1o y la rotura.<\/span><\/li>\n<li><span dir=\"auto\">Mejora la elasticidad: mejora la elasticidad del cabello, previniendo la rotura y promoviendo un cabello m\u00e1s fuerte.<\/span><\/li>\n<li><span dir=\"auto\">Acabado suave y brillante: proporciona una textura suave y sedosa desde la ra\u00edz hasta las puntas.<\/span><\/li>\n<li><span dir=\"auto\">Resultados duraderos: Proporciona brillo y suavidad prolongados, garantizando un cabello de aspecto m\u00e1s saludable a lo largo del tiempo.<\/span><\/li>\n<\/ul>\n<h5 class=\"title-heading\"><span dir=\"auto\">beneficios clave<\/span><\/h5>\n<p><img loading=\"lazy\" decoding=\"async\" class=\"alignleft\" src=\"https:\/\/cdn.shopify.com\/s\/files\/1\/0717\/3334\/6626\/files\/beaute-shampoo-top-keratin-with.png?v=1677573215\" width=\"160\" height=\"153\" \/><span dir=\"auto\">\u00a0<\/span><\/p>\n<p>&nbsp;<\/p>\n<p><span dir=\"auto\">La queratina ayuda a reconstruir la capa protectora natural del cabello y fortalece las hebras.<\/span><\/p>\n<p><img loading=\"lazy\" decoding=\"async\" class=\"alignleft\" src=\"https:\/\/cdn.shopify.com\/s\/files\/1\/0717\/3334\/6626\/files\/shampoo-top-2.png?v=1677571714\" width=\"160\" height=\"153\" \/><span dir=\"auto\">\u00a0<\/span><\/p>\n<p>&nbsp;<\/p>\n<p><span dir=\"auto\">Reduce el da\u00f1o y la rotura + Cabello suave y sedoso<\/span><\/p>\n<p><img loading=\"lazy\" decoding=\"async\" class=\"alignleft\" src=\"https:\/\/cdn.shopify.com\/s\/files\/1\/0717\/3334\/6626\/files\/shampoo-top-3.png?v=1677571714\" width=\"161\" height=\"154\" \/><span dir=\"auto\">\u00a0<\/span><\/p>\n<p>&nbsp;<\/p>\n<p><span dir=\"auto\">Reconstruye la estructura proteica de tu cabello da\u00f1ado.<\/span><\/p>\n<p>&nbsp;<\/p>\n<p>&nbsp;<\/p>\n<h5 class=\"title-heading\"><span dir=\"auto\">INGREDIENTES CLAVE<\/span><\/h5>\n<div class=\"content-center\"><img loading=\"lazy\" decoding=\"async\" class=\"alignleft\" src=\"https:\/\/cdn.shopify.com\/s\/files\/1\/0717\/3334\/6626\/files\/keratin.png?v=1677571714\" width=\"334\" height=\"219\" \/>&nbsp;<\/p>\n<p><span dir=\"auto\">El activo de queratina presente se adhiere a la cut\u00edcula, rejuveneciendo el cabello seco y da\u00f1ado y devolvi\u00e9ndole su brillo original. La queratina ayuda a reconstruir la estructura proteica del cabello da\u00f1ado. Esta potente f\u00f3rmula es esencial para quienes desean reducir el tiempo dedicado al peinado, dej\u00e1ndolo naturalmente liso, brillante y f\u00e1cil de peinar.<\/span><\/p>\n<\/div>\n<p><img decoding=\"async\" src=\"https:\/\/cdn.shopify.com\/s\/files\/1\/0717\/3334\/6626\/files\/keratin.jpg?v=1677573213\" \/><\/p>\n<h5 class=\"title-heading\"><span dir=\"auto\">C\u00f3mo utilizar<\/span><\/h5>\n<p><img decoding=\"async\" src=\"https:\/\/cdn.shopify.com\/s\/files\/1\/0717\/3334\/6626\/files\/Shampoo-bottom.png?v=1677571715\" \/><\/p>\n<div class=\"content-center\">\n<p class=\"text-center\"><span dir=\"auto\">Aplicar sobre el cabello mojado, masajeando el cuero cabelludo. Enjuagar bien. Repetir si es necesario.<\/span><\/p>\n<\/div>\n","protected":false},"excerpt":{"rendered":"<p>BEAUTE KERATIN PLUS El champ\u00fa Cosmo Keratin Plus Strength retiene la hidrataci\u00f3n en cada hebra capilar, mejorando su elasticidad, reduciendo<\/p>\n","protected":false},"featured_media":90162,"comment_status":"open","ping_status":"closed","template":"","meta":{"nf_dc_page":""},"product_brand":[103],"product_cat":[85],"product_tag":[],"class_list":{"0":"post-90161","1":"product","2":"type-product","3":"status-publish","4":"has-post-thumbnail","6":"product_brand-cosmo","7":"product_cat-cosmeticos","9":"first","10":"instock","11":"shipping-taxable","12":"purchasable","13":"product-type-simple"},"_links":{"self":[{"href":"https:\/\/brandss.com.py\/index\/wp-json\/wp\/v2\/product\/90161","targetHints":{"allow":["GET"]}}],"collection":[{"href":"https:\/\/brandss.com.py\/index\/wp-json\/wp\/v2\/product"}],"about":[{"href":"https:\/\/brandss.com.py\/index\/wp-json\/wp\/v2\/types\/product"}],"replies":[{"embeddable":true,"href":"https:\/\/brandss.com.py\/index\/wp-json\/wp\/v2\/comments?post=90161"}],"version-history":[{"count":1,"href":"https:\/\/brandss.com.py\/index\/wp-json\/wp\/v2\/product\/90161\/revisions"}],"predecessor-version":[{"id":90164,"href":"https:\/\/brandss.com.py\/index\/wp-json\/wp\/v2\/product\/90161\/revisions\/90164"}],"wp:featuredmedia":[{"embeddable":true,"href":"https:\/\/brandss.com.py\/index\/wp-json\/wp\/v2\/media\/90162"}],"wp:attachment":[{"href":"https:\/\/brandss.com.py\/index\/wp-json\/wp\/v2\/media?parent=90161"}],"wp:term":[{"taxonomy":"product_brand","embeddable":true,"href":"https:\/\/brandss.com.py\/index\/wp-json\/wp\/v2\/product_brand?post=90161"},{"taxonomy":"product_cat","embeddable":true,"href":"https:\/\/brandss.com.py\/index\/wp-json\/wp\/v2\/product_cat?post=90161"},{"taxonomy":"product_tag","embeddable":true,"href":"https:\/\/brandss.com.py\/index\/wp-json\/wp\/v2\/product_tag?post=90161"}],"curies":[{"name":"wp","href":"https:\/\/api.w.org\/{rel}","templated":true}]}}