{"id":90165,"date":"2025-09-10T13:11:57","date_gmt":"2025-09-10T13:11:57","guid":{"rendered":"https:\/\/brandss.com.py\/index\/?post_type=product&#038;p=90165"},"modified":"2025-10-29T12:36:02","modified_gmt":"2025-10-29T12:36:02","slug":"shampoo-capilar-cosmo-beaute-dandruff-relief-1000ml","status":"publish","type":"product","link":"https:\/\/brandss.com.py\/index\/producto\/shampoo-capilar-cosmo-beaute-dandruff-relief-1000ml\/","title":{"rendered":"SHAMPOO CAPILAR COSMO BEAUTE DANDRUFF RELIEF 1000ML"},"content":{"rendered":"<p><img loading=\"lazy\" decoding=\"async\" class=\"\" src=\"https:\/\/cosmocosmetics.ae\/cdn\/shop\/files\/logo-cosmo-regeister.png?v=1729761767&amp;width=340\" width=\"198\" height=\"42\" \/><\/p>\n<h1>BEAUTE DANDRUFF RELIEF<\/h1>\n<p><span dir=\"auto\">D\u00edgale adi\u00f3s al cuero cabelludo seco y con picaz\u00f3n y sienta las propiedades limpias y vigorizantes de nuestro champ\u00fa anticaspa que ayuda a calmar el cuero cabelludo, eliminar las escamas sueltas\/la acumulaci\u00f3n de caspa en el cuero cabelludo y el cabello para dejar su cabello fresco, liviano y aireado.<\/span><\/p>\n<p>Enriquecido con extracto de \u00e1rbol de t\u00e9, este champ\u00fa elimina eficazmente la caspa suelta y la acumulaci\u00f3n de residuos, dejando el cabello ligero, fresco y revitalizado. Desobstruye los fol\u00edculos pilosos, nutre el cuero cabelludo y ayuda a mantenerlo limpio, hidratado y saludable para un cabello vibrante y sin caspa.<\/p>\n<h5><span dir=\"auto\">CARACTER\u00cdSTICAS<\/span><\/h5>\n<ul>\n<li><span dir=\"auto\">Extracto de \u00e1rbol de t\u00e9: limpia el cuero cabelludo, destapa los fol\u00edculos pilosos y nutre para un cuero cabelludo m\u00e1s saludable.<\/span><\/li>\n<li><span dir=\"auto\">Eliminaci\u00f3n de la caspa: elimina eficazmente las escamas sueltas y la acumulaci\u00f3n del cuero cabelludo y el cabello.<\/span><\/li>\n<li><span dir=\"auto\">Calmante del cuero cabelludo: Proporciona alivio de la picaz\u00f3n y la sequedad, calmando el cuero cabelludo.<\/span><\/li>\n<li><span dir=\"auto\">Limpieza vigorizante: deja el cabello fresco, ligero y aireado.<\/span><\/li>\n<li><span dir=\"auto\">Hidrataci\u00f3n: Mantiene el cuero cabelludo hidratado y previene la sequedad excesiva.<\/span><br \/>\n<span dir=\"auto\">Cabello saludable: Promueve un cuero cabelludo limpio y equilibrado para un cabello vibrante y sin caspa.<\/span><\/li>\n<\/ul>\n<h5 class=\"title-heading\"><span dir=\"auto\">beneficios clave<\/span><\/h5>\n<p><img loading=\"lazy\" decoding=\"async\" class=\"alignleft\" src=\"https:\/\/cdn.shopify.com\/s\/files\/1\/0717\/3334\/6626\/files\/beaute-shampoo-top-dandruff-with.png?v=1677573214\" width=\"160\" height=\"153\" \/><span dir=\"auto\">\u00a0<\/span><\/p>\n<p>&nbsp;<\/p>\n<p><span dir=\"auto\">Con extracto de \u00e1rbol de t\u00e9. Para un cabello y cuero cabelludo saludables.<\/span><\/p>\n<p><img loading=\"lazy\" decoding=\"async\" class=\"alignleft\" src=\"https:\/\/cdn.shopify.com\/s\/files\/1\/0717\/3334\/6626\/files\/shampoo-top-2.png?v=1677571714\" width=\"160\" height=\"153\" \/><\/p>\n<p>&nbsp;<\/p>\n<p><span dir=\"auto\">\u00a0El \u00e1rbol de t\u00e9 limpia el cuero cabelludo, destapa los fol\u00edculos pilosos y nutre el cuero cabelludo.<\/span><\/p>\n<p><img loading=\"lazy\" decoding=\"async\" class=\"alignleft\" src=\"https:\/\/cdn.shopify.com\/s\/files\/1\/0717\/3334\/6626\/files\/shampoo-top-3.png?v=1677571714\" width=\"160\" height=\"153\" \/><span dir=\"auto\">\u00a0<\/span><\/p>\n<p>&nbsp;<\/p>\n<p><span dir=\"auto\">Cabello limpio, hidratado y saludable.<\/span><\/p>\n<p>&nbsp;<\/p>\n<p>&nbsp;<\/p>\n<h5 class=\"title-heading\"><span dir=\"auto\">INGREDIENTES CLAVE<\/span><\/h5>\n<div class=\"content-center\"><img loading=\"lazy\" decoding=\"async\" class=\"alignleft\" src=\"https:\/\/cdn.shopify.com\/s\/files\/1\/0717\/3334\/6626\/files\/dandruff-image.png?v=1677573214\" width=\"262\" height=\"173\" \/>&nbsp;<\/p>\n<p><span dir=\"auto\">Aplicar peque\u00f1as cantidades de aceite de \u00e1rbol de t\u00e9 diluido en el tallo capilar ayudar\u00e1 a prevenir la acumulaci\u00f3n de qu\u00edmicos y c\u00e9lulas muertas. Esto mantiene el cabello sano e hidratado, lo que puede contribuir a su crecimiento normal y prevenir la ca\u00edda. La caspa se debe a la acumulaci\u00f3n de piel seca y escamosa en el cuero cabelludo.<\/span><\/p>\n<\/div>\n<p><img decoding=\"async\" src=\"https:\/\/cdn.shopify.com\/s\/files\/1\/0717\/3334\/6626\/files\/dandruff-with.jpg?v=1677573214\" \/><\/p>\n<h3 class=\"title-heading\"><span dir=\"auto\">C\u00f3mo utilizar<\/span><\/h3>\n<p><img decoding=\"async\" src=\"https:\/\/cdn.shopify.com\/s\/files\/1\/0717\/3334\/6626\/files\/Shampoo-bottom.png?v=1677571715\" \/><\/p>\n<div class=\"content-center\">\n<p class=\"text-center\"><span dir=\"auto\">Aplicar sobre el cabello mojado, masajeando el cuero cabelludo. Enjuagar bien. Repetir si es necesario.<\/span><\/p>\n<\/div>\n","protected":false},"excerpt":{"rendered":"<p>BEAUTE DANDRUFF RELIEF D\u00edgale adi\u00f3s al cuero cabelludo seco y con picaz\u00f3n y sienta las propiedades limpias y vigorizantes de<\/p>\n","protected":false},"featured_media":90166,"comment_status":"open","ping_status":"closed","template":"","meta":{"nf_dc_page":""},"product_brand":[103],"product_cat":[85],"product_tag":[1142],"class_list":{"0":"post-90165","1":"product","2":"type-product","3":"status-publish","4":"has-post-thumbnail","6":"product_brand-cosmo","7":"product_cat-cosmeticos","8":"product_tag-1142","10":"first","11":"instock","12":"shipping-taxable","13":"purchasable","14":"product-type-simple"},"_links":{"self":[{"href":"https:\/\/brandss.com.py\/index\/wp-json\/wp\/v2\/product\/90165","targetHints":{"allow":["GET"]}}],"collection":[{"href":"https:\/\/brandss.com.py\/index\/wp-json\/wp\/v2\/product"}],"about":[{"href":"https:\/\/brandss.com.py\/index\/wp-json\/wp\/v2\/types\/product"}],"replies":[{"embeddable":true,"href":"https:\/\/brandss.com.py\/index\/wp-json\/wp\/v2\/comments?post=90165"}],"version-history":[{"count":1,"href":"https:\/\/brandss.com.py\/index\/wp-json\/wp\/v2\/product\/90165\/revisions"}],"predecessor-version":[{"id":90168,"href":"https:\/\/brandss.com.py\/index\/wp-json\/wp\/v2\/product\/90165\/revisions\/90168"}],"wp:featuredmedia":[{"embeddable":true,"href":"https:\/\/brandss.com.py\/index\/wp-json\/wp\/v2\/media\/90166"}],"wp:attachment":[{"href":"https:\/\/brandss.com.py\/index\/wp-json\/wp\/v2\/media?parent=90165"}],"wp:term":[{"taxonomy":"product_brand","embeddable":true,"href":"https:\/\/brandss.com.py\/index\/wp-json\/wp\/v2\/product_brand?post=90165"},{"taxonomy":"product_cat","embeddable":true,"href":"https:\/\/brandss.com.py\/index\/wp-json\/wp\/v2\/product_cat?post=90165"},{"taxonomy":"product_tag","embeddable":true,"href":"https:\/\/brandss.com.py\/index\/wp-json\/wp\/v2\/product_tag?post=90165"}],"curies":[{"name":"wp","href":"https:\/\/api.w.org\/{rel}","templated":true}]}}