{"id":90173,"date":"2025-09-10T13:43:06","date_gmt":"2025-09-10T13:43:06","guid":{"rendered":"https:\/\/brandss.com.py\/index\/?post_type=product&#038;p=90173"},"modified":"2025-09-10T13:46:07","modified_gmt":"2025-09-10T13:46:07","slug":"shampoo-capilar-cosmo-beaute-argan-oil-from-morocco-1000ml","status":"publish","type":"product","link":"https:\/\/brandss.com.py\/index\/producto\/shampoo-capilar-cosmo-beaute-argan-oil-from-morocco-1000ml\/","title":{"rendered":"SHAMPOO CAPILAR COSMO BEAUTE ARGAN OIL FROM MOROCCO 1000ML"},"content":{"rendered":"<p><img loading=\"lazy\" decoding=\"async\" class=\"\" src=\"https:\/\/cosmocosmetics.ae\/cdn\/shop\/files\/logo-cosmo-regeister.png?v=1729761767&amp;width=340\" width=\"137\" height=\"29\" \/><\/p>\n<h1>BEAUTE ARGAN OIL FROM MOROCCO<\/h1>\n<p><span dir=\"auto\">El champ\u00fa con aceite de arg\u00e1n de Marruecos COSMO es una f\u00f3rmula sin sulfatos dise\u00f1ada para penetrar en el tallo del cabello, revitalizando el cabello seco y da\u00f1ado al tiempo que proporciona hidrataci\u00f3n y humectaci\u00f3n intensas.\u00a0<\/span><\/p>\n<p><span dir=\"auto\">Enriquecido con el preciado aceite de arg\u00e1n de Marruecos, este champ\u00fa ayuda a restaurar la fuerza, el brillo y la suavidad de tu cabello, protegi\u00e9ndolo de los efectos nocivos del calor del peinado y la exposici\u00f3n a los rayos UV. Su f\u00f3rmula nutritiva fortalece e hidrata sin apelmazarlo, dej\u00e1ndolo manejable, flexible y con mucho brillo. Ideal para cabello seco, da\u00f1ado y encrespado, el champ\u00fa COSMO con aceite de arg\u00e1n de Marruecos es la soluci\u00f3n ideal para una melena sedosa, suave y sedosa.<\/span><\/p>\n<div class=\"experience-component experience-dynamic-productLongDescription\">\n<div id=\"longDescription\" class=\"container product-long-description\">\n<div class=\"row\">\n<div class=\"col-12 col-md-8 description-text\">\n<div class=\"metafield-rich_text_field\">\n<h5><span dir=\"auto\">CARACTER\u00cdSTICAS<\/span><\/h5>\n<ul>\n<li><span dir=\"auto\">F\u00f3rmula sin sulfatos: Suave con el cabello, previene la p\u00e9rdida de sus aceites naturales.<\/span><br \/>\n<span dir=\"auto\">Penetraci\u00f3n profunda: El aceite de arg\u00e1n penetra en el tallo capilar, revitalizando el cabello seco y da\u00f1ado.<\/span><\/li>\n<li><span dir=\"auto\">Hidrata y humecta: proporciona hidrataci\u00f3n esencial para un cabello suave y fuerte.<\/span><\/li>\n<li><span dir=\"auto\">Protege contra da\u00f1os: Protege el cabello del calor del peinado y los rayos UV.<\/span><br \/>\n<span dir=\"auto\">Restaura la fuerza y \u200b\u200bel brillo: Reconstruye la capa protectora natural del cabello, mejorando su fuerza y \u200b\u200bbrillo.<\/span><\/li>\n<li><span dir=\"auto\">Mejora la manejabilidad: deja el cabello suave, sedoso y f\u00e1cil de peinar sin apelmazarlo.<\/span>\n<p><img decoding=\"async\" class=\"alignleft\" src=\"https:\/\/cosmocosmetics.ae\/cdn\/shop\/files\/New_Project_25_64x64.png?v=1723527115\" \/>&nbsp;<\/p>\n<p><img decoding=\"async\" class=\"alignleft\" src=\"https:\/\/cosmocosmetics.ae\/cdn\/shop\/files\/New_Project_23_64x64.png?v=1723528105\" \/>&nbsp;<\/p>\n<p><img decoding=\"async\" src=\"https:\/\/cosmocosmetics.ae\/cdn\/shop\/files\/New_Project_24_64x64.png?v=1723528130\" \/>&nbsp;<\/li>\n<\/ul>\n<\/div>\n<\/div>\n<div class=\"col-12 col-md-4 description-icon\">\n<div class=\"content-asset\"><\/div>\n<\/div>\n<\/div>\n<\/div>\n<\/div>\n<div class=\"experience-component experience-dynamic-productRoutineCustom\">\n<div id=\"productRoutine\" class=\"container-fluid product-routine-custom\">\n<div class=\"row custom\">\n<div class=\"col-12 carousel-heading mb-1\">\n<h5 class=\"carousel-title brand-primary\"><span dir=\"auto\">MODO DE EMPLEO<\/span><\/h5>\n<\/div>\n<\/div>\n<div class=\"row routine-wrapper\">\n<div class=\"col-12 product-routine-custom-line\">\n<div class=\"content-asset\">\n<div class=\"routine-item\">\n<div class=\"routine-image\"><img loading=\"lazy\" decoding=\"async\" class=\"w-100 alignleft\" src=\"https:\/\/cosmocosmetics.ae\/cdn\/shop\/files\/how_to_3.jpg?v=1723095133\" alt=\"\" width=\"160\" height=\"160\" \/><\/p>\n<div class=\"routine-middle col-md-12\">\n<p>&nbsp;<\/p>\n<p class=\"routine-step\"><span dir=\"auto\">PASO 1: Enjuague<\/span><\/p>\n<div class=\"routine-copy\"><span dir=\"auto\">Enjuague bien y seque con palmaditas.<\/span><\/div>\n<\/div>\n<\/div>\n<\/div>\n<\/div>\n<\/div>\n<div class=\"col-12 product-routine-custom-line\">\n<div class=\"content-asset\">\n<div class=\"routine-item\">\n<div class=\"routine-image\"><img loading=\"lazy\" decoding=\"async\" class=\"w-100 alignleft\" src=\"https:\/\/cosmocosmetics.ae\/cdn\/shop\/files\/how_to_2.jpg?v=1723095097\" alt=\"\" width=\"160\" height=\"160\" \/><\/p>\n<div class=\"routine-middle col-md-12\">\n<p>&nbsp;<\/p>\n<p class=\"routine-step\"><span dir=\"auto\">PASO 2: Enjabonar<\/span><\/p>\n<div class=\"routine-copy\"><span dir=\"auto\">Masajear suavemente con movimientos circulares para crear espuma.<\/span><\/div>\n<\/div>\n<\/div>\n<\/div>\n<\/div>\n<\/div>\n<div class=\"col-12 product-routine-custom-line\">\n<div class=\"content-asset\">\n<div class=\"routine-item\">\n<div class=\"routine-image\"><img loading=\"lazy\" decoding=\"async\" class=\"w-100 alignleft\" src=\"https:\/\/cosmocosmetics.ae\/cdn\/shop\/files\/how_to_1.jpg?v=1723095005\" alt=\"\" width=\"160\" height=\"160\" \/><\/p>\n<div class=\"routine-middle col-md-12\">\n<p>&nbsp;<\/p>\n<p class=\"routine-step\"><span dir=\"auto\">PASO 3: Limpiar<\/span><\/p>\n<div class=\"routine-copy\"><span dir=\"auto\">Humedezca su rostro y cuello y luego aplique una peque\u00f1a cantidad del limpiador facial.<\/span><\/div>\n<\/div>\n<div><\/div>\n<\/div>\n<\/div>\n<\/div>\n<\/div>\n<\/div>\n<\/div>\n<\/div>\n<div class=\"experience-component experience-dynamic-productIngredients\">\n<div id=\"productIngredients\" class=\"container product-ingredients mt-3\">\n<div class=\"row\">\n<div class=\"col-12 col-md-7 mt-3 mt-md-0 ingredients-copy\">\n<div class=\"content-asset\">\n<h2><\/h2>\n<h2><span dir=\"auto\">TODOS LOS INGREDIENTES<\/span><\/h2>\n<p><span dir=\"auto\">El champ\u00fa COSMO con aceite de arg\u00e1n de Marruecos tiene una f\u00f3rmula sin sulfatos dise\u00f1ada para penetrar la fibra capilar, revitalizando el cabello seco y da\u00f1ado, a la vez que proporciona hidrataci\u00f3n intensa. Enriquecido con el preciado aceite de arg\u00e1n de Marruecos, este champ\u00fa ayuda a<\/span><img loading=\"lazy\" decoding=\"async\" class=\"w-100 alignleft\" src=\"https:\/\/cosmocosmetics.ae\/cdn\/shop\/files\/argan.webp?v=1723792348\" width=\"216\" height=\"142\" \/>\u00a0restaurar la fuerza, el brillo y la suavidad del cabello, protegi\u00e9ndolo de los efectos nocivos del calor del peinado y la exposici\u00f3n a los rayos UV. Su f\u00f3rmula nutritiva fortifica e hidrata sin apelmazarlo, dej\u00e1ndolo manejable, flexible y con un brillo radiante. Ideal para cabello seco, da\u00f1ado y encrespado, el champ\u00fa COSMO con aceite de arg\u00e1n de Marruecos es la soluci\u00f3n ideal para una melena sedosa, suave y sedosa.<\/p>\n<\/div>\n<\/div>\n<\/div>\n<\/div>\n<\/div>\n","protected":false},"excerpt":{"rendered":"<p>BEAUTE ARGAN OIL FROM MOROCCO El champ\u00fa con aceite de arg\u00e1n de Marruecos COSMO es una f\u00f3rmula sin sulfatos dise\u00f1ada<\/p>\n","protected":false},"featured_media":90174,"comment_status":"open","ping_status":"closed","template":"","meta":{"nf_dc_page":""},"product_brand":[103],"product_cat":[85],"product_tag":[],"class_list":{"0":"post-90173","1":"product","2":"type-product","3":"status-publish","4":"has-post-thumbnail","6":"product_brand-cosmo","7":"product_cat-cosmeticos","9":"first","10":"instock","11":"shipping-taxable","12":"purchasable","13":"product-type-simple"},"_links":{"self":[{"href":"https:\/\/brandss.com.py\/index\/wp-json\/wp\/v2\/product\/90173","targetHints":{"allow":["GET"]}}],"collection":[{"href":"https:\/\/brandss.com.py\/index\/wp-json\/wp\/v2\/product"}],"about":[{"href":"https:\/\/brandss.com.py\/index\/wp-json\/wp\/v2\/types\/product"}],"replies":[{"embeddable":true,"href":"https:\/\/brandss.com.py\/index\/wp-json\/wp\/v2\/comments?post=90173"}],"version-history":[{"count":1,"href":"https:\/\/brandss.com.py\/index\/wp-json\/wp\/v2\/product\/90173\/revisions"}],"predecessor-version":[{"id":90176,"href":"https:\/\/brandss.com.py\/index\/wp-json\/wp\/v2\/product\/90173\/revisions\/90176"}],"wp:featuredmedia":[{"embeddable":true,"href":"https:\/\/brandss.com.py\/index\/wp-json\/wp\/v2\/media\/90174"}],"wp:attachment":[{"href":"https:\/\/brandss.com.py\/index\/wp-json\/wp\/v2\/media?parent=90173"}],"wp:term":[{"taxonomy":"product_brand","embeddable":true,"href":"https:\/\/brandss.com.py\/index\/wp-json\/wp\/v2\/product_brand?post=90173"},{"taxonomy":"product_cat","embeddable":true,"href":"https:\/\/brandss.com.py\/index\/wp-json\/wp\/v2\/product_cat?post=90173"},{"taxonomy":"product_tag","embeddable":true,"href":"https:\/\/brandss.com.py\/index\/wp-json\/wp\/v2\/product_tag?post=90173"}],"curies":[{"name":"wp","href":"https:\/\/api.w.org\/{rel}","templated":true}]}}