{"id":90190,"date":"2025-09-10T14:27:11","date_gmt":"2025-09-10T14:27:11","guid":{"rendered":"https:\/\/brandss.com.py\/index\/?post_type=product&#038;p=90190"},"modified":"2025-09-10T14:27:59","modified_gmt":"2025-09-10T14:27:59","slug":"gel-de-ducha-corporal-cosmo-beaute-romance-1000ml","status":"publish","type":"product","link":"https:\/\/brandss.com.py\/index\/producto\/gel-de-ducha-corporal-cosmo-beaute-romance-1000ml\/","title":{"rendered":"GEL DE DUCHA CORPORAL COSMO BEAUTE ROMANCE 1000ML"},"content":{"rendered":"<p><img loading=\"lazy\" decoding=\"async\" class=\"\" src=\"https:\/\/cosmocosmetics.ae\/cdn\/shop\/files\/logo-cosmo-regeister.png?v=1729761767&amp;width=340\" width=\"170\" height=\"36\" \/><\/p>\n<h1>BEAUTE ROMANCE<\/h1>\n<p><span dir=\"auto\">Nuestro gel de ducha de r\u00e1pida absorci\u00f3n con 24 horas de hidrataci\u00f3n es perfecto para manos y cuerpo. Aplica la loci\u00f3n suavemente y termina con la bruma para una fragancia duradera. Con aromas irresistibles, \u00a1no te detendr\u00e1s! \u00a1Enamora tu piel y tus sentidos con este gel de ducha irresistiblemente encantador! Deja que su aroma te encante mientras su f\u00f3rmula sedosa y suave la acaricia, dej\u00e1ndola con una sensaci\u00f3n satinada y perfectamente cuidada. Especialmente formulado con extracto de seda, que suaviza la piel, crea una textura suave y transl\u00facida que se desliza sobre la piel, dej\u00e1ndola como si estuviera envuelta en una cinta de hidrataci\u00f3n sedosa.<\/span><\/p>\n<h5><span dir=\"auto\">CARACTER\u00cdSTICAS<\/span><\/h5>\n<ul>\n<li><span dir=\"auto\">Fragancia seductora de rosas y jazm\u00edn para una ducha relajante.<\/span><\/li>\n<li><span dir=\"auto\">Espuma abundante que limpia suavemente sin eliminar los aceites naturales.<\/span><\/li>\n<li><span dir=\"auto\">Enriquecido con vitaminas y aceites esenciales para una piel nutrida.<\/span><\/li>\n<li><span dir=\"auto\">Deja la piel suave, tersa y rejuvenecida.<\/span><\/li>\n<li><span dir=\"auto\">Libre de qu\u00edmicos agresivos, seguro para la mayor\u00eda de los tipos de piel.<\/span><\/li>\n<\/ul>\n<h5 class=\"title-heading\"><span dir=\"auto\">beneficios clave<\/span><\/h5>\n<p><img loading=\"lazy\" decoding=\"async\" class=\"alignleft\" src=\"https:\/\/cdn.shopify.com\/s\/files\/1\/0717\/3334\/6626\/files\/top-single-romantic.png?v=1678079177\" width=\"160\" height=\"148\" \/><\/p>\n<p><img loading=\"lazy\" decoding=\"async\" class=\"alignleft\" src=\"https:\/\/cdn.shopify.com\/s\/files\/1\/0717\/3334\/6626\/files\/body-top-2.png?v=1677757290\" width=\"162\" height=\"155\" \/><\/p>\n<p><img loading=\"lazy\" decoding=\"async\" class=\"\" src=\"https:\/\/cdn.shopify.com\/s\/files\/1\/0717\/3334\/6626\/files\/body-top3.png?v=1677757290\" width=\"160\" height=\"153\" \/><\/p>\n<p class=\"text-center\"><span dir=\"auto\">Limpia suavemente, dejando la piel tersa y suave.<\/span><\/p>\n<h5 class=\"title-heading\"><span dir=\"auto\">INGREDIENTES CLAVE<\/span><\/h5>\n<div class=\"content-center\"><img loading=\"lazy\" decoding=\"async\" class=\"alignleft\" src=\"https:\/\/cdn.shopify.com\/s\/files\/1\/0717\/3334\/6626\/files\/rose-extract.jpg?v=1677567310\" width=\"379\" height=\"186\" \/>&nbsp;<\/p>\n<p>&nbsp;<\/p>\n<p><span dir=\"auto\">Con extracto de rosa para una piel revitalizada y radiante.<\/span><\/p>\n<\/div>\n<p><img decoding=\"async\" src=\"https:\/\/cdn.shopify.com\/s\/files\/1\/0717\/3334\/6626\/files\/romance.jpg?v=1678079176\" \/><\/p>\n<h5 class=\"title-heading\"><span dir=\"auto\">C\u00f3mo utilizar<\/span><\/h5>\n<p><img decoding=\"async\" src=\"https:\/\/cdn.shopify.com\/s\/files\/1\/0717\/3334\/6626\/files\/bottom_7886cc45-7bdd-4ff7-925f-a0dad1ed657d.png?v=1678079177\" \/><\/p>\n<div class=\"content-center\">\n<p class=\"text-center\"><span dir=\"auto\">Aplique una cantidad generosa de gel de ducha en las manos o en una esponja vegetal h\u00fameda. Forme una espuma abundante. Apl\u00edquelo suavemente sobre la piel h\u00fameda y luego enjuague.<\/span><\/p>\n<\/div>\n","protected":false},"excerpt":{"rendered":"<p>BEAUTE ROMANCE Nuestro gel de ducha de r\u00e1pida absorci\u00f3n con 24 horas de hidrataci\u00f3n es perfecto para manos y cuerpo.<\/p>\n","protected":false},"featured_media":90191,"comment_status":"open","ping_status":"closed","template":"","meta":{"nf_dc_page":""},"product_brand":[103],"product_cat":[94],"product_tag":[],"class_list":{"0":"post-90190","1":"product","2":"type-product","3":"status-publish","4":"has-post-thumbnail","6":"product_brand-cosmo","7":"product_cat-higiene-personal","9":"first","10":"instock","11":"shipping-taxable","12":"purchasable","13":"product-type-simple"},"_links":{"self":[{"href":"https:\/\/brandss.com.py\/index\/wp-json\/wp\/v2\/product\/90190","targetHints":{"allow":["GET"]}}],"collection":[{"href":"https:\/\/brandss.com.py\/index\/wp-json\/wp\/v2\/product"}],"about":[{"href":"https:\/\/brandss.com.py\/index\/wp-json\/wp\/v2\/types\/product"}],"replies":[{"embeddable":true,"href":"https:\/\/brandss.com.py\/index\/wp-json\/wp\/v2\/comments?post=90190"}],"version-history":[{"count":1,"href":"https:\/\/brandss.com.py\/index\/wp-json\/wp\/v2\/product\/90190\/revisions"}],"predecessor-version":[{"id":90193,"href":"https:\/\/brandss.com.py\/index\/wp-json\/wp\/v2\/product\/90190\/revisions\/90193"}],"wp:featuredmedia":[{"embeddable":true,"href":"https:\/\/brandss.com.py\/index\/wp-json\/wp\/v2\/media\/90191"}],"wp:attachment":[{"href":"https:\/\/brandss.com.py\/index\/wp-json\/wp\/v2\/media?parent=90190"}],"wp:term":[{"taxonomy":"product_brand","embeddable":true,"href":"https:\/\/brandss.com.py\/index\/wp-json\/wp\/v2\/product_brand?post=90190"},{"taxonomy":"product_cat","embeddable":true,"href":"https:\/\/brandss.com.py\/index\/wp-json\/wp\/v2\/product_cat?post=90190"},{"taxonomy":"product_tag","embeddable":true,"href":"https:\/\/brandss.com.py\/index\/wp-json\/wp\/v2\/product_tag?post=90190"}],"curies":[{"name":"wp","href":"https:\/\/api.w.org\/{rel}","templated":true}]}}