{"id":90224,"date":"2025-09-11T10:58:04","date_gmt":"2025-09-11T10:58:04","guid":{"rendered":"https:\/\/brandss.com.py\/index\/?post_type=product&#038;p=90224"},"modified":"2025-09-11T10:59:05","modified_gmt":"2025-09-11T10:59:05","slug":"shampoo-capilar-cosmo-hair-colour-natural-black-180ml","status":"publish","type":"product","link":"https:\/\/brandss.com.py\/index\/producto\/shampoo-capilar-cosmo-hair-colour-natural-black-180ml\/","title":{"rendered":"SHAMPOO CAPILAR COSMO HAIR COLOUR NATURAL BLACK 180ML"},"content":{"rendered":"<p><img loading=\"lazy\" decoding=\"async\" class=\"\" src=\"https:\/\/cosmocosmetics.ae\/cdn\/shop\/files\/logo-cosmo-regeister.png?v=1729761767&amp;width=340\" width=\"179\" height=\"38\" \/><\/p>\n<h1>HAIR COLOUR NATURAL BLACK<\/h1>\n<p><span dir=\"auto\">El champ\u00fa COSMO Hair Color, enriquecido con vitamina E, aceite de oliva y keratina, es un producto premium para el cuidado capilar dise\u00f1ado para mantener la vitalidad y la duraci\u00f3n del color. Este champ\u00fa est\u00e1 enriquecido con ingredientes nutritivos como vitamina E, aceite de oliva y keratina, que nutren profundamente el cabello te\u00f1ido para mantenerlo sano, fuerte y radiante.<\/span><\/p>\n<p><span dir=\"auto\">La keratina es una prote\u00edna que compone la estructura del cabello, y este champ\u00fa est\u00e1 enriquecido con keratina para reparar el cabello da\u00f1ado, fortalecer las fibras capilares y promover su crecimiento. La vitamina E y el aceite de oliva son antioxidantes que ayudan a prevenir la rotura del cabello, lo hidratan y proporcionan una barrera protectora contra los rayos UV y la contaminaci\u00f3n ambiental.<\/span><\/p>\n<p><span dir=\"auto\">El champ\u00fa COSMO Hair Color, enriquecido con vitamina E, aceite de oliva y keratina, es f\u00e1cil de usar e hidrata profundamente el cabello, dej\u00e1ndolo brillante y m\u00e1s manejable. Limpia suavemente el cabello y el cuero cabelludo, eliminando eficazmente la suciedad y el exceso de grasa. Este champ\u00fa garantiza que el color de tu cabello se mantenga vibrante y duradero, dej\u00e1ndolo suave, sano y nutrido.<\/span><\/p>\n<p><span dir=\"auto\">Este champ\u00fa colorante es apto para todo tipo de cabello. Su f\u00f3rmula enriquecida promueve el crecimiento capilar, mantiene su textura natural y restaura su vitalidad. Su suave fragancia deja el cabello con un aroma fresco y limpio.<\/span><\/p>\n<h5><span dir=\"auto\">CARACTER\u00cdSTICAS<\/span><\/h5>\n<ul>\n<li><span dir=\"auto\">El champ\u00fa para color de cabello COSMO enriquecido con vitamina E, aceite de oliva y queratina es f\u00e1cil de usar e hidrata profundamente tu cabello, dej\u00e1ndolo brillante y m\u00e1s manejable.<\/span><\/li>\n<li><span dir=\"auto\">Limpia suavemente el cabello y el cuero cabelludo, eliminando eficazmente la suciedad y el exceso de grasa.<\/span><\/li>\n<li><span dir=\"auto\">Este champ\u00fa garantiza que el color de tu cabello se mantenga vibrante y duradero, dej\u00e1ndote un cabello suave, saludable y nutrido.<\/span><\/li>\n<li><span dir=\"auto\">Este champ\u00fa para el color del cabello es adecuado para todo tipo de cabello y su f\u00f3rmula enriquecida ayuda a promover el crecimiento del cabello, mantener la textura natural del cabello y restaurar su vitalidad.<\/span><\/li>\n<li><span dir=\"auto\">Su suave fragancia deja tu cabello con un olor fresco y limpio.<\/span><\/li>\n<\/ul>\n<h5 class=\"title-heading\"><span dir=\"auto\">beneficios clave<\/span><\/h5>\n<p><img loading=\"lazy\" decoding=\"async\" class=\"alignleft\" src=\"https:\/\/cdn.shopify.com\/s\/files\/1\/0717\/3334\/6626\/files\/hair-col-top-black-1.png?v=1678250889\" width=\"160\" height=\"153\" \/><\/p>\n<p><img loading=\"lazy\" decoding=\"async\" class=\"alignleft\" src=\"https:\/\/cdn.shopify.com\/s\/files\/1\/0717\/3334\/6626\/files\/hair-col-top-black-2.png?v=1678250889\" width=\"160\" height=\"153\" \/><\/p>\n<p><img loading=\"lazy\" decoding=\"async\" class=\"\" src=\"https:\/\/cdn.shopify.com\/s\/files\/1\/0717\/3334\/6626\/files\/hair-col-top-black-3.png?v=1678250889\" width=\"160\" height=\"153\" \/><\/p>\n<p class=\"text-center\"><span dir=\"auto\">SIN amoniaco; Cobertura 100% de canas; Coloraci\u00f3n del cabello f\u00e1cil, efectiva y r\u00e1pida; No mancha la piel.<\/span><\/p>\n<h5 class=\"title-heading\"><span dir=\"auto\">INGREDIENTES CLAVE<\/span><\/h5>\n<div class=\"content-center\"><img \/><span dir=\"auto\">Aceites Acondicionadores para el Cabello &#8211; Aceite de Oliva y Aceite de Coco: Ayudan a proteger contra el da\u00f1o, brindan un aspecto liso y brillante, hidratan y dan al cabello da\u00f1ado y quebradizo una apariencia saludable. Queratina: Ayuda a reconstruir la capa protectora natural del cabello, haci\u00e9ndolo m\u00e1s fuerte y el\u00e1stico a la vez que reduce la rotura y la apertura del cabello. Tambi\u00e9n aumenta la capacidad del cabello para retener la humedad y reduce el frizz y los cabellos sueltos causados \u200b\u200bpor la sequedad. Vitamina E: tiene propiedades emolientes que ayudan a sellar la humedad en el tallo del cabello, manteni\u00e9ndolo acondicionado. Las propiedades antioxidantes de la vitamina E ayudan a reducir el da\u00f1o causado por el peinado con qu\u00edmicos y calor, reduce el frizz, la sequedad y la opacidad. Tambi\u00e9n fortalece y protege el cabello, dej\u00e1ndolo m\u00e1s saludable, fuerte, suave y brillante. Extracto de Henna: Ayuda a acondicionar el cabello, reparar el cabello da\u00f1ado, dej\u00e1ndolo m\u00e1s fuerte y brillante.<\/span><\/p>\n<\/div>\n<p><img decoding=\"async\" src=\"https:\/\/cdn.shopify.com\/s\/files\/1\/0717\/3334\/6626\/files\/black.png?v=1678250889\" \/><\/p>\n<h5 class=\"title-heading\"><span dir=\"auto\">C\u00f3mo utilizar<\/span><\/h5>\n<p><img decoding=\"async\" src=\"https:\/\/cdn.shopify.com\/s\/files\/1\/0717\/3334\/6626\/files\/hair-colopur-bottom.png?v=1678250889\" \/><\/p>\n<div class=\"content-center\">\n<p class=\"text-center\"><span dir=\"auto\">1. M\u00f3jate bien las manos. Aseg\u00farate de que tu cabello est\u00e9 completamente seco, sin grasa ni polvo. <\/span><\/p>\n<p class=\"text-center\"><span dir=\"auto\">2. El envase incluye dos champ\u00fas diferentes. Aplica el producto sobre las manos mojadas y m\u00e9zclalos bien. Deja que forme espuma. <\/span><\/p>\n<p class=\"text-center\"><span dir=\"auto\">3. Aplica la espuma uniformemente sobre el cabello y masajea bien. <\/span><\/p>\n<p class=\"text-center\"><span dir=\"auto\">4. L\u00e1vate las manos con jab\u00f3n o jab\u00f3n de manos dentro de los 3 minutos posteriores al contacto. <\/span><\/p>\n<p class=\"text-center\"><span dir=\"auto\">5. Espera de 10 a 15 minutos. Espera de 3 a 5 minutos adicionales si tienes m\u00e1s canas o para un color m\u00e1s intenso. Luego, enjuaga el cabello con abundante agua.<\/span><\/p>\n<\/div>\n","protected":false},"excerpt":{"rendered":"<p>HAIR COLOUR NATURAL BLACK El champ\u00fa COSMO Hair Color, enriquecido con vitamina E, aceite de oliva y keratina, es un<\/p>\n","protected":false},"featured_media":90225,"comment_status":"open","ping_status":"closed","template":"","meta":{"nf_dc_page":""},"product_brand":[103],"product_cat":[85],"product_tag":[],"class_list":{"0":"post-90224","1":"product","2":"type-product","3":"status-publish","4":"has-post-thumbnail","6":"product_brand-cosmo","7":"product_cat-cosmeticos","9":"first","10":"instock","11":"shipping-taxable","12":"purchasable","13":"product-type-simple"},"_links":{"self":[{"href":"https:\/\/brandss.com.py\/index\/wp-json\/wp\/v2\/product\/90224","targetHints":{"allow":["GET"]}}],"collection":[{"href":"https:\/\/brandss.com.py\/index\/wp-json\/wp\/v2\/product"}],"about":[{"href":"https:\/\/brandss.com.py\/index\/wp-json\/wp\/v2\/types\/product"}],"replies":[{"embeddable":true,"href":"https:\/\/brandss.com.py\/index\/wp-json\/wp\/v2\/comments?post=90224"}],"version-history":[{"count":1,"href":"https:\/\/brandss.com.py\/index\/wp-json\/wp\/v2\/product\/90224\/revisions"}],"predecessor-version":[{"id":90228,"href":"https:\/\/brandss.com.py\/index\/wp-json\/wp\/v2\/product\/90224\/revisions\/90228"}],"wp:featuredmedia":[{"embeddable":true,"href":"https:\/\/brandss.com.py\/index\/wp-json\/wp\/v2\/media\/90225"}],"wp:attachment":[{"href":"https:\/\/brandss.com.py\/index\/wp-json\/wp\/v2\/media?parent=90224"}],"wp:term":[{"taxonomy":"product_brand","embeddable":true,"href":"https:\/\/brandss.com.py\/index\/wp-json\/wp\/v2\/product_brand?post=90224"},{"taxonomy":"product_cat","embeddable":true,"href":"https:\/\/brandss.com.py\/index\/wp-json\/wp\/v2\/product_cat?post=90224"},{"taxonomy":"product_tag","embeddable":true,"href":"https:\/\/brandss.com.py\/index\/wp-json\/wp\/v2\/product_tag?post=90224"}],"curies":[{"name":"wp","href":"https:\/\/api.w.org\/{rel}","templated":true}]}}