{"id":90356,"date":"2025-09-12T16:59:08","date_gmt":"2025-09-12T16:59:08","guid":{"rendered":"https:\/\/brandss.com.py\/index\/?post_type=product&#038;p=90356"},"modified":"2025-10-29T13:58:24","modified_gmt":"2025-10-29T13:58:24","slug":"locion-corporal-cosmo-vitamin-c-sunscreen-sfp-50-175ml","status":"publish","type":"product","link":"https:\/\/brandss.com.py\/index\/producto\/locion-corporal-cosmo-vitamin-c-sunscreen-sfp-50-175ml\/","title":{"rendered":"LOCI\u00d3N CORPORAL COSMO VITAMIN C SUNSCREEN SFP 50 175ML"},"content":{"rendered":"<p><img loading=\"lazy\" decoding=\"async\" class=\"\" src=\"https:\/\/cosmocosmetics.ae\/cdn\/shop\/files\/logo-cosmo-regeister.png?v=1729761767&amp;width=340\" width=\"151\" height=\"32\" \/><\/p>\n<h1>VITAMIN C SUNSCREEN SFP 50<\/h1>\n<p><span dir=\"auto\">Ofrece protecci\u00f3n UVA\/UVB de amplio espectro para proteger tu piel del da\u00f1o solar. Enriquecida con vitamina C rica en antioxidantes, combate el da\u00f1o de los radicales libres y protege tu piel de los factores ambientales.<\/span><br \/>\n<span dir=\"auto\">Esta loci\u00f3n de protecci\u00f3n solar no solo protege, sino que tambi\u00e9n hidrata profundamente, ayudando a reducir la apariencia de hiperpigmentaci\u00f3n y manchas oscuras. Su f\u00f3rmula avanzada garantiza que tu piel se mantenga hidratada y luminosa, a la vez que mantiene una protecci\u00f3n solar \u00f3ptima.<\/span><\/p>\n<div class=\"experience-component experience-dynamic-productLongDescription\">\n<div id=\"longDescription\" class=\"container product-long-description\">\n<div class=\"row\">\n<div class=\"col-12 col-md-8 description-text\">\n<div class=\"metafield-rich_text_field\">\n<h5><span dir=\"auto\">CARACTER\u00cdSTICAS<\/span><\/h5>\n<ul>\n<li><span dir=\"auto\">Ofrece FPS 50 para una protecci\u00f3n integral contra los rayos UVA\/UVB.<\/span><\/li>\n<li><span dir=\"auto\">Enriquecido con vitamina C antioxidante para combatir los radicales libres.<\/span><\/li>\n<li><span dir=\"auto\">Hidrata profundamente mientras reduce la hiperpigmentaci\u00f3n.<\/span><\/li>\n<li><span dir=\"auto\">Protege contra los factores estresantes ambientales y mantiene la luminosidad de la piel.<\/span><\/li>\n<\/ul>\n<\/div>\n<\/div>\n<div class=\"col-12 col-md-4 description-icon\">\n<div class=\"content-asset\"><\/div>\n<\/div>\n<\/div>\n<\/div>\n<\/div>\n<div class=\"experience-component experience-dynamic-productIngredients\">\n<div id=\"productIngredients\" class=\"container product-ingredients mt-3\">\n<div class=\"row\">\n<div class=\"col-12 col-md-7 mt-3 mt-md-0 ingredients-copy\">\n<div class=\"content-asset\">\n<h5><span dir=\"auto\">TODOS LOS INGREDIENTES<\/span><\/h5>\n<p><span dir=\"auto\">LA VITAMINA <\/span><img loading=\"lazy\" decoding=\"async\" class=\"w-100 alignleft\" src=\"https:\/\/cosmocosmetics.ae\/cdn\/shop\/files\/Ing_28b0947c-5205-469b-896a-b078630fcff9.webp?v=1724235111\" width=\"169\" height=\"112\" \/>C ayuda a combatir los radicales libres y protege la piel del da\u00f1o causado por los factores estresantes ambientales al mismo tiempo que aborda los signos visibles del envejecimiento: fortalece la piel, rellena las arrugas y le da un aspecto m\u00e1s suave, fresco y radiante.<\/p>\n<\/div>\n<\/div>\n<\/div>\n<\/div>\n<\/div>\n","protected":false},"excerpt":{"rendered":"<p>VITAMIN C SUNSCREEN SFP 50 Ofrece protecci\u00f3n UVA\/UVB de amplio espectro para proteger tu piel del da\u00f1o solar. Enriquecida con<\/p>\n","protected":false},"featured_media":90357,"comment_status":"open","ping_status":"closed","template":"","meta":{"nf_dc_page":""},"product_brand":[103],"product_cat":[85],"product_tag":[1173],"class_list":{"0":"post-90356","1":"product","2":"type-product","3":"status-publish","4":"has-post-thumbnail","6":"product_brand-cosmo","7":"product_cat-cosmeticos","8":"product_tag-1173","10":"first","11":"outofstock","12":"shipping-taxable","13":"purchasable","14":"product-type-simple"},"_links":{"self":[{"href":"https:\/\/brandss.com.py\/index\/wp-json\/wp\/v2\/product\/90356","targetHints":{"allow":["GET"]}}],"collection":[{"href":"https:\/\/brandss.com.py\/index\/wp-json\/wp\/v2\/product"}],"about":[{"href":"https:\/\/brandss.com.py\/index\/wp-json\/wp\/v2\/types\/product"}],"replies":[{"embeddable":true,"href":"https:\/\/brandss.com.py\/index\/wp-json\/wp\/v2\/comments?post=90356"}],"version-history":[{"count":1,"href":"https:\/\/brandss.com.py\/index\/wp-json\/wp\/v2\/product\/90356\/revisions"}],"predecessor-version":[{"id":90359,"href":"https:\/\/brandss.com.py\/index\/wp-json\/wp\/v2\/product\/90356\/revisions\/90359"}],"wp:featuredmedia":[{"embeddable":true,"href":"https:\/\/brandss.com.py\/index\/wp-json\/wp\/v2\/media\/90357"}],"wp:attachment":[{"href":"https:\/\/brandss.com.py\/index\/wp-json\/wp\/v2\/media?parent=90356"}],"wp:term":[{"taxonomy":"product_brand","embeddable":true,"href":"https:\/\/brandss.com.py\/index\/wp-json\/wp\/v2\/product_brand?post=90356"},{"taxonomy":"product_cat","embeddable":true,"href":"https:\/\/brandss.com.py\/index\/wp-json\/wp\/v2\/product_cat?post=90356"},{"taxonomy":"product_tag","embeddable":true,"href":"https:\/\/brandss.com.py\/index\/wp-json\/wp\/v2\/product_tag?post=90356"}],"curies":[{"name":"wp","href":"https:\/\/api.w.org\/{rel}","templated":true}]}}