{"id":90384,"date":"2025-09-13T10:27:54","date_gmt":"2025-09-13T10:27:54","guid":{"rendered":"https:\/\/brandss.com.py\/index\/?post_type=product&#038;p=90384"},"modified":"2025-09-13T10:29:59","modified_gmt":"2025-09-13T10:29:59","slug":"crema-corporal-cosmo-carrot-500ml","status":"publish","type":"product","link":"https:\/\/brandss.com.py\/index\/producto\/crema-corporal-cosmo-carrot-500ml\/","title":{"rendered":"CREMA CORPORAL COSMO CARROT 500ML"},"content":{"rendered":"<p><img loading=\"lazy\" decoding=\"async\" class=\"\" src=\"https:\/\/cosmocosmetics.ae\/cdn\/shop\/files\/logo-cosmo-regeister.png?v=1729761767&amp;width=340\" width=\"99\" height=\"21\" \/><\/p>\n<h1>CARROT<\/h1>\n<p>Experimenta la hidrataci\u00f3n definitiva con nuestra Crema Corporal Luminosidad de Zanahoria. Esta crema corporal de r\u00e1pida absorci\u00f3n proporciona una hidrataci\u00f3n intensa y duradera, dejando tu piel suave, tersa y radiante. Enriquecida con aceite de zanahoria, rico en vitamina A y carotenoides, realza la luminosidad y la textura de la piel a la vez que combate los signos del envejecimiento.<\/p>\n<h5><span dir=\"auto\">CARACTER\u00cdSTICAS<\/span><\/h5>\n<ul>\n<li><span dir=\"auto\">Proporciona hidrataci\u00f3n duradera para mantener la piel suave y tersa.<\/span><\/li>\n<li><span dir=\"auto\">El aceite de zanahoria mejora la tez de la piel para un brillo natural y radiante.<\/span><\/li>\n<li><span dir=\"auto\">Combate los signos del envejecimiento con altos niveles de antioxidantes.<\/span><\/li>\n<li><span dir=\"auto\">Promueve una textura y apariencia saludable de la piel.<\/span><\/li>\n<li><span dir=\"auto\">No deja residuos grasos para un uso c\u00f3modo y diario.<\/span><\/li>\n<li><span dir=\"auto\">Ayuda a mantener la suavidad y la hidrataci\u00f3n durante todo el d\u00eda.<\/span><\/li>\n<\/ul>\n","protected":false},"excerpt":{"rendered":"<p>CARROT Experimenta la hidrataci\u00f3n definitiva con nuestra Crema Corporal Luminosidad de Zanahoria. Esta crema corporal de r\u00e1pida absorci\u00f3n proporciona una<\/p>\n","protected":false},"featured_media":90385,"comment_status":"open","ping_status":"closed","template":"","meta":{"nf_dc_page":""},"product_brand":[103],"product_cat":[85],"product_tag":[],"class_list":{"0":"post-90384","1":"product","2":"type-product","3":"status-publish","4":"has-post-thumbnail","6":"product_brand-cosmo","7":"product_cat-cosmeticos","9":"first","10":"instock","11":"shipping-taxable","12":"purchasable","13":"product-type-simple"},"_links":{"self":[{"href":"https:\/\/brandss.com.py\/index\/wp-json\/wp\/v2\/product\/90384","targetHints":{"allow":["GET"]}}],"collection":[{"href":"https:\/\/brandss.com.py\/index\/wp-json\/wp\/v2\/product"}],"about":[{"href":"https:\/\/brandss.com.py\/index\/wp-json\/wp\/v2\/types\/product"}],"replies":[{"embeddable":true,"href":"https:\/\/brandss.com.py\/index\/wp-json\/wp\/v2\/comments?post=90384"}],"version-history":[{"count":1,"href":"https:\/\/brandss.com.py\/index\/wp-json\/wp\/v2\/product\/90384\/revisions"}],"predecessor-version":[{"id":90386,"href":"https:\/\/brandss.com.py\/index\/wp-json\/wp\/v2\/product\/90384\/revisions\/90386"}],"wp:featuredmedia":[{"embeddable":true,"href":"https:\/\/brandss.com.py\/index\/wp-json\/wp\/v2\/media\/90385"}],"wp:attachment":[{"href":"https:\/\/brandss.com.py\/index\/wp-json\/wp\/v2\/media?parent=90384"}],"wp:term":[{"taxonomy":"product_brand","embeddable":true,"href":"https:\/\/brandss.com.py\/index\/wp-json\/wp\/v2\/product_brand?post=90384"},{"taxonomy":"product_cat","embeddable":true,"href":"https:\/\/brandss.com.py\/index\/wp-json\/wp\/v2\/product_cat?post=90384"},{"taxonomy":"product_tag","embeddable":true,"href":"https:\/\/brandss.com.py\/index\/wp-json\/wp\/v2\/product_tag?post=90384"}],"curies":[{"name":"wp","href":"https:\/\/api.w.org\/{rel}","templated":true}]}}