{"id":90396,"date":"2025-09-13T11:52:06","date_gmt":"2025-09-13T11:52:06","guid":{"rendered":"https:\/\/brandss.com.py\/index\/?post_type=product&#038;p=90396"},"modified":"2026-02-13T10:58:51","modified_gmt":"2026-02-13T10:58:51","slug":"aceite-capilar-cosmo-argan-hair-repairing-325ml","status":"publish","type":"product","link":"https:\/\/brandss.com.py\/index\/producto\/aceite-capilar-cosmo-argan-hair-repairing-325ml\/","title":{"rendered":"ACEITE CAPILAR COSMO ARGAN HAIR REPAIRING 325ML"},"content":{"rendered":"<p><img loading=\"lazy\" decoding=\"async\" class=\"\" src=\"https:\/\/cosmocosmetics.ae\/cdn\/shop\/files\/logo-cosmo-regeister.png?v=1729761767&amp;width=340\" width=\"132\" height=\"28\" \/><\/p>\n<h1>ARGAN HAIR REPAIRING<\/h1>\n<p>El Aceite Capilar de Arg\u00e1n COSMO nutre y revitaliza excepcionalmente todo tipo de cabello. Extra\u00eddo de las semillas del \u00e1rbol de arg\u00e1n, este aceite premium es rico en antioxidantes, vitamina E y \u00e1cidos grasos esenciales, hidratando y reparando profundamente el cabello. Su f\u00f3rmula ligera y no grasa se absorbe r\u00e1pidamente, realzando el brillo, la suavidad y la fuerza, a la vez que previene las puntas abiertas y la rotura. Ideal para usar como tratamiento prechamp\u00fa, como ayuda para peinar o como acondicionador diario sin enjuague, el Aceite Capilar de Arg\u00e1n COSMO ofrece una soluci\u00f3n pura y sin crueldad para un cabello radiante y saludable.<\/p>\n<div class=\"experience-component experience-dynamic-productLongDescription\">\n<div id=\"longDescription\" class=\"container product-long-description\">\n<div class=\"row\">\n<div class=\"col-12 col-md-8 description-text\">\n<div class=\"metafield-rich_text_field\">\n<h5><span dir=\"auto\">CARACTER\u00cdSTICAS<\/span><\/h5>\n<ul>\n<li><span dir=\"auto\">Nutrici\u00f3n profunda: Rica en antioxidantes y \u00e1cidos grasos esenciales para una hidrataci\u00f3n intensiva.<\/span><\/li>\n<li><span dir=\"auto\">Mejora el brillo: a\u00f1ade un acabado radiante y brillante a tu cabello.<\/span><\/li>\n<li><span dir=\"auto\">Fortalece el cabello: reduce la rotura y previene las puntas abiertas para lograr hebras m\u00e1s saludables.<\/span><\/li>\n<li><span dir=\"auto\">Uso vers\u00e1til: adecuado como tratamiento previo al champ\u00fa, ayuda para el peinado o acondicionador sin enjuague.<\/span><\/li>\n<li><span dir=\"auto\">Absorci\u00f3n r\u00e1pida: La f\u00f3rmula ligera y no grasa se absorbe sin esfuerzo.<\/span><\/li>\n<li><span dir=\"auto\">F\u00f3rmula pura: libre de crueldad animal, sin parabenos y sin sulfatos para una opci\u00f3n segura para el cuidado del cabello.<\/span><\/li>\n<\/ul>\n<\/div>\n<\/div>\n<div class=\"col-12 col-md-4 description-icon\">\n<div class=\"content-asset\"><\/div>\n<\/div>\n<\/div>\n<\/div>\n<\/div>\n<div class=\"experience-component experience-dynamic-productRoutineCustom\">\n<div id=\"productRoutine\" class=\"container-fluid product-routine-custom\">\n<div class=\"row custom\">\n<div class=\"col-12 carousel-heading mb-1\">\n<h5 class=\"carousel-title brand-primary\"><span dir=\"auto\">MODO DE EMPLEO<\/span><\/h5>\n<\/div>\n<\/div>\n<div class=\"row routine-wrapper\">\n<div class=\"col-12 product-routine-custom-line\">\n<div class=\"content-asset\">\n<div class=\"routine-item\">\n<div class=\"routine-image\"><img loading=\"lazy\" decoding=\"async\" class=\"w-100 alignleft\" src=\"https:\/\/cosmocosmetics.ae\/cdn\/shop\/files\/New_Project_7.png?v=1723878150\" alt=\"\" width=\"160\" height=\"159\" \/><\/p>\n<div class=\"routine-middle col-md-12\">\n<p>&nbsp;<\/p>\n<p class=\"routine-step\"><span dir=\"auto\">PASO 1: Solicitud<\/span><\/p>\n<div class=\"routine-copy\"><span dir=\"auto\">Roc\u00ede sobre el cabello seco en r\u00e1fagas cortas. Si la v\u00e1lvula se obstruye, enjuague con agua tibia.<\/span><\/div>\n<\/div>\n<\/div>\n<\/div>\n<\/div>\n<\/div>\n<div class=\"col-12 product-routine-custom-line\">\n<div class=\"content-asset\">\n<div class=\"routine-item\">\n<div class=\"routine-image\"><img loading=\"lazy\" decoding=\"async\" class=\"w-100 alignleft\" src=\"https:\/\/cosmocosmetics.ae\/cdn\/shop\/files\/New_Project_11.png?v=1723879035\" alt=\"\" width=\"160\" height=\"157\" \/><\/p>\n<div class=\"routine-middle col-md-12\">\n<p>&nbsp;<\/p>\n<p class=\"routine-step\"><span dir=\"auto\">PASO 2: Para el acabado<\/span><\/p>\n<div class=\"routine-copy\"><span dir=\"auto\">Mantenga una distancia de 30 cm al pulverizar.<\/span><\/div>\n<\/div>\n<\/div>\n<\/div>\n<\/div>\n<\/div>\n<div class=\"col-12 product-routine-custom-line\">\n<div class=\"content-asset\">\n<div class=\"routine-item\">\n<div class=\"routine-image\"><img loading=\"lazy\" decoding=\"async\" class=\"w-100 alignleft\" src=\"https:\/\/cosmocosmetics.ae\/cdn\/shop\/files\/New_Project_9.png?v=1723878163\" alt=\"\" width=\"164\" height=\"158\" \/><\/p>\n<div class=\"routine-middle col-md-12\">\n<p>&nbsp;<\/p>\n<p class=\"routine-step\"><span dir=\"auto\">PASO 3: Para definici\u00f3n y fijaci\u00f3n<\/span><\/p>\n<div class=\"routine-copy\"><span dir=\"auto\">Roc\u00ede selectivamente sobre secciones individuales de cabello desde la ra\u00edz hasta las puntas y d\u00e9le la forma deseada.<\/span><\/div>\n<\/div>\n<div><\/div>\n<\/div>\n<\/div>\n<\/div>\n<\/div>\n<\/div>\n<\/div>\n<\/div>\n<div class=\"experience-component experience-dynamic-productIngredients\">\n<div id=\"productIngredients\" class=\"container product-ingredients mt-3\">\n<div class=\"row\">\n<div class=\"col-12 col-md-7 mt-3 mt-md-0 ingredients-copy\">\n<div class=\"content-asset\">\n<h2><\/h2>\n<h5><span dir=\"auto\">TODOS LOS INGREDIENTES<\/span><\/h5>\n<p><span dir=\"auto\">Vaselina blanca, parafina l\u00edquida ligera, aceite de arg\u00e1n, aceite de almendras, manteca de karit\u00e9, lanolina, cera de abejas, aceite de girasol, acetato de vitamina E, palmitato de vitamina A, triacetato de pantenilo, prote\u00edna de trigo hidrolizada con isostearoilo, piroctona olamina, octilmetoxi<\/span><img loading=\"lazy\" decoding=\"async\" class=\"w-100 alignleft\" src=\"https:\/\/cosmocosmetics.ae\/cdn\/shop\/files\/Argan_oil_4befe686-8285-49e5-bff0-ba0907411a28.webp?v=1723889206\" width=\"222\" height=\"147\" \/>\u00a0cinamato, fenoxietanol, BHT, perfume, alcohol benc\u00edlico, citronelol, alfa isometil ionona, hidroxiisohexil-3-ciclohexeno carboxaldeh\u00eddo, butilfenil metilpropional, limoneno, linalol, CI 26100, CI 61565, CI 47000, CI 60725.<\/p>\n<p>Aviso legal: Tenga en cuenta que las listas de ingredientes pueden cambiar o variar ocasionalmente. Consulte la lista de ingredientes en el paquete del producto que reciba para obtener la lista de ingredientes m\u00e1s actualizada.<\/p>\n<\/div>\n<\/div>\n<\/div>\n<\/div>\n<\/div>\n","protected":false},"excerpt":{"rendered":"<p>ARGAN HAIR REPAIRING El Aceite Capilar de Arg\u00e1n COSMO nutre y revitaliza excepcionalmente todo tipo de cabello. Extra\u00eddo de las<\/p>\n","protected":false},"featured_media":90397,"comment_status":"open","ping_status":"closed","template":"","meta":{"nf_dc_page":""},"product_brand":[103],"product_cat":[85],"product_tag":[],"class_list":{"0":"post-90396","1":"product","2":"type-product","3":"status-publish","4":"has-post-thumbnail","6":"product_brand-cosmo","7":"product_cat-cosmeticos","9":"first","10":"instock","11":"shipping-taxable","12":"purchasable","13":"product-type-simple"},"_links":{"self":[{"href":"https:\/\/brandss.com.py\/index\/wp-json\/wp\/v2\/product\/90396","targetHints":{"allow":["GET"]}}],"collection":[{"href":"https:\/\/brandss.com.py\/index\/wp-json\/wp\/v2\/product"}],"about":[{"href":"https:\/\/brandss.com.py\/index\/wp-json\/wp\/v2\/types\/product"}],"replies":[{"embeddable":true,"href":"https:\/\/brandss.com.py\/index\/wp-json\/wp\/v2\/comments?post=90396"}],"version-history":[{"count":1,"href":"https:\/\/brandss.com.py\/index\/wp-json\/wp\/v2\/product\/90396\/revisions"}],"predecessor-version":[{"id":90400,"href":"https:\/\/brandss.com.py\/index\/wp-json\/wp\/v2\/product\/90396\/revisions\/90400"}],"wp:featuredmedia":[{"embeddable":true,"href":"https:\/\/brandss.com.py\/index\/wp-json\/wp\/v2\/media\/90397"}],"wp:attachment":[{"href":"https:\/\/brandss.com.py\/index\/wp-json\/wp\/v2\/media?parent=90396"}],"wp:term":[{"taxonomy":"product_brand","embeddable":true,"href":"https:\/\/brandss.com.py\/index\/wp-json\/wp\/v2\/product_brand?post=90396"},{"taxonomy":"product_cat","embeddable":true,"href":"https:\/\/brandss.com.py\/index\/wp-json\/wp\/v2\/product_cat?post=90396"},{"taxonomy":"product_tag","embeddable":true,"href":"https:\/\/brandss.com.py\/index\/wp-json\/wp\/v2\/product_tag?post=90396"}],"curies":[{"name":"wp","href":"https:\/\/api.w.org\/{rel}","templated":true}]}}