{"id":90405,"date":"2025-09-13T12:25:53","date_gmt":"2025-09-13T12:25:53","guid":{"rendered":"https:\/\/brandss.com.py\/index\/?post_type=product&#038;p=90405"},"modified":"2025-09-13T12:26:49","modified_gmt":"2025-09-13T12:26:49","slug":"gel-de-ducha-corporal-cosmo-temptation-vanilla-1000ml","status":"publish","type":"product","link":"https:\/\/brandss.com.py\/index\/producto\/gel-de-ducha-corporal-cosmo-temptation-vanilla-1000ml\/","title":{"rendered":"GEL DE DUCHA CORPORAL COSMO TEMPTATION VANILLA 1000ML"},"content":{"rendered":"<p><img loading=\"lazy\" decoding=\"async\" class=\"\" src=\"https:\/\/cosmocosmetics.ae\/cdn\/shop\/files\/logo-cosmo-regeister.png?v=1729761767&amp;width=340\" width=\"170\" height=\"36\" \/><\/p>\n<h1>TEMPTATION VANILLA<\/h1>\n<p><span dir=\"auto\">El gel de ducha es un l\u00edquido especializado que se utiliza para limpiar el cuerpo durante la ducha y obtener un gel de ba\u00f1o cremoso.<\/span><\/p>\n<h5 class=\"ql-align-justify\"><strong><span dir=\"auto\">Caracter\u00edsticas<\/span><\/strong><\/h5>\n<ul>\n<li class=\"ql-align-justify\"><span dir=\"auto\">Proporciona hidrataci\u00f3n duradera a la piel gracias a su f\u00f3rmula rica en ingredientes naturales que nutren y cuidan la piel.<\/span><\/li>\n<li class=\"ql-align-justify\"><span dir=\"auto\">Deja la piel limpia y fresca sin causar sequedad, proporcionando una experiencia de ba\u00f1o lujosa y confortable durante todo el d\u00eda.<\/span><\/li>\n<li class=\"ql-align-justify\"><span dir=\"auto\">Contiene vitamina E, conocida por sus propiedades antioxidantes, que ayuda a proteger la piel de factores nocivos.<\/span><\/li>\n<li class=\"ql-align-justify\"><span dir=\"auto\">El extracto de aloe vera calma la piel sensible y reduce la irritaci\u00f3n, dej\u00e1ndola m\u00e1s c\u00f3moda y suave despu\u00e9s de su uso.<\/span><\/li>\n<li class=\"ql-align-justify\"><span dir=\"auto\">La manteca de karit\u00e9 a\u00f1ade una capa protectora natural a la piel y la mantiene hidratada.<\/span><\/li>\n<li class=\"ql-align-justify\"><span dir=\"auto\">Cuenta con una fragancia de vainilla c\u00e1lida y duradera, que te hace sentir fresca y atractiva despu\u00e9s de cada ducha.<\/span><\/li>\n<\/ul>\n<h5 class=\"ql-align-justify\"><strong><span dir=\"auto\">Instrucciones de uso:<\/span><\/strong><\/h5>\n<ul>\n<li class=\"ql-align-justify\"><span dir=\"auto\">Moja tu cuerpo con agua tibia para preparar la piel.<\/span><\/li>\n<li class=\"ql-align-justify\"><span dir=\"auto\">Aplique una cantidad adecuada de gel en las manos o en una esponja de ducha.<\/span><\/li>\n<li class=\"ql-align-justify\"><span dir=\"auto\">Masajear suavemente el cuerpo con movimientos circulares hasta formar una espuma abundante.<\/span><\/li>\n<li class=\"ql-align-justify\"><span dir=\"auto\">Enjuague bien el cuerpo con agua para eliminar completamente el gel.<\/span><\/li>\n<\/ul>\n<p><strong><span dir=\"auto\">Disfrute de una experiencia de ducha refrescante que deja su piel suave, hidratada y maravillosamente perfumada todos los d\u00edas.<\/span><\/strong><\/p>\n","protected":false},"excerpt":{"rendered":"<p>TEMPTATION VANILLA El gel de ducha es un l\u00edquido especializado que se utiliza para limpiar el cuerpo durante la ducha<\/p>\n","protected":false},"featured_media":90406,"comment_status":"open","ping_status":"closed","template":"","meta":{"nf_dc_page":""},"product_brand":[103],"product_cat":[94],"product_tag":[],"class_list":{"0":"post-90405","1":"product","2":"type-product","3":"status-publish","4":"has-post-thumbnail","6":"product_brand-cosmo","7":"product_cat-higiene-personal","9":"first","10":"instock","11":"shipping-taxable","12":"purchasable","13":"product-type-simple"},"_links":{"self":[{"href":"https:\/\/brandss.com.py\/index\/wp-json\/wp\/v2\/product\/90405","targetHints":{"allow":["GET"]}}],"collection":[{"href":"https:\/\/brandss.com.py\/index\/wp-json\/wp\/v2\/product"}],"about":[{"href":"https:\/\/brandss.com.py\/index\/wp-json\/wp\/v2\/types\/product"}],"replies":[{"embeddable":true,"href":"https:\/\/brandss.com.py\/index\/wp-json\/wp\/v2\/comments?post=90405"}],"version-history":[{"count":1,"href":"https:\/\/brandss.com.py\/index\/wp-json\/wp\/v2\/product\/90405\/revisions"}],"predecessor-version":[{"id":90408,"href":"https:\/\/brandss.com.py\/index\/wp-json\/wp\/v2\/product\/90405\/revisions\/90408"}],"wp:featuredmedia":[{"embeddable":true,"href":"https:\/\/brandss.com.py\/index\/wp-json\/wp\/v2\/media\/90406"}],"wp:attachment":[{"href":"https:\/\/brandss.com.py\/index\/wp-json\/wp\/v2\/media?parent=90405"}],"wp:term":[{"taxonomy":"product_brand","embeddable":true,"href":"https:\/\/brandss.com.py\/index\/wp-json\/wp\/v2\/product_brand?post=90405"},{"taxonomy":"product_cat","embeddable":true,"href":"https:\/\/brandss.com.py\/index\/wp-json\/wp\/v2\/product_cat?post=90405"},{"taxonomy":"product_tag","embeddable":true,"href":"https:\/\/brandss.com.py\/index\/wp-json\/wp\/v2\/product_tag?post=90405"}],"curies":[{"name":"wp","href":"https:\/\/api.w.org\/{rel}","templated":true}]}}