{"id":90424,"date":"2025-09-13T13:26:08","date_gmt":"2025-09-13T13:26:08","guid":{"rendered":"https:\/\/brandss.com.py\/index\/?post_type=product&#038;p=90424"},"modified":"2025-09-13T13:26:41","modified_gmt":"2025-09-13T13:26:41","slug":"shampoo-capilar-cosmo-profesional-scalp-relief-anti-dandruff-1000ml","status":"publish","type":"product","link":"https:\/\/brandss.com.py\/index\/producto\/shampoo-capilar-cosmo-profesional-scalp-relief-anti-dandruff-1000ml\/","title":{"rendered":"SHAMPOO CAPILAR COSMO PROFESIONAL SCALP RELIEF ANTI-DANDRUFF 1000ML"},"content":{"rendered":"<p><img loading=\"lazy\" decoding=\"async\" class=\"\" src=\"https:\/\/cosmocosmetics.ae\/cdn\/shop\/files\/logo-cosmo-regeister.png?v=1729761767&amp;width=340\" width=\"165\" height=\"35\" \/><\/p>\n<h1>SCALP RELIEF ANTI-DANDRUFF<\/h1>\n<p><span dir=\"auto\">La caspa recurrente es una gran preocupaci\u00f3n para muchos. Nuestra gama de productos anticaspa <\/span><span dir=\"auto\">est\u00e1 espec\u00edficamente formulada con agentes anticaspa <\/span><span dir=\"auto\">para purificar el cuero cabelludo y eliminar la descamaci\u00f3n, mientras que los <\/span><span dir=\"auto\">agentes hidratantes y calmantes alivian la sequedad, el picor y suavizan el <\/span><span dir=\"auto\">cuero cabelludo, dejando el cabello brillante y manejable.<\/span><\/p>\n<p><strong><span dir=\"auto\">RESULTADOS<\/span><\/strong><br \/>\n<span dir=\"auto\">\u2022 Cuero cabelludo limpio y saludable que se siente fresco.<\/span><br \/>\n<span dir=\"auto\">\u2022 Elimina las escamas sueltas de caspa.<\/span><br \/>\n<span dir=\"auto\">\u2022 Hidrata y alivia la irritaci\u00f3n y la picaz\u00f3n del cuero cabelludo.<\/span><br \/>\n<span dir=\"auto\">\u2022 Mejora el brillo y la manejabilidad.<\/span><\/p>\n<p><strong><span dir=\"auto\">INGREDIENTE ACTIVO<\/span><\/strong><br \/>\n<span dir=\"auto\">PIROCTONE OLAMINE<\/span><br \/>\n<span dir=\"auto\">\u2022 Conocido por sus propiedades antif\u00fangicas<\/span><br \/>\n<span dir=\"auto\">\u2022 Reduce la caspa y la irritaci\u00f3n del cuero cabelludo. MEZCLA DE ACEITES Y EXTRACTOS<\/span><br \/>\n<span dir=\"auto\">\u2022 Calma e hidrata el cuero cabelludo con picaz\u00f3n. Adem\u00e1s, ayuda a reducir las impurezas y a regular la producci\u00f3n de sebo para solucionar los problemas asociados con el exceso de grasa o la sequedad del cuero cabelludo<\/span><br \/>\n<span dir=\"auto\">\u2022 Fortalece y reduce la rotura del cabello.<\/span><\/p>\n","protected":false},"excerpt":{"rendered":"<p>SCALP RELIEF ANTI-DANDRUFF La caspa recurrente es una gran preocupaci\u00f3n para muchos. Nuestra gama de productos anticaspa est\u00e1 espec\u00edficamente formulada<\/p>\n","protected":false},"featured_media":90425,"comment_status":"open","ping_status":"closed","template":"","meta":{"nf_dc_page":""},"product_brand":[103],"product_cat":[85],"product_tag":[],"class_list":{"0":"post-90424","1":"product","2":"type-product","3":"status-publish","4":"has-post-thumbnail","6":"product_brand-cosmo","7":"product_cat-cosmeticos","9":"first","10":"instock","11":"shipping-taxable","12":"purchasable","13":"product-type-simple"},"_links":{"self":[{"href":"https:\/\/brandss.com.py\/index\/wp-json\/wp\/v2\/product\/90424","targetHints":{"allow":["GET"]}}],"collection":[{"href":"https:\/\/brandss.com.py\/index\/wp-json\/wp\/v2\/product"}],"about":[{"href":"https:\/\/brandss.com.py\/index\/wp-json\/wp\/v2\/types\/product"}],"replies":[{"embeddable":true,"href":"https:\/\/brandss.com.py\/index\/wp-json\/wp\/v2\/comments?post=90424"}],"version-history":[{"count":1,"href":"https:\/\/brandss.com.py\/index\/wp-json\/wp\/v2\/product\/90424\/revisions"}],"predecessor-version":[{"id":90427,"href":"https:\/\/brandss.com.py\/index\/wp-json\/wp\/v2\/product\/90424\/revisions\/90427"}],"wp:featuredmedia":[{"embeddable":true,"href":"https:\/\/brandss.com.py\/index\/wp-json\/wp\/v2\/media\/90425"}],"wp:attachment":[{"href":"https:\/\/brandss.com.py\/index\/wp-json\/wp\/v2\/media?parent=90424"}],"wp:term":[{"taxonomy":"product_brand","embeddable":true,"href":"https:\/\/brandss.com.py\/index\/wp-json\/wp\/v2\/product_brand?post=90424"},{"taxonomy":"product_cat","embeddable":true,"href":"https:\/\/brandss.com.py\/index\/wp-json\/wp\/v2\/product_cat?post=90424"},{"taxonomy":"product_tag","embeddable":true,"href":"https:\/\/brandss.com.py\/index\/wp-json\/wp\/v2\/product_tag?post=90424"}],"curies":[{"name":"wp","href":"https:\/\/api.w.org\/{rel}","templated":true}]}}