{"id":90478,"date":"2025-09-13T18:37:40","date_gmt":"2025-09-13T18:37:40","guid":{"rendered":"https:\/\/brandss.com.py\/index\/?post_type=product&#038;p=90478"},"modified":"2025-09-13T18:38:23","modified_gmt":"2025-09-13T18:38:23","slug":"exfoliante-de-ducha-corporal-cosmo-temptation-lavender-1000ml","status":"publish","type":"product","link":"https:\/\/brandss.com.py\/index\/producto\/exfoliante-de-ducha-corporal-cosmo-temptation-lavender-1000ml\/","title":{"rendered":"EXFOLIANTE DE DUCHA CORPORAL COSMO TEMPTATION LAVENDER 1000ML"},"content":{"rendered":"<p><img loading=\"lazy\" decoding=\"async\" class=\"\" src=\"https:\/\/cosmocosmetics.ae\/cdn\/shop\/files\/logo-cosmo-regeister.png?v=1729761767&amp;width=340\" width=\"170\" height=\"36\" \/><\/p>\n<h1>TEMPTATION LAVENDER<\/h1>\n<p>Disfrute de una lujosa experiencia de limpieza con el Exfoliante de Ducha de Lavanda Temptation. Formulado con extractos que no da\u00f1an la piel y piedra p\u00f3mez natural, este exfoliante exfolia suavemente, eliminando impurezas y c\u00e9lulas muertas para una tez fresca y radiante. Enriquecido con extracto de flor de lavanda calmante, deja la piel suave, tersa e hidratada en profundidad. Perfecto para uso diario, transforma su ducha en un aut\u00e9ntico spa.<\/p>\n<h5><span dir=\"auto\">CARACTER\u00cdSTICAS<\/span><\/h5>\n<ul>\n<li><span dir=\"auto\">Exfolia suavemente con piedra p\u00f3mez natural.<\/span><\/li>\n<li><span dir=\"auto\">Enriquecido con extracto calmante de flor de lavanda.<\/span><\/li>\n<li><span dir=\"auto\">Elimina impurezas y c\u00e9lulas muertas de la piel.<\/span><\/li>\n<li><span dir=\"auto\">Deja la piel suave, tersa e hidratada.<\/span><\/li>\n<\/ul>\n","protected":false},"excerpt":{"rendered":"<p>TEMPTATION LAVENDER Disfrute de una lujosa experiencia de limpieza con el Exfoliante de Ducha de Lavanda Temptation. Formulado con extractos<\/p>\n","protected":false},"featured_media":90479,"comment_status":"open","ping_status":"closed","template":"","meta":{"nf_dc_page":""},"product_brand":[103],"product_cat":[94],"product_tag":[],"class_list":{"0":"post-90478","1":"product","2":"type-product","3":"status-publish","4":"has-post-thumbnail","6":"product_brand-cosmo","7":"product_cat-higiene-personal","9":"first","10":"instock","11":"shipping-taxable","12":"purchasable","13":"product-type-simple"},"_links":{"self":[{"href":"https:\/\/brandss.com.py\/index\/wp-json\/wp\/v2\/product\/90478","targetHints":{"allow":["GET"]}}],"collection":[{"href":"https:\/\/brandss.com.py\/index\/wp-json\/wp\/v2\/product"}],"about":[{"href":"https:\/\/brandss.com.py\/index\/wp-json\/wp\/v2\/types\/product"}],"replies":[{"embeddable":true,"href":"https:\/\/brandss.com.py\/index\/wp-json\/wp\/v2\/comments?post=90478"}],"version-history":[{"count":1,"href":"https:\/\/brandss.com.py\/index\/wp-json\/wp\/v2\/product\/90478\/revisions"}],"predecessor-version":[{"id":90481,"href":"https:\/\/brandss.com.py\/index\/wp-json\/wp\/v2\/product\/90478\/revisions\/90481"}],"wp:featuredmedia":[{"embeddable":true,"href":"https:\/\/brandss.com.py\/index\/wp-json\/wp\/v2\/media\/90479"}],"wp:attachment":[{"href":"https:\/\/brandss.com.py\/index\/wp-json\/wp\/v2\/media?parent=90478"}],"wp:term":[{"taxonomy":"product_brand","embeddable":true,"href":"https:\/\/brandss.com.py\/index\/wp-json\/wp\/v2\/product_brand?post=90478"},{"taxonomy":"product_cat","embeddable":true,"href":"https:\/\/brandss.com.py\/index\/wp-json\/wp\/v2\/product_cat?post=90478"},{"taxonomy":"product_tag","embeddable":true,"href":"https:\/\/brandss.com.py\/index\/wp-json\/wp\/v2\/product_tag?post=90478"}],"curies":[{"name":"wp","href":"https:\/\/api.w.org\/{rel}","templated":true}]}}