{"id":90486,"date":"2025-09-13T18:55:57","date_gmt":"2025-09-13T18:55:57","guid":{"rendered":"https:\/\/brandss.com.py\/index\/?post_type=product&#038;p=90486"},"modified":"2025-09-13T18:56:32","modified_gmt":"2025-09-13T18:56:32","slug":"exfoliante-de-ducha-corporal-cosmo-temptation-apricot-1000ml","status":"publish","type":"product","link":"https:\/\/brandss.com.py\/index\/producto\/exfoliante-de-ducha-corporal-cosmo-temptation-apricot-1000ml\/","title":{"rendered":"EXFOLIANTE DE DUCHA CORPORAL COSMO TEMPTATION APRICOT 1000ML"},"content":{"rendered":"<p><img loading=\"lazy\" decoding=\"async\" class=\"\" src=\"https:\/\/cosmocosmetics.ae\/cdn\/shop\/files\/logo-cosmo-regeister.png?v=1729761767&amp;width=340\" width=\"170\" height=\"36\" \/><\/p>\n<h1>TEMPTATION APRICOT<\/h1>\n<p>Disfrute de una experiencia de ducha tentadora con el gel de ducha Temptation de COSMO en albaricoque tropical. Enriquecido con extractos naturales de albaricoque, este gel ofrece una forma refrescante y revitalizante de limpiar y nutrir su piel. Su aroma tropical crea una atm\u00f3sfera vigorizante y lujosa que realza su rutina de ducha. El gel de ducha Temptation de COSMO en albaricoque tropical cuenta con una f\u00f3rmula hidratante y nutritiva que limpia suavemente la piel a la vez que proporciona una hidrataci\u00f3n profunda. Crea espuma f\u00e1cilmente, dejando una textura lujosa y cremosa que se siente incre\u00edble en la piel. Adem\u00e1s, no contiene qu\u00edmicos agresivos ni fragancias sint\u00e9ticas, lo que lo hace perfecto para pieles sensibles o secas.<\/p>\n<h5><span dir=\"auto\">CARACTER\u00cdSTICAS<\/span><\/h5>\n<p>&nbsp;<\/p>\n<ul>\n<li><span dir=\"auto\">El aroma rico y tropical de la papaya crea una atm\u00f3sfera animada y refrescante, permiti\u00e9ndote llevar tu experiencia de ducha al siguiente nivel.<\/span><\/li>\n<li><span dir=\"auto\">La dulce fragancia mejora instant\u00e1neamente tu estado de \u00e1nimo, dej\u00e1ndote sinti\u00e9ndote lleno de energ\u00eda y revitalizado.<\/span><\/li>\n<li><span dir=\"auto\">Es perfecto para cualquier persona que quiera un peque\u00f1o impulso adicional para comenzar el d\u00eda sinti\u00e9ndose renovado.<\/span><\/li>\n<li><span dir=\"auto\">Para utilizar el gel de ducha Temptation de COSMO, simplemente aplique una peque\u00f1a cantidad sobre su piel h\u00fameda, haga espuma y enjuague para disfrutar de una experiencia de ducha lujosamente suave y refrescante.<\/span><\/li>\n<li><span dir=\"auto\">Tambi\u00e9n puedes usarlo como ba\u00f1o de burbujas para una experiencia decadente y arom\u00e1tica que mimar\u00e1 y nutrir\u00e1 tu piel.<\/span><\/li>\n<\/ul>\n","protected":false},"excerpt":{"rendered":"<p>TEMPTATION APRICOT Disfrute de una experiencia de ducha tentadora con el gel de ducha Temptation de COSMO en albaricoque tropical.<\/p>\n","protected":false},"featured_media":90487,"comment_status":"open","ping_status":"closed","template":"","meta":{"nf_dc_page":""},"product_brand":[103],"product_cat":[94],"product_tag":[],"class_list":{"0":"post-90486","1":"product","2":"type-product","3":"status-publish","4":"has-post-thumbnail","6":"product_brand-cosmo","7":"product_cat-higiene-personal","9":"first","10":"instock","11":"shipping-taxable","12":"purchasable","13":"product-type-simple"},"_links":{"self":[{"href":"https:\/\/brandss.com.py\/index\/wp-json\/wp\/v2\/product\/90486","targetHints":{"allow":["GET"]}}],"collection":[{"href":"https:\/\/brandss.com.py\/index\/wp-json\/wp\/v2\/product"}],"about":[{"href":"https:\/\/brandss.com.py\/index\/wp-json\/wp\/v2\/types\/product"}],"replies":[{"embeddable":true,"href":"https:\/\/brandss.com.py\/index\/wp-json\/wp\/v2\/comments?post=90486"}],"version-history":[{"count":1,"href":"https:\/\/brandss.com.py\/index\/wp-json\/wp\/v2\/product\/90486\/revisions"}],"predecessor-version":[{"id":90489,"href":"https:\/\/brandss.com.py\/index\/wp-json\/wp\/v2\/product\/90486\/revisions\/90489"}],"wp:featuredmedia":[{"embeddable":true,"href":"https:\/\/brandss.com.py\/index\/wp-json\/wp\/v2\/media\/90487"}],"wp:attachment":[{"href":"https:\/\/brandss.com.py\/index\/wp-json\/wp\/v2\/media?parent=90486"}],"wp:term":[{"taxonomy":"product_brand","embeddable":true,"href":"https:\/\/brandss.com.py\/index\/wp-json\/wp\/v2\/product_brand?post=90486"},{"taxonomy":"product_cat","embeddable":true,"href":"https:\/\/brandss.com.py\/index\/wp-json\/wp\/v2\/product_cat?post=90486"},{"taxonomy":"product_tag","embeddable":true,"href":"https:\/\/brandss.com.py\/index\/wp-json\/wp\/v2\/product_tag?post=90486"}],"curies":[{"name":"wp","href":"https:\/\/api.w.org\/{rel}","templated":true}]}}