{"id":90509,"date":"2025-09-15T11:04:32","date_gmt":"2025-09-15T11:04:32","guid":{"rendered":"https:\/\/brandss.com.py\/index\/?post_type=product&#038;p=90509"},"modified":"2025-09-15T11:05:05","modified_gmt":"2025-09-15T11:05:05","slug":"shampoo-acondicionador-capilar-cosmo-anti-dandruff-2-en-1-275ml","status":"publish","type":"product","link":"https:\/\/brandss.com.py\/index\/producto\/shampoo-acondicionador-capilar-cosmo-anti-dandruff-2-en-1-275ml\/","title":{"rendered":"SHAMPOO &amp; ACONDICIONADOR CAPILAR COSMO ANTI-DANDRUFF 2 EN 1 275ML"},"content":{"rendered":"<p><img loading=\"lazy\" decoding=\"async\" class=\"\" src=\"https:\/\/cosmocosmetics.ae\/cdn\/shop\/files\/logo-cosmo-regeister.png?v=1729761767&amp;width=340\" width=\"123\" height=\"26\" \/><\/p>\n<h1>ANTI-DANDRUFF<\/h1>\n<p>Revitaliza tu cabello con nuestro champ\u00fa y acondicionador anticaspa 2 en 1. Formulado para eliminar eficazmente la caspa suelta, la acumulaci\u00f3n de producto, los residuos y los contaminantes, esta soluci\u00f3n todo en uno es perfecta para todo tipo de cabello. Disfruta de un cuero cabelludo m\u00e1s limpio y sano, y un cabello suave y sedoso con cada lavado.<\/p>\n<h5><span dir=\"auto\">CARACTER\u00cdSTICAS<\/span><\/h5>\n<ul>\n<li><span dir=\"auto\">Elimina la caspa y la acumulaci\u00f3n de producto.<\/span><\/li>\n<li><span dir=\"auto\">Limpia y acondiciona en un solo paso.<\/span><\/li>\n<li><span dir=\"auto\">Apto para todo tipo de cabello.<\/span><\/li>\n<li><span dir=\"auto\">Deja el cabello suave y sin residuos.<\/span><\/li>\n<\/ul>\n","protected":false},"excerpt":{"rendered":"<p>ANTI-DANDRUFF Revitaliza tu cabello con nuestro champ\u00fa y acondicionador anticaspa 2 en 1. Formulado para eliminar eficazmente la caspa suelta,<\/p>\n","protected":false},"featured_media":90510,"comment_status":"open","ping_status":"closed","template":"","meta":{"nf_dc_page":""},"product_brand":[103],"product_cat":[85],"product_tag":[],"class_list":{"0":"post-90509","1":"product","2":"type-product","3":"status-publish","4":"has-post-thumbnail","6":"product_brand-cosmo","7":"product_cat-cosmeticos","9":"first","10":"instock","11":"shipping-taxable","12":"purchasable","13":"product-type-simple"},"_links":{"self":[{"href":"https:\/\/brandss.com.py\/index\/wp-json\/wp\/v2\/product\/90509","targetHints":{"allow":["GET"]}}],"collection":[{"href":"https:\/\/brandss.com.py\/index\/wp-json\/wp\/v2\/product"}],"about":[{"href":"https:\/\/brandss.com.py\/index\/wp-json\/wp\/v2\/types\/product"}],"replies":[{"embeddable":true,"href":"https:\/\/brandss.com.py\/index\/wp-json\/wp\/v2\/comments?post=90509"}],"version-history":[{"count":1,"href":"https:\/\/brandss.com.py\/index\/wp-json\/wp\/v2\/product\/90509\/revisions"}],"predecessor-version":[{"id":90511,"href":"https:\/\/brandss.com.py\/index\/wp-json\/wp\/v2\/product\/90509\/revisions\/90511"}],"wp:featuredmedia":[{"embeddable":true,"href":"https:\/\/brandss.com.py\/index\/wp-json\/wp\/v2\/media\/90510"}],"wp:attachment":[{"href":"https:\/\/brandss.com.py\/index\/wp-json\/wp\/v2\/media?parent=90509"}],"wp:term":[{"taxonomy":"product_brand","embeddable":true,"href":"https:\/\/brandss.com.py\/index\/wp-json\/wp\/v2\/product_brand?post=90509"},{"taxonomy":"product_cat","embeddable":true,"href":"https:\/\/brandss.com.py\/index\/wp-json\/wp\/v2\/product_cat?post=90509"},{"taxonomy":"product_tag","embeddable":true,"href":"https:\/\/brandss.com.py\/index\/wp-json\/wp\/v2\/product_tag?post=90509"}],"curies":[{"name":"wp","href":"https:\/\/api.w.org\/{rel}","templated":true}]}}