{"id":90653,"date":"2025-09-16T18:16:26","date_gmt":"2025-09-16T18:16:26","guid":{"rendered":"https:\/\/brandss.com.py\/index\/?post_type=product&#038;p=90653"},"modified":"2025-09-16T18:17:08","modified_gmt":"2025-09-16T18:17:08","slug":"shampoo-capilar-cosmo-hair-naturals-spanish-olive-oil-softness-shine-1000ml","status":"publish","type":"product","link":"https:\/\/brandss.com.py\/index\/producto\/shampoo-capilar-cosmo-hair-naturals-spanish-olive-oil-softness-shine-1000ml\/","title":{"rendered":"SHAMPOO CAPILAR COSMO HAIR NATURALS SPANISH OLIVE OIL SOFTNESS &amp; SHINE 1000ML"},"content":{"rendered":"<p><img loading=\"lazy\" decoding=\"async\" class=\"\" src=\"https:\/\/cosmocosmetics.ae\/cdn\/shop\/files\/logo-cosmo-regeister.png?v=1729761767&amp;width=340\" width=\"132\" height=\"28\" \/><\/p>\n<h1>HAIR NATURALS SPANISH OLIVE OIL<\/h1>\n<p><span dir=\"auto\">Mima tu cabello con los lujosos beneficios del aceite de oliva espa\u00f1ol con nuestro champ\u00fa Cosmo Strength &amp; Shine.\u00a0<\/span><\/p>\n<p><span dir=\"auto\">Elaborada por expertos para nutrir y rejuvenecer, esta f\u00f3rmula hidrata intensamente tu cabello, dej\u00e1ndolo sano, vibrante y con un brillo radiante. Rica en antioxidantes, protege contra el da\u00f1o oxidativo de la contaminaci\u00f3n y los rayos UV, a la vez que restaura el cabello del estr\u00e9s ambiental. Apto para todo tipo de cabello, incluyendo el rizado y te\u00f1ido, este champ\u00fa ofrece una fragancia fresca y natural sin residuos grasos. Disfruta de un cabello revitalizado, m\u00e1s fuerte y brillante con cada lavado.<\/span><\/p>\n<div class=\"experience-component experience-dynamic-productLongDescription\">\n<div id=\"longDescription\" class=\"container product-long-description\">\n<div class=\"row\">\n<div class=\"col-12 col-md-8 description-text\">\n<div class=\"metafield-rich_text_field\">\n<h5><span dir=\"auto\">CARACTER\u00cdSTICAS<\/span><\/h5>\n<ul>\n<li><span dir=\"auto\">Hidrataci\u00f3n intensa: infundida con aceite de oliva espa\u00f1ol para una hidrataci\u00f3n profunda.<\/span><\/li>\n<li><span dir=\"auto\">Fortalece el cabello: Fortalece las hebras desde la ra\u00edz hasta las puntas.<\/span><\/li>\n<li><span dir=\"auto\">Protege contra el da\u00f1o: protege el cabello del da\u00f1o oxidativo causado por la contaminaci\u00f3n y los rayos UV.<\/span><\/li>\n<li><span dir=\"auto\">Propiedades restauradoras: Ayuda a reparar y restaurar el cabello despu\u00e9s del estr\u00e9s ambiental.<\/span><\/li>\n<li><span dir=\"auto\">Brillo mejorado: deja el cabello con un brillo hermoso y duradero.<\/span><\/li>\n<li><span dir=\"auto\">Todo tipo de cabello: adecuado para cabello rizado y te\u00f1ido.<\/span><\/li>\n<li><span dir=\"auto\">Sin residuos: no deja ning\u00fan residuo aceitoso.<\/span><\/li>\n<li><span dir=\"auto\">Fragancia natural: proporciona un aroma fresco y duradero.<\/span>\n<p><img decoding=\"async\" class=\"alignleft\" src=\"https:\/\/cosmocosmetics.ae\/cdn\/shop\/files\/New_Project_25_64x64.png?v=1723527115\" \/>&nbsp;<\/p>\n<p><img decoding=\"async\" class=\"alignleft\" src=\"https:\/\/cosmocosmetics.ae\/cdn\/shop\/files\/New_Project_23_64x64.png?v=1723528105\" \/>&nbsp;<\/p>\n<p><img decoding=\"async\" src=\"https:\/\/cosmocosmetics.ae\/cdn\/shop\/files\/New_Project_24_64x64.png?v=1723528130\" \/>&nbsp;<\/li>\n<\/ul>\n<\/div>\n<\/div>\n<div class=\"col-12 col-md-4 description-icon\">\n<div class=\"content-asset\"><\/div>\n<\/div>\n<\/div>\n<\/div>\n<\/div>\n<div class=\"experience-component experience-dynamic-productRoutineCustom\">\n<div id=\"productRoutine\" class=\"container-fluid product-routine-custom\">\n<div class=\"row custom\">\n<div class=\"col-12 carousel-heading mb-1\">\n<h5 class=\"carousel-title brand-primary\"><span dir=\"auto\">MODO DE EMPLEO<\/span><\/h5>\n<div class=\"experience-component experience-dynamic-productRoutineCustom\">\n<div id=\"productRoutine\" class=\"container-fluid product-routine-custom\">\n<div class=\"row routine-wrapper\">\n<div class=\"col-12 product-routine-custom-line\">\n<div class=\"content-asset\">\n<div class=\"routine-item\">\n<div class=\"routine-image\"><img loading=\"lazy\" decoding=\"async\" class=\"w-100 alignleft\" src=\"https:\/\/cosmocosmetics.ae\/cdn\/shop\/files\/how_to_1.jpg?v=1723095005\" alt=\"\" width=\"162\" height=\"162\" \/><\/p>\n<div class=\"routine-middle col-md-12\">\n<p>&nbsp;<\/p>\n<p class=\"routine-step\"><span dir=\"auto\">PASO 1: Limpiar<\/span><\/p>\n<div class=\"routine-copy\"><span dir=\"auto\">Humedezca su cabello y luego aplique una peque\u00f1a cantidad del shampoo.<\/span><\/div>\n<\/div>\n<\/div>\n<\/div>\n<\/div>\n<\/div>\n<div class=\"col-12 product-routine-custom-line\">\n<div class=\"content-asset\">\n<div class=\"routine-item\">\n<div class=\"routine-image\"><img loading=\"lazy\" decoding=\"async\" class=\"w-100 alignleft\" src=\"https:\/\/cosmocosmetics.ae\/cdn\/shop\/files\/how_to_2.jpg?v=1723095097\" alt=\"\" width=\"160\" height=\"160\" \/><\/p>\n<div class=\"routine-middle col-md-12\">\n<p>&nbsp;<\/p>\n<p class=\"routine-step\"><span dir=\"auto\">PASO 2: Enjabonar<\/span><\/p>\n<div class=\"routine-copy\"><span dir=\"auto\">Masajear suavemente con movimientos circulares para crear espuma.<\/span><\/div>\n<\/div>\n<\/div>\n<\/div>\n<\/div>\n<\/div>\n<div class=\"col-12 product-routine-custom-line\">\n<div class=\"content-asset\">\n<div class=\"routine-item\">\n<div class=\"routine-image\"><img loading=\"lazy\" decoding=\"async\" class=\"w-100 alignleft\" src=\"https:\/\/cosmocosmetics.ae\/cdn\/shop\/files\/how_to_3.jpg?v=1723095133\" alt=\"\" width=\"161\" height=\"161\" \/><\/p>\n<div class=\"routine-middle col-md-12\">\n<p>&nbsp;<\/p>\n<p class=\"routine-step\"><span dir=\"auto\">PASO 3: Enjuague<\/span><\/p>\n<div class=\"routine-copy\"><span dir=\"auto\">Enjuague bien y seque con palmaditas.<\/span><\/div>\n<\/div>\n<div><\/div>\n<\/div>\n<\/div>\n<\/div>\n<\/div>\n<\/div>\n<\/div>\n<\/div>\n<div class=\"experience-component experience-dynamic-productIngredients\">\n<div id=\"productIngredients\" class=\"container product-ingredients mt-3\">\n<div class=\"row\">\n<div class=\"col-12 col-md-7 mt-3 mt-md-0 ingredients-copy\">\n<div class=\"content-asset\">\n<h2><\/h2>\n<h2><span dir=\"auto\">TODOS LOS INGREDIENTES<\/span><\/h2>\n<p><span dir=\"auto\">Aceite de oliv<\/span><img loading=\"lazy\" decoding=\"async\" class=\"w-100 alignleft\" src=\"https:\/\/cosmocosmetics.ae\/cdn\/shop\/files\/Olive_oil_6c9ef4a7-1b54-4f9e-9dae-ffcd2e663e02.jpg?v=1723033262\" width=\"145\" height=\"96\" \/>a: El aceite de oliva ayuda a proteger contra el da\u00f1o causado por el calor, proporciona un aspecto elegante y brillante, hidrata y le da al cabello da\u00f1ado y roto una apariencia saludable.<\/p>\n<\/div>\n<\/div>\n<\/div>\n<\/div>\n<\/div>\n<\/div>\n<\/div>\n<\/div>\n<\/div>\n","protected":false},"excerpt":{"rendered":"<p>HAIR NATURALS SPANISH OLIVE OIL Mima tu cabello con los lujosos beneficios del aceite de oliva espa\u00f1ol con nuestro champ\u00fa<\/p>\n","protected":false},"featured_media":90654,"comment_status":"open","ping_status":"closed","template":"","meta":{"nf_dc_page":""},"product_brand":[103],"product_cat":[85],"product_tag":[],"class_list":{"0":"post-90653","1":"product","2":"type-product","3":"status-publish","4":"has-post-thumbnail","6":"product_brand-cosmo","7":"product_cat-cosmeticos","9":"first","10":"instock","11":"shipping-taxable","12":"purchasable","13":"product-type-simple"},"_links":{"self":[{"href":"https:\/\/brandss.com.py\/index\/wp-json\/wp\/v2\/product\/90653","targetHints":{"allow":["GET"]}}],"collection":[{"href":"https:\/\/brandss.com.py\/index\/wp-json\/wp\/v2\/product"}],"about":[{"href":"https:\/\/brandss.com.py\/index\/wp-json\/wp\/v2\/types\/product"}],"replies":[{"embeddable":true,"href":"https:\/\/brandss.com.py\/index\/wp-json\/wp\/v2\/comments?post=90653"}],"version-history":[{"count":1,"href":"https:\/\/brandss.com.py\/index\/wp-json\/wp\/v2\/product\/90653\/revisions"}],"predecessor-version":[{"id":90655,"href":"https:\/\/brandss.com.py\/index\/wp-json\/wp\/v2\/product\/90653\/revisions\/90655"}],"wp:featuredmedia":[{"embeddable":true,"href":"https:\/\/brandss.com.py\/index\/wp-json\/wp\/v2\/media\/90654"}],"wp:attachment":[{"href":"https:\/\/brandss.com.py\/index\/wp-json\/wp\/v2\/media?parent=90653"}],"wp:term":[{"taxonomy":"product_brand","embeddable":true,"href":"https:\/\/brandss.com.py\/index\/wp-json\/wp\/v2\/product_brand?post=90653"},{"taxonomy":"product_cat","embeddable":true,"href":"https:\/\/brandss.com.py\/index\/wp-json\/wp\/v2\/product_cat?post=90653"},{"taxonomy":"product_tag","embeddable":true,"href":"https:\/\/brandss.com.py\/index\/wp-json\/wp\/v2\/product_tag?post=90653"}],"curies":[{"name":"wp","href":"https:\/\/api.w.org\/{rel}","templated":true}]}}