{"id":90751,"date":"2025-09-17T17:48:16","date_gmt":"2025-09-17T17:48:16","guid":{"rendered":"https:\/\/brandss.com.py\/index\/?post_type=product&#038;p=90751"},"modified":"2025-09-17T17:48:49","modified_gmt":"2025-09-17T17:48:49","slug":"espuma-limpiador-facial-cosmo-glow-natural-activated-charcoal-100g","status":"publish","type":"product","link":"https:\/\/brandss.com.py\/index\/producto\/espuma-limpiador-facial-cosmo-glow-natural-activated-charcoal-100g\/","title":{"rendered":"ESPUMA LIMPIADOR FACIAL COSMO GLOW NATURAL ACTIVATED CHARCOAL 100G"},"content":{"rendered":"<p><img loading=\"lazy\" decoding=\"async\" class=\"\" src=\"https:\/\/cosmocosmetics.ae\/cdn\/shop\/files\/logo-cosmo-regeister.png?v=1729761767&amp;width=340\" width=\"142\" height=\"30\" \/><\/p>\n<h1>GLOW NATURAL ACTIVATED CHARCOAL<\/h1>\n<p>Revela tu luminosidad natural con esta espuma facial de carb\u00f3n activado. Enriquecida con carb\u00f3n activado y vitamina B3, esta f\u00f3rmula de limpieza profunda elimina eficazmente las c\u00e9lulas muertas, la contaminaci\u00f3n, la suciedad y el polvo. Purifica tu piel, dej\u00e1ndola fresca, suave y radiante. Perfecta para uso diario, ayuda a promover una tez m\u00e1s luminosa a la vez que mantiene el equilibrio de hidrataci\u00f3n natural de la piel.<\/p>\n<h5><span dir=\"auto\">CARACTER\u00cdSTICAS<\/span><\/h5>\n<ul>\n<li><span dir=\"auto\">Limpia profundamente para eliminar la suciedad, el polvo y las impurezas.<\/span><\/li>\n<li><span dir=\"auto\">El carb\u00f3n activado desintoxica para una tez clara.<\/span><\/li>\n<li><span dir=\"auto\">Enriquecido con vitamina B3 para una piel radiante y luminosa.<\/span><\/li>\n<li><span dir=\"auto\">F\u00f3rmula suave adecuada para uso diario en todo tipo de piel.<\/span><\/li>\n<\/ul>\n","protected":false},"excerpt":{"rendered":"<p>GLOW NATURAL ACTIVATED CHARCOAL Revela tu luminosidad natural con esta espuma facial de carb\u00f3n activado. Enriquecida con carb\u00f3n activado y<\/p>\n","protected":false},"featured_media":90752,"comment_status":"open","ping_status":"closed","template":"","meta":{"nf_dc_page":""},"product_brand":[103],"product_cat":[104],"product_tag":[],"class_list":{"0":"post-90751","1":"product","2":"type-product","3":"status-publish","4":"has-post-thumbnail","6":"product_brand-cosmo","7":"product_cat-skin-care","9":"first","10":"instock","11":"shipping-taxable","12":"purchasable","13":"product-type-simple"},"_links":{"self":[{"href":"https:\/\/brandss.com.py\/index\/wp-json\/wp\/v2\/product\/90751","targetHints":{"allow":["GET"]}}],"collection":[{"href":"https:\/\/brandss.com.py\/index\/wp-json\/wp\/v2\/product"}],"about":[{"href":"https:\/\/brandss.com.py\/index\/wp-json\/wp\/v2\/types\/product"}],"replies":[{"embeddable":true,"href":"https:\/\/brandss.com.py\/index\/wp-json\/wp\/v2\/comments?post=90751"}],"version-history":[{"count":1,"href":"https:\/\/brandss.com.py\/index\/wp-json\/wp\/v2\/product\/90751\/revisions"}],"predecessor-version":[{"id":90754,"href":"https:\/\/brandss.com.py\/index\/wp-json\/wp\/v2\/product\/90751\/revisions\/90754"}],"wp:featuredmedia":[{"embeddable":true,"href":"https:\/\/brandss.com.py\/index\/wp-json\/wp\/v2\/media\/90752"}],"wp:attachment":[{"href":"https:\/\/brandss.com.py\/index\/wp-json\/wp\/v2\/media?parent=90751"}],"wp:term":[{"taxonomy":"product_brand","embeddable":true,"href":"https:\/\/brandss.com.py\/index\/wp-json\/wp\/v2\/product_brand?post=90751"},{"taxonomy":"product_cat","embeddable":true,"href":"https:\/\/brandss.com.py\/index\/wp-json\/wp\/v2\/product_cat?post=90751"},{"taxonomy":"product_tag","embeddable":true,"href":"https:\/\/brandss.com.py\/index\/wp-json\/wp\/v2\/product_tag?post=90751"}],"curies":[{"name":"wp","href":"https:\/\/api.w.org\/{rel}","templated":true}]}}