{"id":90766,"date":"2025-09-17T18:43:08","date_gmt":"2025-09-17T18:43:08","guid":{"rendered":"https:\/\/brandss.com.py\/index\/?post_type=product&#038;p=90766"},"modified":"2025-09-17T18:43:42","modified_gmt":"2025-09-17T18:43:42","slug":"mascara-facial-cosmo-skin-perfecting-salicylic-acid","status":"publish","type":"product","link":"https:\/\/brandss.com.py\/index\/producto\/mascara-facial-cosmo-skin-perfecting-salicylic-acid\/","title":{"rendered":"M\u00c1SCARA FACIAL COSMO SKIN PERFECTING SALICYLIC ACID"},"content":{"rendered":"<p><img loading=\"lazy\" decoding=\"async\" class=\"\" src=\"https:\/\/cosmocosmetics.ae\/cdn\/shop\/files\/logo-cosmo-regeister.png?v=1729761767&amp;width=340\" width=\"170\" height=\"36\" \/><\/p>\n<h1>SKIN PERFECTING SALICYLIC ACID<\/h1>\n<p>Transforma tu rutina de cuidado facial con la Mascarilla de Tejido con \u00c1cido Salic\u00edlico COSMO Skin Perfecting, formulada espec\u00edficamente para pieles con tendencia acneica. Esta potente mascarilla aclara y renueva tu cutis, ayudando a minimizar la apariencia de grasa e imperfecciones. Enriquecida con \u00e1cido salic\u00edlico, destapa eficazmente los poros y promueve una tez m\u00e1s sana y luminosa, revelando una piel radiante. Disfruta de una experiencia de spa mientras combates el acn\u00e9 para una apariencia renovada.<\/p>\n<h5><span dir=\"auto\">CARACTER\u00cdSTICAS<\/span><\/h5>\n<ul>\n<li><span dir=\"auto\">Destapa los poros para una piel m\u00e1s clara.<\/span><\/li>\n<li><span dir=\"auto\">Reduce el exceso de producci\u00f3n de grasa y sebo.<\/span><\/li>\n<li><span dir=\"auto\">Promueve una piel sana y radiante.<\/span><\/li>\n<li><span dir=\"auto\">Ideal para uso diario en pieles con tendencia acneica.<\/span><\/li>\n<\/ul>\n","protected":false},"excerpt":{"rendered":"<p>SKIN PERFECTING SALICYLIC ACID Transforma tu rutina de cuidado facial con la Mascarilla de Tejido con \u00c1cido Salic\u00edlico COSMO Skin<\/p>\n","protected":false},"featured_media":90767,"comment_status":"open","ping_status":"closed","template":"","meta":{"nf_dc_page":""},"product_brand":[103],"product_cat":[104],"product_tag":[],"class_list":{"0":"post-90766","1":"product","2":"type-product","3":"status-publish","4":"has-post-thumbnail","6":"product_brand-cosmo","7":"product_cat-skin-care","9":"first","10":"instock","11":"shipping-taxable","12":"purchasable","13":"product-type-simple"},"_links":{"self":[{"href":"https:\/\/brandss.com.py\/index\/wp-json\/wp\/v2\/product\/90766","targetHints":{"allow":["GET"]}}],"collection":[{"href":"https:\/\/brandss.com.py\/index\/wp-json\/wp\/v2\/product"}],"about":[{"href":"https:\/\/brandss.com.py\/index\/wp-json\/wp\/v2\/types\/product"}],"replies":[{"embeddable":true,"href":"https:\/\/brandss.com.py\/index\/wp-json\/wp\/v2\/comments?post=90766"}],"version-history":[{"count":1,"href":"https:\/\/brandss.com.py\/index\/wp-json\/wp\/v2\/product\/90766\/revisions"}],"predecessor-version":[{"id":90769,"href":"https:\/\/brandss.com.py\/index\/wp-json\/wp\/v2\/product\/90766\/revisions\/90769"}],"wp:featuredmedia":[{"embeddable":true,"href":"https:\/\/brandss.com.py\/index\/wp-json\/wp\/v2\/media\/90767"}],"wp:attachment":[{"href":"https:\/\/brandss.com.py\/index\/wp-json\/wp\/v2\/media?parent=90766"}],"wp:term":[{"taxonomy":"product_brand","embeddable":true,"href":"https:\/\/brandss.com.py\/index\/wp-json\/wp\/v2\/product_brand?post=90766"},{"taxonomy":"product_cat","embeddable":true,"href":"https:\/\/brandss.com.py\/index\/wp-json\/wp\/v2\/product_cat?post=90766"},{"taxonomy":"product_tag","embeddable":true,"href":"https:\/\/brandss.com.py\/index\/wp-json\/wp\/v2\/product_tag?post=90766"}],"curies":[{"name":"wp","href":"https:\/\/api.w.org\/{rel}","templated":true}]}}