{"id":90859,"date":"2025-09-18T18:46:57","date_gmt":"2025-09-18T18:46:57","guid":{"rendered":"https:\/\/brandss.com.py\/index\/?post_type=product&#038;p=90859"},"modified":"2025-09-26T14:27:52","modified_gmt":"2025-09-26T14:27:52","slug":"perfume-femenino-bharara-queen-edp-100ml","status":"publish","type":"product","link":"https:\/\/brandss.com.py\/index\/producto\/perfume-femenino-bharara-queen-edp-100ml\/","title":{"rendered":"PERFUME FEMENINO BHARARA QUEEN EDP 100ML"},"content":{"rendered":"<p><img loading=\"lazy\" decoding=\"async\" class=\"\" src=\"https:\/\/emporiodutyfree.com\/wp-content\/uploads\/2022\/11\/Logo-Bharara-Perfumes-150x150.webp\" alt=\"Perfume Viking Beirut Unisex Bharara | Emporio DUTY FREE\" width=\"84\" height=\"84\" \/><\/p>\n<h1>QUEEN<\/h1>\n<p>D\u00e9jate cautivar por la seducci\u00f3n y la elegancia de Queen. Este perfume despierta los sentidos con una mezcla floral dulce, donde los acordes de caramelo se entrelazan con la suavidad de las flores blancas y la delicadeza de la rosa. Es una fragancia femenina y refinada, que emana una vibra sexy y elegante en cada rociada. Queen es la esencia perfecta para la mujer sofisticada y segura de s\u00ed misma, que deja una impresi\u00f3n inolvidable donde quiera que vaya. D\u00e9jate envolver por la\u00a0elegancia y feminidad de Queen, una fragancia que combina frescura c\u00edtrica, flores blancas y un fondo c\u00e1lido y adictivo. Dise\u00f1ado para mujeres que desean destacar con un\u00a0aroma sofisticado y lleno de personalidad, Queen es la expresi\u00f3n olfativa del poder femenino.<\/p>\n<p><img loading=\"lazy\" decoding=\"async\" class=\"alignleft\" src=\"https:\/\/krizrealestudio.com\/cdn\/shop\/files\/CB217EE8-DA34-4F31-BB6A-12D05A4C5192.webp?v=1734127728\" width=\"473\" height=\"445\" \/><\/p>\n<h3>Notas Olfativas<\/h3>\n<p>&nbsp;<\/p>\n<p>Queen es una fragancia femenina, es una nueva fragancia. Queen se lanz\u00f3 en 2024. Un comienzo\u00a0luminoso y chispeante, con c\u00edtricos vibrantes y acordes solares que aportan\u00a0frescura, energ\u00eda y un toque moderno. Las flores transparentes le dan un aire limpio y et\u00e9reo que cautiva al instante. Un coraz\u00f3n\u00a0intensamente floral, donde el lirio de los valles y las flores blancas resaltan la\u00a0feminidad pura y elegante, mientras que la rosa y la violeta aportan una dulzura delicada que seduce con sutileza. La base es\u00a0envolvente, c\u00e1lida y sensual. El caramelo y la vainilla crean un aura dulce y cremosa, mientras que el \u00e1mbar, el s\u00e1ndalo y el pachul\u00ed otorgan\u00a0profundidad, duraci\u00f3n y un toque irresistible de sofisticaci\u00f3n oriental.<\/p>\n<p><span>El perfume\u00a0<span dir=\"ltr\" lang=\"pt-BR\">Bharara Queen\u00a0<\/span>es una fragancia de la familia olfativa<\/span><span>\u00a0<span dir=\"ltr\" lang=\"es-MX\">\u00e1<\/span><\/span><span><span dir=\"ltr\" lang=\"es-MX\">mbar floral\u00a0<\/span>para mujeres.\u00a0<\/span><span>Con una concentraci\u00f3n del tipo Eau de Parfum, ofrece una duradera y alta intensidad arom\u00e1tica en la piel. Sus notas est\u00e1n compuestas por los siguientes ingredientes.<\/span><\/p>\n<ul>\n<li><strong>Notas de salida:<\/strong>\u00a0Bergamota\u00a0<span dir=\"ltr\" lang=\"es-MX\">y l<\/span>im\u00f3n.<\/li>\n<li><strong>Nota de coraz\u00f3n:<\/strong>\u00a0Rosa,\u00a0<span dir=\"ltr\" lang=\"es-MX\">c<\/span>aramelo\u00a0<span dir=\"ltr\" lang=\"es-MX\">y v<\/span>ainilla.<\/li>\n<li><span><span dir=\"ltr\" lang=\"es-MX\"><strong>Notas de fondo:<\/strong><\/span><span dir=\"ltr\" lang=\"es-MX\"> S\u00e1ndalo y \u00e1mbar.<\/span><\/span><\/li>\n<\/ul>\n","protected":false},"excerpt":{"rendered":"<p>QUEEN D\u00e9jate cautivar por la seducci\u00f3n y la elegancia de Queen. Este perfume despierta los sentidos con una mezcla floral<\/p>\n","protected":false},"featured_media":90860,"comment_status":"open","ping_status":"closed","template":"","meta":{"nf_dc_page":""},"product_brand":[111],"product_cat":[84],"product_tag":[158],"class_list":{"0":"post-90859","1":"product","2":"type-product","3":"status-publish","4":"has-post-thumbnail","6":"product_brand-bharara","7":"product_cat-perfumeria","8":"product_tag-158","10":"first","11":"instock","12":"sale","13":"shipping-taxable","14":"purchasable","15":"product-type-simple"},"_links":{"self":[{"href":"https:\/\/brandss.com.py\/index\/wp-json\/wp\/v2\/product\/90859","targetHints":{"allow":["GET"]}}],"collection":[{"href":"https:\/\/brandss.com.py\/index\/wp-json\/wp\/v2\/product"}],"about":[{"href":"https:\/\/brandss.com.py\/index\/wp-json\/wp\/v2\/types\/product"}],"replies":[{"embeddable":true,"href":"https:\/\/brandss.com.py\/index\/wp-json\/wp\/v2\/comments?post=90859"}],"version-history":[{"count":1,"href":"https:\/\/brandss.com.py\/index\/wp-json\/wp\/v2\/product\/90859\/revisions"}],"predecessor-version":[{"id":90866,"href":"https:\/\/brandss.com.py\/index\/wp-json\/wp\/v2\/product\/90859\/revisions\/90866"}],"wp:featuredmedia":[{"embeddable":true,"href":"https:\/\/brandss.com.py\/index\/wp-json\/wp\/v2\/media\/90860"}],"wp:attachment":[{"href":"https:\/\/brandss.com.py\/index\/wp-json\/wp\/v2\/media?parent=90859"}],"wp:term":[{"taxonomy":"product_brand","embeddable":true,"href":"https:\/\/brandss.com.py\/index\/wp-json\/wp\/v2\/product_brand?post=90859"},{"taxonomy":"product_cat","embeddable":true,"href":"https:\/\/brandss.com.py\/index\/wp-json\/wp\/v2\/product_cat?post=90859"},{"taxonomy":"product_tag","embeddable":true,"href":"https:\/\/brandss.com.py\/index\/wp-json\/wp\/v2\/product_tag?post=90859"}],"curies":[{"name":"wp","href":"https:\/\/api.w.org\/{rel}","templated":true}]}}