{"id":90867,"date":"2025-09-18T19:18:42","date_gmt":"2025-09-18T19:18:42","guid":{"rendered":"https:\/\/brandss.com.py\/index\/?post_type=product&#038;p=90867"},"modified":"2025-09-26T14:30:00","modified_gmt":"2025-09-26T14:30:00","slug":"perfume-femenino-bharara-rose-edp-100ml","status":"publish","type":"product","link":"https:\/\/brandss.com.py\/index\/producto\/perfume-femenino-bharara-rose-edp-100ml\/","title":{"rendered":"PERFUME FEMENINO BHARARA ROSE EDP 100ML"},"content":{"rendered":"<p><img loading=\"lazy\" decoding=\"async\" class=\"\" src=\"https:\/\/emporiodutyfree.com\/wp-content\/uploads\/2022\/11\/Logo-Bharara-Perfumes-150x150.webp\" alt=\"Perfume Viking Beirut Unisex Bharara | Emporio DUTY FREE\" width=\"79\" height=\"79\" \/><\/p>\n<h1>ROSE<\/h1>\n<p>Descubre la esencia de feminidad y elegancia con Rose . Este exquisito perfume est\u00e1 dise\u00f1ado especialmente para la mujer moderna, Bharara Rose no es simplemente una fragancia, sino una declaraci\u00f3n de sofisticaci\u00f3n. Su composici\u00f3n de eau de parfum garantiza una concentraci\u00f3n intensa y duradera, perfecta para dejar una impresi\u00f3n memorable. El tipo de aroma \u00e1mbar floral te envuelve en un bouquet de notas c\u00e1lidas y sensuales, creando un halo de misterio y atractivo.Cada aplicaci\u00f3n promete transportarte a un mundo de lujo y distinci\u00f3n. Vive la experiencia de Bharara Rose, el perfume que realza tu presencia y sublima tu esencia.<\/p>\n<p><img loading=\"lazy\" decoding=\"async\" class=\"alignleft\" src=\"https:\/\/www.intenseoud.com\/cdn\/shop\/files\/4_1ebd7e36-80bc-4b55-910c-5dc7d84e87ca.jpg?v=1727804798\" width=\"442\" height=\"442\" \/><\/p>\n<h3>Notas Olfativas<\/h3>\n<p>&nbsp;<\/p>\n<p><span dir=\"auto\">Esta fragancia se abre con una refrescante explosi\u00f3n de bergamota, jugoso lichi y crujiente pera, creando una entrada vibrante y afrutada. El coraz\u00f3n florece con la rom\u00e1ntica elegancia de la rosa turca y la peon\u00eda, suavizada por la sutil calidez del almizcle. Al asentarse, la base de vainilla dulce, notas amaderadas, \u00e1mbar y cachemira aporta un final rico y aterciopelado. Perfecta para quienes buscan una mezcla equilibrada de flores frescas y la suave calidez de las maderas.<\/span><\/p>\n<p><strong><span dir=\"auto\">Notas de salida:<\/span><\/strong><span dir=\"auto\">\u00a0bergamota, lichi, pera.<\/span><br \/>\n<strong><span dir=\"auto\">Notas de coraz\u00f3n:<\/span><\/strong><span dir=\"auto\">\u00a0rosa turca, peon\u00eda, almizcle.\u00a0<\/span><br \/>\n<strong><span dir=\"auto\">Notas de fondo:<\/span><\/strong><span dir=\"auto\">\u00a0vainilla, amaderado, \u00e1mbar, cachemira.<\/span><\/p>\n","protected":false},"excerpt":{"rendered":"<p>ROSE Descubre la esencia de feminidad y elegancia con Rose . Este exquisito perfume est\u00e1 dise\u00f1ado especialmente para la mujer<\/p>\n","protected":false},"featured_media":90868,"comment_status":"open","ping_status":"closed","template":"","meta":{"nf_dc_page":""},"product_brand":[111],"product_cat":[84],"product_tag":[157],"class_list":{"0":"post-90867","1":"product","2":"type-product","3":"status-publish","4":"has-post-thumbnail","6":"product_brand-bharara","7":"product_cat-perfumeria","8":"product_tag-157","10":"first","11":"instock","12":"sale","13":"shipping-taxable","14":"purchasable","15":"product-type-simple"},"_links":{"self":[{"href":"https:\/\/brandss.com.py\/index\/wp-json\/wp\/v2\/product\/90867","targetHints":{"allow":["GET"]}}],"collection":[{"href":"https:\/\/brandss.com.py\/index\/wp-json\/wp\/v2\/product"}],"about":[{"href":"https:\/\/brandss.com.py\/index\/wp-json\/wp\/v2\/types\/product"}],"replies":[{"embeddable":true,"href":"https:\/\/brandss.com.py\/index\/wp-json\/wp\/v2\/comments?post=90867"}],"version-history":[{"count":1,"href":"https:\/\/brandss.com.py\/index\/wp-json\/wp\/v2\/product\/90867\/revisions"}],"predecessor-version":[{"id":90874,"href":"https:\/\/brandss.com.py\/index\/wp-json\/wp\/v2\/product\/90867\/revisions\/90874"}],"wp:featuredmedia":[{"embeddable":true,"href":"https:\/\/brandss.com.py\/index\/wp-json\/wp\/v2\/media\/90868"}],"wp:attachment":[{"href":"https:\/\/brandss.com.py\/index\/wp-json\/wp\/v2\/media?parent=90867"}],"wp:term":[{"taxonomy":"product_brand","embeddable":true,"href":"https:\/\/brandss.com.py\/index\/wp-json\/wp\/v2\/product_brand?post=90867"},{"taxonomy":"product_cat","embeddable":true,"href":"https:\/\/brandss.com.py\/index\/wp-json\/wp\/v2\/product_cat?post=90867"},{"taxonomy":"product_tag","embeddable":true,"href":"https:\/\/brandss.com.py\/index\/wp-json\/wp\/v2\/product_tag?post=90867"}],"curies":[{"name":"wp","href":"https:\/\/api.w.org\/{rel}","templated":true}]}}