{"id":90902,"date":"2025-09-19T17:25:58","date_gmt":"2025-09-19T17:25:58","guid":{"rendered":"https:\/\/brandss.com.py\/index\/?post_type=product&#038;p=90902"},"modified":"2025-12-04T17:08:56","modified_gmt":"2025-12-04T17:08:56","slug":"perfume-masculino-bharara-king-parfum-100ml","status":"publish","type":"product","link":"https:\/\/brandss.com.py\/index\/producto\/perfume-masculino-bharara-king-parfum-100ml\/","title":{"rendered":"PERFUME MASCULINO BHARARA KING PARFUM 100ML"},"content":{"rendered":"<p><img loading=\"lazy\" decoding=\"async\" class=\"\" src=\"https:\/\/emporiodutyfree.com\/wp-content\/uploads\/2022\/11\/Logo-Bharara-Perfumes-150x150.webp\" alt=\"Perfume Viking Beirut Unisex Bharara | Emporio DUTY FREE\" width=\"74\" height=\"74\" \/><\/p>\n<h1>KING PARFUM<\/h1>\n<p>\u00a1Bienvenido a la nueva era Bharara King Parfum! Este emocionante perfume es la evoluci\u00f3n de la aclamada versi\u00f3n Eau de Parfum, ahora m\u00e1s poderosa y cautivante que nunca. Con su f\u00f3rmula mejorada y mayor concentraci\u00f3n de esencias, Bharara King Parfum es un tributo a la potencia y la sofisticaci\u00f3n. \u00a0King Parfum\u00a0es una fragancia majestuosa y refinada, pensada para hombres que desean destacar con elegancia y presencia. Su composici\u00f3n c\u00edtrica y afrutada, acompa\u00f1ada de un fondo suave y sensual, convierte este perfume en una elecci\u00f3n ideal para quienes buscan un aroma limpio, duradero y con car\u00e1cter real.<\/p>\n<p><img decoding=\"async\" class=\"alignleft\" src=\"https:\/\/www.orientfragance.com\/cdn\/shop\/files\/BhararaKingParfumNotas.png?v=1744793150&amp;width=500\" \/><\/p>\n<h3>Notas Olfativas<\/h3>\n<p>&nbsp;<\/p>\n<p>Bharara King Parfum es la esencia de la realeza encapsulada en un frasco. Con una apertura c\u00edtrica vibrante que se despliega hacia un coraz\u00f3n le\u00f1oso y especiado, cada spray es una declaraci\u00f3n de autoridad y elegancia. Su base de almizcle y \u00e1mbar proporciona una estela suave y duradera que reafirma tu presencia digna y audaz.<\/p>\n<p>Bharara King Parfum es una fragancia intensa y sofisticada con un car\u00e1cter oriental y especiado. Se abre con notas frescas y vibrantes de c\u00edtricos combinadas con especias c\u00e1lidas, creando una primera impresi\u00f3n poderosa. En el coraz\u00f3n, se perciben acordes ambarinos y amaderados que aportan profundidad y elegancia. La base es rica y persistente, con toques de vainilla, almizcle y oud, dando un acabado seductor y lujoso. Es un perfume ideal para quienes buscan una fragancia dominante y masculina, perfecta para noches especiales o climas fr\u00edos.<\/p>\n<p>&nbsp;<\/p>\n<ul>\n<li><strong>Notas de salida:<\/strong> bergamota, lim\u00f3n, naranja.<\/li>\n<li><strong>Notas de coraz\u00f3n:<\/strong> notas frutales.<\/li>\n<li><strong>Notas de fondo:<\/strong> vainilla, \u00e1mbar, almizcle blanco.<\/li>\n<\/ul>\n","protected":false},"excerpt":{"rendered":"<p>KING PARFUM \u00a1Bienvenido a la nueva era Bharara King Parfum! Este emocionante perfume es la evoluci\u00f3n de la aclamada versi\u00f3n<\/p>\n","protected":false},"featured_media":90903,"comment_status":"open","ping_status":"closed","template":"","meta":{"nf_dc_page":""},"product_brand":[111],"product_cat":[84],"product_tag":[155],"class_list":{"0":"post-90902","1":"product","2":"type-product","3":"status-publish","4":"has-post-thumbnail","6":"product_brand-bharara","7":"product_cat-perfumeria","8":"product_tag-155","10":"first","11":"outofstock","12":"shipping-taxable","13":"purchasable","14":"product-type-simple"},"_links":{"self":[{"href":"https:\/\/brandss.com.py\/index\/wp-json\/wp\/v2\/product\/90902","targetHints":{"allow":["GET"]}}],"collection":[{"href":"https:\/\/brandss.com.py\/index\/wp-json\/wp\/v2\/product"}],"about":[{"href":"https:\/\/brandss.com.py\/index\/wp-json\/wp\/v2\/types\/product"}],"replies":[{"embeddable":true,"href":"https:\/\/brandss.com.py\/index\/wp-json\/wp\/v2\/comments?post=90902"}],"version-history":[{"count":1,"href":"https:\/\/brandss.com.py\/index\/wp-json\/wp\/v2\/product\/90902\/revisions"}],"predecessor-version":[{"id":90909,"href":"https:\/\/brandss.com.py\/index\/wp-json\/wp\/v2\/product\/90902\/revisions\/90909"}],"wp:featuredmedia":[{"embeddable":true,"href":"https:\/\/brandss.com.py\/index\/wp-json\/wp\/v2\/media\/90903"}],"wp:attachment":[{"href":"https:\/\/brandss.com.py\/index\/wp-json\/wp\/v2\/media?parent=90902"}],"wp:term":[{"taxonomy":"product_brand","embeddable":true,"href":"https:\/\/brandss.com.py\/index\/wp-json\/wp\/v2\/product_brand?post=90902"},{"taxonomy":"product_cat","embeddable":true,"href":"https:\/\/brandss.com.py\/index\/wp-json\/wp\/v2\/product_cat?post=90902"},{"taxonomy":"product_tag","embeddable":true,"href":"https:\/\/brandss.com.py\/index\/wp-json\/wp\/v2\/product_tag?post=90902"}],"curies":[{"name":"wp","href":"https:\/\/api.w.org\/{rel}","templated":true}]}}