{"id":90910,"date":"2025-09-19T18:07:12","date_gmt":"2025-09-19T18:07:12","guid":{"rendered":"https:\/\/brandss.com.py\/index\/?post_type=product&#038;p=90910"},"modified":"2026-03-17T13:53:25","modified_gmt":"2026-03-17T13:53:25","slug":"perfume-unisex-lattafa-eclaire-pistache-edp-100ml","status":"publish","type":"product","link":"https:\/\/brandss.com.py\/index\/producto\/perfume-unisex-lattafa-eclaire-pistache-edp-100ml\/","title":{"rendered":"PERFUME UNISEX LATTAFA ECLAIRE PISTACHE EDP 100ML"},"content":{"rendered":"<p><img loading=\"lazy\" decoding=\"async\" class=\"\" src=\"https:\/\/myscentjourney.s3.us-east-2.amazonaws.com\/2022\/02\/14\/29KIascent_j_marca_1644871114_202.png\" alt=\"MSJ::LATTAFA\" width=\"87\" height=\"103\" \/><\/p>\n<h1>ECLAIRE PISTACHE<\/h1>\n<p>Es una fragancia exquisita que combina un capricho gourmet con una cremosa sofisticaci\u00f3n. Dise\u00f1ada para quienes adoran los aromas dulces, a frutos secos y aterciopelados, este Eau de Parfum te envuelve en un aura irresistible que te ofrece una sensaci\u00f3n reconfortante y lujosa. Envu\u00e9lvete en dulzura con Eclaire Pistache, una cremosa fragancia gourmand unisex que encarna la calidez, el encanto y la indulgencia moderna. Dise\u00f1ada para quienes aman destacar con sutil confianza, esta fragancia es una irresistible mezcla de pistacho, coco y vainilla que resulta adictiva y reconfortante a la vez. Est\u00e1 dise\u00f1ada para usarse todo el d\u00eda y proporciona una sensaci\u00f3n duradera de calidez y elegancia. Esto la hace ideal para eventos nocturnos, ocasiones especiales o simplemente para sentirte excepcional.<\/p>\n<p><img loading=\"lazy\" decoding=\"async\" class=\"alignleft\" src=\"https:\/\/www.intenseoud.com\/cdn\/shop\/files\/4_9de2e307-4ae6-412a-8038-ed179a654abd.webp?v=1757948149\" width=\"571\" height=\"571\" \/><\/p>\n<h3>Notas Olfativas<\/h3>\n<p>&nbsp;<\/p>\n<p data-start=\"913\" data-end=\"1128\"><span dir=\"auto\">Eclaire Pistache es una fragancia gourmand cremosa y sugerente, inspirada en el encanto del pistacho. La salida combina pistacho tostado con crema de pistacho, creando un comienzo rico e irresistible.<\/span><\/p>\n<p data-start=\"1130\" data-end=\"1349\"><span dir=\"auto\">En el coraz\u00f3n, la crema batida se funde con notas de coco y cacao, aportando profundidad y calidez. La base se asienta sobre una base aterciopelada de leche, vainilla y almizcle, dejando una estela suave y sedosa de elegancia y placer.<\/span><\/p>\n<p data-start=\"1351\" data-end=\"1489\"><strong data-start=\"1351\" data-end=\"1365\"><span dir=\"auto\">Notas de salida:<\/span><\/strong><span dir=\"auto\"> Crema de pistacho, pistacho tostado.<\/span><\/p>\n<p data-start=\"1351\" data-end=\"1489\"><br data-start=\"1400\" data-end=\"1403\" \/><strong data-start=\"1403\" data-end=\"1419\"><span dir=\"auto\">Notas de coraz\u00f3n:<\/span><\/strong><span dir=\"auto\"> Coco, cacao, crema batida.<\/span><\/p>\n<p data-start=\"1351\" data-end=\"1489\"><br data-start=\"1449\" data-end=\"1452\" \/><strong data-start=\"1452\" data-end=\"1467\"><span dir=\"auto\">Notas de fondo:<\/span><\/strong><span dir=\"auto\"> Vainilla, leche, almizcle.<\/span><\/p>\n<p>&nbsp;<\/p>\n","protected":false},"excerpt":{"rendered":"<p>ECLAIRE PISTACHE Es una fragancia exquisita que combina un capricho gourmet con una cremosa sofisticaci\u00f3n. Dise\u00f1ada para quienes adoran los<\/p>\n","protected":false},"featured_media":90911,"comment_status":"open","ping_status":"closed","template":"","meta":{"nf_dc_page":""},"product_brand":[109],"product_cat":[84],"product_tag":[634],"class_list":{"0":"post-90910","1":"product","2":"type-product","3":"status-publish","4":"has-post-thumbnail","6":"product_brand-lattafa","7":"product_cat-perfumeria","8":"product_tag-634","10":"first","11":"instock","12":"shipping-taxable","13":"purchasable","14":"product-type-simple"},"_links":{"self":[{"href":"https:\/\/brandss.com.py\/index\/wp-json\/wp\/v2\/product\/90910","targetHints":{"allow":["GET"]}}],"collection":[{"href":"https:\/\/brandss.com.py\/index\/wp-json\/wp\/v2\/product"}],"about":[{"href":"https:\/\/brandss.com.py\/index\/wp-json\/wp\/v2\/types\/product"}],"replies":[{"embeddable":true,"href":"https:\/\/brandss.com.py\/index\/wp-json\/wp\/v2\/comments?post=90910"}],"version-history":[{"count":1,"href":"https:\/\/brandss.com.py\/index\/wp-json\/wp\/v2\/product\/90910\/revisions"}],"predecessor-version":[{"id":90917,"href":"https:\/\/brandss.com.py\/index\/wp-json\/wp\/v2\/product\/90910\/revisions\/90917"}],"wp:featuredmedia":[{"embeddable":true,"href":"https:\/\/brandss.com.py\/index\/wp-json\/wp\/v2\/media\/90911"}],"wp:attachment":[{"href":"https:\/\/brandss.com.py\/index\/wp-json\/wp\/v2\/media?parent=90910"}],"wp:term":[{"taxonomy":"product_brand","embeddable":true,"href":"https:\/\/brandss.com.py\/index\/wp-json\/wp\/v2\/product_brand?post=90910"},{"taxonomy":"product_cat","embeddable":true,"href":"https:\/\/brandss.com.py\/index\/wp-json\/wp\/v2\/product_cat?post=90910"},{"taxonomy":"product_tag","embeddable":true,"href":"https:\/\/brandss.com.py\/index\/wp-json\/wp\/v2\/product_tag?post=90910"}],"curies":[{"name":"wp","href":"https:\/\/api.w.org\/{rel}","templated":true}]}}