{"id":90945,"date":"2025-09-20T14:43:46","date_gmt":"2025-09-20T14:43:46","guid":{"rendered":"https:\/\/brandss.com.py\/index\/?post_type=product&#038;p=90945"},"modified":"2025-12-05T10:52:11","modified_gmt":"2025-12-05T10:52:11","slug":"perfume-masculino-bharara-viking-beirut-parfum-100ml","status":"publish","type":"product","link":"https:\/\/brandss.com.py\/index\/producto\/perfume-masculino-bharara-viking-beirut-parfum-100ml\/","title":{"rendered":"PERFUME MASCULINO BHARARA VIKING BEIRUT PARFUM 100ML"},"content":{"rendered":"<p><img loading=\"lazy\" decoding=\"async\" class=\"\" src=\"https:\/\/acdn-us.mitiendanube.com\/stores\/004\/407\/494\/products\/logo-bharara-f0af86474c17f69fce17177015510816-1024-1024.webp\" alt=\"BHARARA - Prestige Pour Homme 100ml - Perfumia\" width=\"141\" height=\"141\" \/><\/p>\n<h1>VIKING BEIRUT PARFUM<\/h1>\n<p>Es una fragancia masculina audaz y arom\u00e1tica, que combina frescura c\u00edtrica con un coraz\u00f3n floral y especiado, sobre una base amaderada y terrosa. Es ideal para hombres que buscan una fragancia azul poderosa y equilibrada, adecuada tanto para el d\u00eda como para la noche. Descubre Viking Beirut Parfum, una fragancia \u00fanica que combina notas orientales y frescas, ideal para quienes buscan un aroma distintivo y sofisticado. Este perfume de alta calidad ofrece una experiencia olfativa envolvente, perfecta para cualquier ocasi\u00f3n. Su presentaci\u00f3n lo convierte en un complemento ideal para tu colecci\u00f3n de perfumes. Atr\u00e9vete a destacar con Viking Beirut, la elecci\u00f3n perfecta para hombres que aprecian la elegancia y el estilo.<\/p>\n<p><img decoding=\"async\" class=\"alignleft\" src=\"https:\/\/www.orientfragance.com\/cdn\/shop\/files\/BhararaVikingBeirut.png?v=1744712805&amp;width=500\" \/><\/p>\n<h3>Notas Olfativas<\/h3>\n<div id=\"bs-product-form\" class=\"row align-items-end\">\n<div class=\"col-md-6 form-group \"><\/div>\n<\/div>\n<section class=\"bs-product-description\">Viking Beirut de Bharara es una fragancia masculina que captura la esencia de la vibrante ciudad de Beirut, L\u00edbano. Se describe como un aroma estimulante y sofisticado que combina notas frescas y oz\u00f3nicas con acordes terrosos y amaderados.La fragancia se abre con una explosi\u00f3n de bergamota picante y lim\u00f3n picante, que refresca instant\u00e1neamente los sentidos y despierta el esp\u00edritu. A medida que la fragancia se asienta, las notas de coraz\u00f3n de salvia, geranio y acorde oz\u00f3nico pasan a primer plano. Clary Sage, con su aroma herbal y ligeramente floral, agrega una sensaci\u00f3n de sofisticaci\u00f3n y refinamiento a la fragancia. El geranio aporta una faceta arom\u00e1tica y rosada que equilibra el verdor del g\u00e1lbano, mientras que el acorde oz\u00f3nico evoca el aroma vigorizante del aire fresco del mar, que recuerda a un paseo costero con la brisa. Musgo de roble, pachul\u00ed, vetiver y tonka agregan profundidad y complejidad a la fragancia, ciment\u00e1ndola con una sensaci\u00f3n de estabilidad y masculinidad. El musgo de roble y el pachul\u00ed brindan una riqueza terrosa y amaderada, mientras que el vetiver agrega un trasfondo ahumado y correoso.<\/p>\n<\/section>\n<p><strong>Notas de salida:<\/strong> Lim\u00f3n, bergamota, g\u00e1lbano, pimienta negra.<\/p>\n<p><strong>Notas de coraz\u00f3n:<\/strong> Lavanda, rosa, geranio, notas oz\u00f3nicas.<\/p>\n<p><strong>Notas de fondo:\u00a0<\/strong>Pachul\u00ed, vetiver, haba tonka, musgo de roble, cedro.<\/p>\n","protected":false},"excerpt":{"rendered":"<p>VIKING BEIRUT PARFUM Es una fragancia masculina audaz y arom\u00e1tica, que combina frescura c\u00edtrica con un coraz\u00f3n floral y especiado,<\/p>\n","protected":false},"featured_media":90946,"comment_status":"open","ping_status":"closed","template":"","meta":{"nf_dc_page":""},"product_brand":[111],"product_cat":[84],"product_tag":[153],"class_list":{"0":"post-90945","1":"product","2":"type-product","3":"status-publish","4":"has-post-thumbnail","6":"product_brand-bharara","7":"product_cat-perfumeria","8":"product_tag-153","10":"first","11":"instock","12":"shipping-taxable","13":"purchasable","14":"product-type-simple"},"_links":{"self":[{"href":"https:\/\/brandss.com.py\/index\/wp-json\/wp\/v2\/product\/90945","targetHints":{"allow":["GET"]}}],"collection":[{"href":"https:\/\/brandss.com.py\/index\/wp-json\/wp\/v2\/product"}],"about":[{"href":"https:\/\/brandss.com.py\/index\/wp-json\/wp\/v2\/types\/product"}],"replies":[{"embeddable":true,"href":"https:\/\/brandss.com.py\/index\/wp-json\/wp\/v2\/comments?post=90945"}],"version-history":[{"count":2,"href":"https:\/\/brandss.com.py\/index\/wp-json\/wp\/v2\/product\/90945\/revisions"}],"predecessor-version":[{"id":90953,"href":"https:\/\/brandss.com.py\/index\/wp-json\/wp\/v2\/product\/90945\/revisions\/90953"}],"wp:featuredmedia":[{"embeddable":true,"href":"https:\/\/brandss.com.py\/index\/wp-json\/wp\/v2\/media\/90946"}],"wp:attachment":[{"href":"https:\/\/brandss.com.py\/index\/wp-json\/wp\/v2\/media?parent=90945"}],"wp:term":[{"taxonomy":"product_brand","embeddable":true,"href":"https:\/\/brandss.com.py\/index\/wp-json\/wp\/v2\/product_brand?post=90945"},{"taxonomy":"product_cat","embeddable":true,"href":"https:\/\/brandss.com.py\/index\/wp-json\/wp\/v2\/product_cat?post=90945"},{"taxonomy":"product_tag","embeddable":true,"href":"https:\/\/brandss.com.py\/index\/wp-json\/wp\/v2\/product_tag?post=90945"}],"curies":[{"name":"wp","href":"https:\/\/api.w.org\/{rel}","templated":true}]}}