{"id":91184,"date":"2025-09-27T14:04:52","date_gmt":"2025-09-27T14:04:52","guid":{"rendered":"https:\/\/brandss.com.py\/index\/?post_type=product&#038;p=91184"},"modified":"2026-03-16T16:26:12","modified_gmt":"2026-03-16T16:26:12","slug":"perfume-unisex-gissah-signature-collection-valle-imperial-edp-200ml","status":"publish","type":"product","link":"https:\/\/brandss.com.py\/index\/producto\/perfume-unisex-gissah-signature-collection-valle-imperial-edp-200ml\/","title":{"rendered":"PERFUME UNISEX GISSAH SIGNATURE COLLECTION VALLE IMPERIAL EDP 200ML"},"content":{"rendered":"<p><img loading=\"lazy\" decoding=\"async\" class=\"\" src=\"https:\/\/princesscosmeticsqa.com\/cdn\/shop\/collections\/gissah-772911.jpg?v=1738159643\" alt=\"Gissah \u2013 Princess Cosmetics Qatar\" width=\"84\" height=\"84\" \/><\/p>\n<h1>SIGNATURE COLLECTION VALLE IMPERIAL<\/h1>\n<p>Encarna la elegancia y la grandeza, una fragancia sofisticada que combina prestigio y distinci\u00f3n. Su estela, potente y refinada, revela una armon\u00eda perfecta de frescura deslumbrante, profundidad amaderada y sensualidad envolvente, convirtiendo esta fragancia en un s\u00edmbolo atemporal de nobleza y car\u00e1cter.<\/p>\n<p><span dir=\"auto\">En el cielo nocturno brilla una estrella&#8230;<\/span><br \/>\n<span dir=\"auto\">Valle Imperial&#8230;<\/span><br \/>\n<span dir=\"auto\">Una estrella que te transporta a un mundo de elegancia, una creaci\u00f3n que evoca una grandeza eterna, que deleita la mirada con el aroma m\u00e1s reconfortante&#8230;<\/span><br \/>\n<span dir=\"auto\">Conmueve los sentidos con ingredientes que se adaptan a tu gusto y un aroma que te enreda el cuello&#8230; Se eleva con un amor que, como t\u00fa, se posa en el coraz\u00f3n&#8230;<img loading=\"lazy\" decoding=\"async\" class=\"alignleft\" src=\"https:\/\/media.zid.store\/f2469935-26fb-43e7-8dfc-853881e6e23e\/913ea7ad-2387-4279-92bd-9e292ea61e26.jpgv1684751404\" width=\"626\" height=\"626\" \/><\/span><br \/>\n<span dir=\"auto\">Valle Imperial&#8230;<\/span><br \/>\n<span dir=\"auto\">Un perfume Imperial que ha llegado para tomar la iniciativa&#8230;<\/span><\/p>\n<p data-start=\"2329\" data-end=\"2687\"><em data-start=\"2329\" data-end=\"2346\"><span dir=\"auto\">Imperial Valley<\/span><\/em><span dir=\"auto\">\u00a0es una fragancia que impone su presencia con gracia y poder. Es para quienes buscan destacar, para quienes su aura sencilla evoca grandeza y elegancia. Cada nota, cuidadosamente seleccionada, se entrelaza para crear una armon\u00eda magistral, como una estrella imperial que gu\u00eda a quienes la lucen hacia la excelencia.<\/span><\/p>\n<p data-start=\"2689\" data-end=\"2780\" data-is-last-node=\"\"><span dir=\"auto\">Una estrella brilla, una estela permanece&#8230;\u00a0<\/span><em data-start=\"2733\" data-end=\"2750\"><span dir=\"auto\">Valle Imperial<\/span><\/em><span dir=\"auto\">\u00a0la quintaesencia del prestigio.<\/span><\/p>\n<h3 data-start=\"2689\" data-end=\"2780\">Notas Olfativas<\/h3>\n<p>&nbsp;<\/p>\n<p data-start=\"77\" data-end=\"307\"><span dir=\"auto\">En la oscuridad del cielo nocturno, una estrella se alza, luminosa y majestuosa.\u00a0<\/span><em data-start=\"165\" data-end=\"182\"><span dir=\"auto\">Imperial Valley<\/span><\/em><span dir=\"auto\">\u00a0encarna ese brillo atemporal, una esencia refinada e imponente, dise\u00f1ada para quienes aspiran a la elegancia absoluta.<\/span><\/p>\n<p data-start=\"309\" data-end=\"601\"><span dir=\"auto\">Esta fragancia se eleva como un soplo noble, revelando una composici\u00f3n armoniosa donde cada nota est\u00e1 dise\u00f1ada para capturar la esencia del prestigio y la distinci\u00f3n. Un aut\u00e9ntico viaje sensorial que evoca un valle imperial, donde la naturaleza y la grandeza se funden en perfecto equilibrio. <\/span><span dir=\"auto\">Desde las primeras pulverizaciones,\u00a0<\/span><em data-start=\"708\" data-end=\"725\"><span dir=\"auto\">Imperial Valley<\/span><\/em><span dir=\"auto\">\u00a0cautiva con una frescura picante y cautivadora. La\u00a0<\/span><span dir=\"auto\">davana<\/span><span dir=\"auto\">, con sus notas almibaradas y afrutadas, abre el abanico con una profundidad inesperada. Se combina con la vivacidad de la\u00a0<\/span><span dir=\"auto\">bergamota italiana<\/span><span dir=\"auto\">, ofreciendo un toque c\u00edtrico y luminoso, mientras que la\u00a0<\/span><span dir=\"auto\">pimienta rosa<\/span><span dir=\"auto\">, con su sutil aroma picante, aporta una intensidad vibrante y sofisticada. Este preludio olfativo, a la vez vivo y refinado, evoca la promesa de una fragancia que no deja indiferente a nadie.<\/span><\/p>\n<p data-start=\"1273\" data-end=\"1815\"><span dir=\"auto\">En su coraz\u00f3n,\u00a0<\/span><em data-start=\"1286\" data-end=\"1303\"><span dir=\"auto\">Imperial Valley<\/span><\/em><span dir=\"auto\">\u00a0revela un aroma cautivador y noble. El\u00a0<\/span><span dir=\"auto\">\u00e1mbar blanco,<\/span><span dir=\"auto\">\u00a0con su sensual calidez, otorga a la fragancia un aura luminosa y cautivadora. Combinado con\u00a0<\/span><span dir=\"auto\">romero africano,<\/span><span dir=\"auto\">\u00a0cuyo aroma herb\u00e1ceo y arom\u00e1tico infunde una energ\u00eda excepcional, crea un acorde din\u00e1mico y contrastante. Pero es el <\/span><span dir=\"auto\">oud,<\/span><span dir=\"auto\">\u00a0un tesoro legendario de la perfumer\u00eda, el que a\u00f1ade una dimensi\u00f3n amaderada y misteriosa. Profundo y majestuoso, envuelve la fragancia en un car\u00e1cter imperial, dejando una huella inolvidable en la piel.<\/span><\/p>\n<p data-start=\"1885\" data-end=\"2269\"><span dir=\"auto\">Cuando\u00a0<\/span><em data-start=\"1893\" data-end=\"1910\"><span dir=\"auto\">Imperial Valley<\/span><\/em><span dir=\"auto\">\u00a0alcanza su m\u00e1ximo esplendor, revela una base de intensidad impactante. El\u00a0<\/span><span dir=\"auto\">almizcle<\/span><span dir=\"auto\">, suave y sensual, se funde con el\u00a0<\/span><span dir=\"auto\">cuero<\/span><span dir=\"auto\">, una fragancia potente y sofisticada con una textura profunda y vivaz. Finalmente, el\u00a0<\/span><span dir=\"auto\">vetiver haitiano,<\/span><span dir=\"auto\">\u00a0una fragancia noble y terrosa, sella la composici\u00f3n con una elegancia amaderada y ahumada, otorgando al perfume una firma imperecedera.<\/span><\/p>\n<p><span dir=\"auto\"><strong>Notas de salida:<\/strong> Davana, bergamota italiana, pimienta rosa.<\/span><br \/>\n<span dir=\"auto\"><strong>Notas de coraz\u00f3n:<\/strong> \u00e1mbar blanco, romero africano, oud.<\/span><br \/>\n<span dir=\"auto\"><strong>Notas de fondo:<\/strong> almizcle, cuero, vetiver de Hait\u00ed.<\/span><\/p>\n","protected":false},"excerpt":{"rendered":"<p>SIGNATURE COLLECTION VALLE IMPERIAL Encarna la elegancia y la grandeza, una fragancia sofisticada que combina prestigio y distinci\u00f3n. Su estela,<\/p>\n","protected":false},"featured_media":91185,"comment_status":"open","ping_status":"closed","template":"","meta":{"nf_dc_page":""},"product_brand":[750],"product_cat":[84],"product_tag":[751],"class_list":{"0":"post-91184","1":"product","2":"type-product","3":"status-publish","4":"has-post-thumbnail","6":"product_brand-gissah","7":"product_cat-perfumeria","8":"product_tag-751","10":"first","11":"outofstock","12":"shipping-taxable","13":"purchasable","14":"product-type-simple"},"_links":{"self":[{"href":"https:\/\/brandss.com.py\/index\/wp-json\/wp\/v2\/product\/91184","targetHints":{"allow":["GET"]}}],"collection":[{"href":"https:\/\/brandss.com.py\/index\/wp-json\/wp\/v2\/product"}],"about":[{"href":"https:\/\/brandss.com.py\/index\/wp-json\/wp\/v2\/types\/product"}],"replies":[{"embeddable":true,"href":"https:\/\/brandss.com.py\/index\/wp-json\/wp\/v2\/comments?post=91184"}],"version-history":[{"count":2,"href":"https:\/\/brandss.com.py\/index\/wp-json\/wp\/v2\/product\/91184\/revisions"}],"predecessor-version":[{"id":91192,"href":"https:\/\/brandss.com.py\/index\/wp-json\/wp\/v2\/product\/91184\/revisions\/91192"}],"wp:featuredmedia":[{"embeddable":true,"href":"https:\/\/brandss.com.py\/index\/wp-json\/wp\/v2\/media\/91185"}],"wp:attachment":[{"href":"https:\/\/brandss.com.py\/index\/wp-json\/wp\/v2\/media?parent=91184"}],"wp:term":[{"taxonomy":"product_brand","embeddable":true,"href":"https:\/\/brandss.com.py\/index\/wp-json\/wp\/v2\/product_brand?post=91184"},{"taxonomy":"product_cat","embeddable":true,"href":"https:\/\/brandss.com.py\/index\/wp-json\/wp\/v2\/product_cat?post=91184"},{"taxonomy":"product_tag","embeddable":true,"href":"https:\/\/brandss.com.py\/index\/wp-json\/wp\/v2\/product_tag?post=91184"}],"curies":[{"name":"wp","href":"https:\/\/api.w.org\/{rel}","templated":true}]}}