{"id":91297,"date":"2025-09-29T14:49:06","date_gmt":"2025-09-29T14:49:06","guid":{"rendered":"https:\/\/brandss.com.py\/index\/?post_type=product&#038;p=91297"},"modified":"2025-09-29T14:50:11","modified_gmt":"2025-09-29T14:50:11","slug":"perfume-masculino-body-luxuries-saviour-edt-100ml","status":"publish","type":"product","link":"https:\/\/brandss.com.py\/index\/producto\/perfume-masculino-body-luxuries-saviour-edt-100ml\/","title":{"rendered":"PERFUME MASCULINO BODY LUXURIES SAVIOUR EDT 100ML"},"content":{"rendered":"<p><img loading=\"lazy\" decoding=\"async\" class=\"\" src=\"https:\/\/iface.com.ph\/wp-content\/uploads\/2022\/08\/Body-Luxuries.jpg\" alt=\"Body Luxuries - Iface\" width=\"92\" height=\"52\" \/><\/p>\n<h1>SAVIOUR<\/h1>\n<p><span dir=\"auto\">Descubre una fragancia que encarna la elegancia y la fuerza con\u00a0<\/span><em><span dir=\"auto\">Saviour Eau de Toilette<\/span><\/em><span dir=\"auto\"> de Body Luxuries, una prestigiosa marca londinense conocida por sus lujosos aromas. Este frasco ofrece una fragancia sofisticada y duradera que cautiva los sentidos, convirti\u00e9ndola en el complemento perfecto para tus b\u00e1sicos de diario o para ocasiones especiales.<\/span><\/p>\n<p><em><span dir=\"auto\">Saviour<\/span><\/em><span dir=\"auto\">\u00a0es una refinada mezcla de frescas notas florales con c\u00e1lidos matices amaderados, creando un delicado equilibrio entre fuerza y \u200b\u200bgracia. Las notas de salida, de c\u00edtricos vibrantes y suaves florales, dan paso a un coraz\u00f3n de cremosas flores blancas, mientras que el fondo de suave almizcle y maderas terrosas aporta profundidad y sensualidad. Esta vers\u00e1til fragancia est\u00e1 dise\u00f1ada para la persona segura de s\u00ed misma y moderna que abraza la elegancia y el poder.<\/span><\/p>\n<p><strong><span dir=\"auto\">Caracter\u00edsticas principales:<\/span><\/strong><\/p>\n<ul>\n<li><span dir=\"auto\">100 ml de agua de colonia<\/span><\/li>\n<li><span dir=\"auto\">Una mezcla refinada de notas florales, c\u00edtricas, almizcladas y amaderadas.<\/span><\/li>\n<li><span dir=\"auto\">Fragancia duradera que se adapta maravillosamente del d\u00eda a la noche.<\/span><\/li>\n<li><span dir=\"auto\">Perfecto tanto para uso diario como para ocasiones especiales.<\/span><\/li>\n<li><span dir=\"auto\">Elaborado por la lujosa marca londinense Body Luxuries<\/span><\/li>\n<\/ul>\n<p><span dir=\"auto\">Experimenta el encanto y la sofisticaci\u00f3n de\u00a0<\/span><em><span dir=\"auto\">Saviour<\/span><\/em><span dir=\"auto\">, una fragancia que enamora.<\/span><\/p>\n<h3>Notas Olfativas<\/h3>\n<p><strong>Notas de salida:<\/strong> notas c\u00edtricos, flores.<\/p>\n<p><strong>Notas de coraz\u00f3n: <\/strong><span dir=\"auto\">cremosas flores blancas<\/span><\/p>\n<p><strong>Notas de fondo:<\/strong> <span dir=\"auto\">almizcle, maderas terrosas<\/span><\/p>\n","protected":false},"excerpt":{"rendered":"<p>SAVIOUR Descubre una fragancia que encarna la elegancia y la fuerza con\u00a0Saviour Eau de Toilette de Body Luxuries, una prestigiosa<\/p>\n","protected":false},"featured_media":91298,"comment_status":"open","ping_status":"closed","template":"","meta":{"nf_dc_page":""},"product_brand":[769],"product_cat":[84],"product_tag":[770],"class_list":{"0":"post-91297","1":"product","2":"type-product","3":"status-publish","4":"has-post-thumbnail","6":"product_brand-body-luxuries","7":"product_cat-perfumeria","8":"product_tag-770","10":"first","11":"instock","12":"shipping-taxable","13":"purchasable","14":"product-type-simple"},"_links":{"self":[{"href":"https:\/\/brandss.com.py\/index\/wp-json\/wp\/v2\/product\/91297","targetHints":{"allow":["GET"]}}],"collection":[{"href":"https:\/\/brandss.com.py\/index\/wp-json\/wp\/v2\/product"}],"about":[{"href":"https:\/\/brandss.com.py\/index\/wp-json\/wp\/v2\/types\/product"}],"replies":[{"embeddable":true,"href":"https:\/\/brandss.com.py\/index\/wp-json\/wp\/v2\/comments?post=91297"}],"version-history":[{"count":1,"href":"https:\/\/brandss.com.py\/index\/wp-json\/wp\/v2\/product\/91297\/revisions"}],"predecessor-version":[{"id":91302,"href":"https:\/\/brandss.com.py\/index\/wp-json\/wp\/v2\/product\/91297\/revisions\/91302"}],"wp:featuredmedia":[{"embeddable":true,"href":"https:\/\/brandss.com.py\/index\/wp-json\/wp\/v2\/media\/91298"}],"wp:attachment":[{"href":"https:\/\/brandss.com.py\/index\/wp-json\/wp\/v2\/media?parent=91297"}],"wp:term":[{"taxonomy":"product_brand","embeddable":true,"href":"https:\/\/brandss.com.py\/index\/wp-json\/wp\/v2\/product_brand?post=91297"},{"taxonomy":"product_cat","embeddable":true,"href":"https:\/\/brandss.com.py\/index\/wp-json\/wp\/v2\/product_cat?post=91297"},{"taxonomy":"product_tag","embeddable":true,"href":"https:\/\/brandss.com.py\/index\/wp-json\/wp\/v2\/product_tag?post=91297"}],"curies":[{"name":"wp","href":"https:\/\/api.w.org\/{rel}","templated":true}]}}