{"id":91331,"date":"2025-09-30T14:26:02","date_gmt":"2025-09-30T14:26:02","guid":{"rendered":"https:\/\/brandss.com.py\/index\/?post_type=product&#038;p=91331"},"modified":"2026-03-17T11:04:17","modified_gmt":"2026-03-17T11:04:17","slug":"perfume-unisex-vurv-bouquet-rouge-extrait-edp-100ml","status":"publish","type":"product","link":"https:\/\/brandss.com.py\/index\/producto\/perfume-unisex-vurv-bouquet-rouge-extrait-edp-100ml\/","title":{"rendered":"PERFUME UNISEX VURV BOUQUET ROUGE EXTRAIT EDP 100ML"},"content":{"rendered":"<p><img loading=\"lazy\" decoding=\"async\" class=\"\" src=\"https:\/\/www.parfumonline.ch\/media\/brand\/brand\/vurv.png\" alt=\"Vurv\" width=\"103\" height=\"55\" \/><\/p>\n<h1>BOUQUET ROUGE EXTRAIT<\/h1>\n<p>Es una fragancia que combina delicadas notas florales con matices orientales, creando un aroma sofisticado y envolvente. Perfecta para quienes buscan una esencia elegante y \u00fanica que resalte su presencia en cualquier ocasi\u00f3n especial. Su f\u00f3rmula concentrada garantiza una duraci\u00f3n prolongada, haciendo que cada instante se impregne con su encanto refinado.<\/p>\n<ul data-start=\"169\" data-end=\"590\">\n<li data-start=\"169\" data-end=\"314\">\n<p data-start=\"171\" data-end=\"314\">Bouquet Rouge Extrait EDP es una fragancia unisex que mezcla notas florales con matices orientales.<\/p>\n<\/li>\n<li data-start=\"169\" data-end=\"314\">\n<p data-start=\"171\" data-end=\"314\">Tiene una f\u00f3rmula m\u00e1s concentrada (\u201cExtrait\u201d) lo que le da mayor duraci\u00f3n y presencia.<\/p>\n<\/li>\n<li data-start=\"444\" data-end=\"590\">\n<p data-start=\"446\" data-end=\"590\">Es ideal para ocasiones especiales, cuando uno quiere destacar, ya que se percibe elegante y envolvente.<\/p>\n<\/li>\n<\/ul>\n<h3 data-start=\"597\" data-end=\"619\">Notas olfativas<\/h3>\n<p data-start=\"1109\" data-end=\"1291\">La combinaci\u00f3n de notas especiadas (azafr\u00e1n), florales (jazm\u00edn), ambaradas y amaderadas dan como resultado un aroma intenso y sofisticado.\u00a0Tiene buena durabilidad gracias a su concentraci\u00f3n Extrait.\u00a0Es un perfume que funciona tanto para d\u00eda como para noche, pero luce m\u00e1s en situaciones donde uno quiere dejar una buena impresi\u00f3n.<\/p>\n<p><strong>Notas de salida:<\/strong> azafr\u00e1n, jazm\u00edn.<\/p>\n<p><strong>Notas de coraz\u00f3n:<\/strong> amberwood, \u00e1mbar gris.<\/p>\n<p><strong>Notas de fondo:<\/strong> resina de abeto, cedro.<\/p>\n","protected":false},"excerpt":{"rendered":"<p>BOUQUET ROUGE EXTRAIT Es una fragancia que combina delicadas notas florales con matices orientales, creando un aroma sofisticado y envolvente.<\/p>\n","protected":false},"featured_media":91332,"comment_status":"open","ping_status":"closed","template":"","meta":{"nf_dc_page":""},"product_brand":[785],"product_cat":[84],"product_tag":[786],"class_list":{"0":"post-91331","1":"product","2":"type-product","3":"status-publish","4":"has-post-thumbnail","6":"product_brand-vurv","7":"product_cat-perfumeria","8":"product_tag-786","10":"first","11":"outofstock","12":"shipping-taxable","13":"purchasable","14":"product-type-simple"},"_links":{"self":[{"href":"https:\/\/brandss.com.py\/index\/wp-json\/wp\/v2\/product\/91331","targetHints":{"allow":["GET"]}}],"collection":[{"href":"https:\/\/brandss.com.py\/index\/wp-json\/wp\/v2\/product"}],"about":[{"href":"https:\/\/brandss.com.py\/index\/wp-json\/wp\/v2\/types\/product"}],"replies":[{"embeddable":true,"href":"https:\/\/brandss.com.py\/index\/wp-json\/wp\/v2\/comments?post=91331"}],"version-history":[{"count":1,"href":"https:\/\/brandss.com.py\/index\/wp-json\/wp\/v2\/product\/91331\/revisions"}],"predecessor-version":[{"id":91333,"href":"https:\/\/brandss.com.py\/index\/wp-json\/wp\/v2\/product\/91331\/revisions\/91333"}],"wp:featuredmedia":[{"embeddable":true,"href":"https:\/\/brandss.com.py\/index\/wp-json\/wp\/v2\/media\/91332"}],"wp:attachment":[{"href":"https:\/\/brandss.com.py\/index\/wp-json\/wp\/v2\/media?parent=91331"}],"wp:term":[{"taxonomy":"product_brand","embeddable":true,"href":"https:\/\/brandss.com.py\/index\/wp-json\/wp\/v2\/product_brand?post=91331"},{"taxonomy":"product_cat","embeddable":true,"href":"https:\/\/brandss.com.py\/index\/wp-json\/wp\/v2\/product_cat?post=91331"},{"taxonomy":"product_tag","embeddable":true,"href":"https:\/\/brandss.com.py\/index\/wp-json\/wp\/v2\/product_tag?post=91331"}],"curies":[{"name":"wp","href":"https:\/\/api.w.org\/{rel}","templated":true}]}}