{"id":91355,"date":"2025-10-01T11:37:43","date_gmt":"2025-10-01T11:37:43","guid":{"rendered":"https:\/\/brandss.com.py\/index\/?post_type=product&#038;p=91355"},"modified":"2026-04-09T10:44:20","modified_gmt":"2026-04-09T10:44:20","slug":"perfume-unisex-maison-alhambra-philos-shine-edp-100ml","status":"publish","type":"product","link":"https:\/\/brandss.com.py\/index\/producto\/perfume-unisex-maison-alhambra-philos-shine-edp-100ml\/","title":{"rendered":"PERFUME UNISEX MAISON ALHAMBRA PHILOS SHINE EDP 100ML"},"content":{"rendered":"<p><img loading=\"lazy\" decoding=\"async\" class=\"\" src=\"https:\/\/acdn-us.mitiendanube.com\/stores\/004\/407\/494\/products\/logo-maison-alhambra-db7561de631013985217517459712261-1024-1024.webp\" alt=\"Maison Alhambra Leonie: Perfume Floral Femenino Sofisticado\" width=\"101\" height=\"111\" \/><\/p>\n<h1>PHILOS SHINE<\/h1>\n<p>Es una fragancia unisex vibrante, sofisticada y cautivadora, perfecta para quienes buscan un perfume impactante con un equilibrio perfecto entre frescura, elegancia y sensualidad. Combinando notas frutales, florales y amaderadas, Philos Shine transmite modernidad y versatilidad en cada aplicaci\u00f3n.<img loading=\"lazy\" decoding=\"async\" class=\"alignleft\" src=\"https:\/\/www.atlanticoshop.com.py\/image\/catalog\/armaf\/philos-shine-desc-esp.jpg\" width=\"553\" height=\"553\" \/><\/p>\n<ul>\n<li dir=\"ltr\"><span dir=\"auto\">Inspirado en perfumes de alta gama, ofrece una experiencia olfativa sofisticada y duradera.\u00a0<\/span><\/li>\n<li dir=\"ltr\"><span dir=\"auto\">Combina frescura c\u00edtrica con dulzura frutal y calidez amaderada.<\/span><\/li>\n<li dir=\"ltr\"><span dir=\"auto\">Ideal para quienes aprecian la simplicidad refinada en una fragancia.\u00a0<\/span><\/li>\n<\/ul>\n<h3>Notas Olfativas<\/h3>\n<p dir=\"ltr\"><span dir=\"auto\">El primer spray de Philos Shine tiene un aroma a almendras, cerezas rojas, fresas, manzanas y melocotones. Su explosi\u00f3n afrutada le da un aroma alegre y alegre, como el sol perfumado.<\/span><\/p>\n<p dir=\"ltr\"><span dir=\"auto\">El centro de la pieza se vuelve florido y esponjoso. Un dulce aroma proviene de la mezcla de rosa, heliotropo, mimosa, ra\u00edz de lirio y retama. Esta flor en el centro crea un agradable v\u00ednculo entre las frutas brillantes y la base m\u00e1s oscura.<\/span><\/p>\n<p dir=\"ltr\"><span dir=\"auto\">Este perfume tiene agradables notas medias de pachul\u00ed, s\u00e1ndalo cremoso, haba tonka, almizcle, \u00e1mbar y vainilla. Estos aromas m\u00e1s intensos le aportan profundidad y un final sensual, amaderado y oriental, con notas dulces que perduran en la piel.<\/span><\/p>\n<ul>\n<li dir=\"ltr\"><strong><span dir=\"auto\">Notas de salida:\u00a0<\/span><\/strong><span dir=\"auto\">Cereza, fresa, melocot\u00f3n, manzana, almendra.<\/span><\/li>\n<li dir=\"ltr\"><strong><span dir=\"auto\">Notas de coraz\u00f3n:<\/span><\/strong>\u00a0<span dir=\"auto\">Sambac, jazm\u00edn, heliotropo, mimosa, iris, rosa.<\/span><\/li>\n<li dir=\"ltr\"><strong><span dir=\"auto\">Notas de base:<\/span><\/strong>\u00a0<span dir=\"auto\">Almizcle, haba tonka, vainilla, s\u00e1ndalo, vetiver, \u00e1mbar, pachul\u00ed.<\/span><\/li>\n<\/ul>\n","protected":false},"excerpt":{"rendered":"<p>PHILOS SHINE Es una fragancia unisex vibrante, sofisticada y cautivadora, perfecta para quienes buscan un perfume impactante con un equilibrio<\/p>\n","protected":false},"featured_media":91356,"comment_status":"open","ping_status":"closed","template":"","meta":{"nf_dc_page":""},"product_brand":[107],"product_cat":[84],"product_tag":[795],"class_list":{"0":"post-91355","1":"product","2":"type-product","3":"status-publish","4":"has-post-thumbnail","6":"product_brand-maison-alhambra","7":"product_cat-perfumeria","8":"product_tag-795","10":"first","11":"instock","12":"shipping-taxable","13":"purchasable","14":"product-type-simple"},"_links":{"self":[{"href":"https:\/\/brandss.com.py\/index\/wp-json\/wp\/v2\/product\/91355","targetHints":{"allow":["GET"]}}],"collection":[{"href":"https:\/\/brandss.com.py\/index\/wp-json\/wp\/v2\/product"}],"about":[{"href":"https:\/\/brandss.com.py\/index\/wp-json\/wp\/v2\/types\/product"}],"replies":[{"embeddable":true,"href":"https:\/\/brandss.com.py\/index\/wp-json\/wp\/v2\/comments?post=91355"}],"version-history":[{"count":1,"href":"https:\/\/brandss.com.py\/index\/wp-json\/wp\/v2\/product\/91355\/revisions"}],"predecessor-version":[{"id":91360,"href":"https:\/\/brandss.com.py\/index\/wp-json\/wp\/v2\/product\/91355\/revisions\/91360"}],"wp:featuredmedia":[{"embeddable":true,"href":"https:\/\/brandss.com.py\/index\/wp-json\/wp\/v2\/media\/91356"}],"wp:attachment":[{"href":"https:\/\/brandss.com.py\/index\/wp-json\/wp\/v2\/media?parent=91355"}],"wp:term":[{"taxonomy":"product_brand","embeddable":true,"href":"https:\/\/brandss.com.py\/index\/wp-json\/wp\/v2\/product_brand?post=91355"},{"taxonomy":"product_cat","embeddable":true,"href":"https:\/\/brandss.com.py\/index\/wp-json\/wp\/v2\/product_cat?post=91355"},{"taxonomy":"product_tag","embeddable":true,"href":"https:\/\/brandss.com.py\/index\/wp-json\/wp\/v2\/product_tag?post=91355"}],"curies":[{"name":"wp","href":"https:\/\/api.w.org\/{rel}","templated":true}]}}