{"id":91474,"date":"2025-10-03T18:34:55","date_gmt":"2025-10-03T18:34:55","guid":{"rendered":"https:\/\/brandss.com.py\/index\/?post_type=product&#038;p=91474"},"modified":"2026-03-17T13:24:16","modified_gmt":"2026-03-17T13:24:16","slug":"perfume-masculino-vurv-fortune-lucky-man-edp-100ml","status":"publish","type":"product","link":"https:\/\/brandss.com.py\/index\/producto\/perfume-masculino-vurv-fortune-lucky-man-edp-100ml\/","title":{"rendered":"PERFUME MASCULINO VURV FORTUNE LUCKY MAN EDP 100ML"},"content":{"rendered":"<p><img loading=\"lazy\" decoding=\"async\" class=\"\" src=\"https:\/\/www.parfumonline.ch\/media\/brand\/brand\/vurv.png\" alt=\"Vurv\" width=\"179\" height=\"96\" \/><\/p>\n<h1>FORTUNE LUCKY MAN<\/h1>\n<p>Es la elecci\u00f3n ideal para el hombre moderno que busca una fragancia distintiva y sofisticada. Con un dise\u00f1o elegante y una presentaci\u00f3n audaz, este eau de parfum captura la esencia de la masculinidad contempor\u00e1nea, haciendo de cada aplicaci\u00f3n una declaraci\u00f3n de estilo y confianza.<\/p>\n<p>Esta fragancia envuelve en una estela amaderada que evoca sensaciones de libertad y aventura. Cada nota olfativa ha sido cuidadosamente seleccionada para brindar una experiencia sensorial intensa y cautivadora, perfecta para el hombre que conquista cada d\u00eda con determinaci\u00f3n.<\/p>\n<p>La familia olfativa amaderada ofrece un equilibrio entre frescura y calidez, ideal para cualquier ocasi\u00f3n, ya sea un evento formal o una salida casual. Este perfume, lanzado en 2023, es una adici\u00f3n contempor\u00e1nea a la colecci\u00f3n de fragancias masculinas que no debe faltar en el armario de un caballero elegante.<\/p>\n<h3>Notas Olfativas<\/h3>\n<p>Fortune Lucky Man es una fragancia cautivadora que equilibra frescura, dulzura y calidez en una composici\u00f3n envolvente. Su apertura luminosa combina acordes c\u00edtricos y frutales que despiertan los sentidos con energ\u00eda vibrante, mientras que en el coraz\u00f3n surge la dulzura dorada de la miel fusionada con el car\u00e1cter gourmand de la avellana, creando un centro delicioso y adictivo. Finalmente, las notas de fondo ambaradas y amaderadas aportan profundidad, elegancia y una estela c\u00e1lida que perdura en la piel, convirti\u00e9ndola en una fragancia vers\u00e1til y sofisticada, ideal para quienes disfrutan de aromas dulces con un toque refinado y duradero.<\/p>\n<p><strong>Notas de salida:<\/strong> avellana, ciruela verde, c\u00edtricos.<\/p>\n<p><strong>Notas de coraz\u00f3n:<\/strong> cedro.<\/p>\n<p><strong>Notas de fondo:<\/strong> pachul\u00ed, madera de \u00e1mbar.<\/p>\n","protected":false},"excerpt":{"rendered":"<p>FORTUNE LUCKY MAN Es la elecci\u00f3n ideal para el hombre moderno que busca una fragancia distintiva y sofisticada. Con un<\/p>\n","protected":false},"featured_media":91475,"comment_status":"open","ping_status":"closed","template":"","meta":{"nf_dc_page":""},"product_brand":[785],"product_cat":[84],"product_tag":[839],"class_list":{"0":"post-91474","1":"product","2":"type-product","3":"status-publish","4":"has-post-thumbnail","6":"product_brand-vurv","7":"product_cat-perfumeria","8":"product_tag-839","10":"first","11":"outofstock","12":"shipping-taxable","13":"purchasable","14":"product-type-simple"},"_links":{"self":[{"href":"https:\/\/brandss.com.py\/index\/wp-json\/wp\/v2\/product\/91474","targetHints":{"allow":["GET"]}}],"collection":[{"href":"https:\/\/brandss.com.py\/index\/wp-json\/wp\/v2\/product"}],"about":[{"href":"https:\/\/brandss.com.py\/index\/wp-json\/wp\/v2\/types\/product"}],"replies":[{"embeddable":true,"href":"https:\/\/brandss.com.py\/index\/wp-json\/wp\/v2\/comments?post=91474"}],"version-history":[{"count":1,"href":"https:\/\/brandss.com.py\/index\/wp-json\/wp\/v2\/product\/91474\/revisions"}],"predecessor-version":[{"id":91478,"href":"https:\/\/brandss.com.py\/index\/wp-json\/wp\/v2\/product\/91474\/revisions\/91478"}],"wp:featuredmedia":[{"embeddable":true,"href":"https:\/\/brandss.com.py\/index\/wp-json\/wp\/v2\/media\/91475"}],"wp:attachment":[{"href":"https:\/\/brandss.com.py\/index\/wp-json\/wp\/v2\/media?parent=91474"}],"wp:term":[{"taxonomy":"product_brand","embeddable":true,"href":"https:\/\/brandss.com.py\/index\/wp-json\/wp\/v2\/product_brand?post=91474"},{"taxonomy":"product_cat","embeddable":true,"href":"https:\/\/brandss.com.py\/index\/wp-json\/wp\/v2\/product_cat?post=91474"},{"taxonomy":"product_tag","embeddable":true,"href":"https:\/\/brandss.com.py\/index\/wp-json\/wp\/v2\/product_tag?post=91474"}],"curies":[{"name":"wp","href":"https:\/\/api.w.org\/{rel}","templated":true}]}}