{"id":91527,"date":"2025-10-04T19:15:54","date_gmt":"2025-10-04T19:15:54","guid":{"rendered":"https:\/\/brandss.com.py\/index\/?post_type=product&#038;p=91527"},"modified":"2026-03-17T13:50:11","modified_gmt":"2026-03-17T13:50:11","slug":"bruma-corporal-femenino-lattafa-fakhar-250ml","status":"publish","type":"product","link":"https:\/\/brandss.com.py\/index\/producto\/bruma-corporal-femenino-lattafa-fakhar-250ml\/","title":{"rendered":"BRUMA CORPORAL FEMENINO LATTAFA FAKHAR 250ML"},"content":{"rendered":"<p><img loading=\"lazy\" decoding=\"async\" class=\"\" src=\"https:\/\/myscentjourney.s3.us-east-2.amazonaws.com\/2022\/02\/14\/29KIascent_j_marca_1644871114_202.png\" alt=\"MSJ::LATTAFA\" width=\"111\" height=\"132\" \/><\/p>\n<h1>FAKHAR<\/h1>\n<p>Es una fragancia floral-frutal ligera y femenina, creada para mujeres que disfrutan de un aroma fresco y elegante. Ofrece un aroma luminoso y acogedor, perfecto para el d\u00eda o para ocasiones especiales de primavera y verano.<img decoding=\"async\" class=\"alignleft\" src=\"https:\/\/cdn.awsli.com.br\/300x300\/1382\/1382542\/produto\/372967010\/ae6d07501148ee4296fa17ae4e937148-evf5ezwgam.jpg\" \/><\/p>\n<h3>Notas Olfativas<\/h3>\n<p>Este perfume se abre con una vibrante explosi\u00f3n de acordes frutales combinados con notas et\u00e9reas de lirio y granada, realzadas por un toque chispeante de aldeh\u00eddos. El coraz\u00f3n se despliega en un exuberante ramo de flores blancas (nardo, jazm\u00edn, gardenia) con notas de rosa suave, ylang-ylang, madreselva y peon\u00eda. Al asentarse, una base cremosa de vainilla, almizcle blanco, s\u00e1ndalo y ambrox\u00e1n crea un final aterciopelado y c\u00e1lido, suave y reconfortante.<\/p>\n<ul>\n<li><strong><span dir=\"auto\">Notas de salida:<\/span><\/strong><span dir=\"auto\">\u00a0Frutas, lirio, granada, aldeh\u00eddos.<\/span><\/li>\n<li><strong><span dir=\"auto\">Notas de coraz\u00f3n:<\/span><\/strong><span dir=\"auto\"> Nardos, jazm\u00edn, gardenia, ylang-ylang, madreselva, rosa, peon\u00eda.<\/span><\/li>\n<li><strong><span dir=\"auto\">Notas de fondo:<\/span><\/strong><span dir=\"auto\"> vainilla, almizcle blanco, s\u00e1ndalo, ambroxan.<\/span><\/li>\n<\/ul>\n","protected":false},"excerpt":{"rendered":"<p>FAKHAR Es una fragancia floral-frutal ligera y femenina, creada para mujeres que disfrutan de un aroma fresco y elegante. Ofrece<\/p>\n","protected":false},"featured_media":91528,"comment_status":"open","ping_status":"closed","template":"","meta":{"nf_dc_page":""},"product_brand":[109],"product_cat":[84],"product_tag":[889],"class_list":{"0":"post-91527","1":"product","2":"type-product","3":"status-publish","4":"has-post-thumbnail","6":"product_brand-lattafa","7":"product_cat-perfumeria","8":"product_tag-889","10":"first","11":"instock","12":"shipping-taxable","13":"purchasable","14":"product-type-simple"},"_links":{"self":[{"href":"https:\/\/brandss.com.py\/index\/wp-json\/wp\/v2\/product\/91527","targetHints":{"allow":["GET"]}}],"collection":[{"href":"https:\/\/brandss.com.py\/index\/wp-json\/wp\/v2\/product"}],"about":[{"href":"https:\/\/brandss.com.py\/index\/wp-json\/wp\/v2\/types\/product"}],"replies":[{"embeddable":true,"href":"https:\/\/brandss.com.py\/index\/wp-json\/wp\/v2\/comments?post=91527"}],"version-history":[{"count":1,"href":"https:\/\/brandss.com.py\/index\/wp-json\/wp\/v2\/product\/91527\/revisions"}],"predecessor-version":[{"id":91532,"href":"https:\/\/brandss.com.py\/index\/wp-json\/wp\/v2\/product\/91527\/revisions\/91532"}],"wp:featuredmedia":[{"embeddable":true,"href":"https:\/\/brandss.com.py\/index\/wp-json\/wp\/v2\/media\/91528"}],"wp:attachment":[{"href":"https:\/\/brandss.com.py\/index\/wp-json\/wp\/v2\/media?parent=91527"}],"wp:term":[{"taxonomy":"product_brand","embeddable":true,"href":"https:\/\/brandss.com.py\/index\/wp-json\/wp\/v2\/product_brand?post=91527"},{"taxonomy":"product_cat","embeddable":true,"href":"https:\/\/brandss.com.py\/index\/wp-json\/wp\/v2\/product_cat?post=91527"},{"taxonomy":"product_tag","embeddable":true,"href":"https:\/\/brandss.com.py\/index\/wp-json\/wp\/v2\/product_tag?post=91527"}],"curies":[{"name":"wp","href":"https:\/\/api.w.org\/{rel}","templated":true}]}}