{"id":91587,"date":"2025-10-07T14:20:58","date_gmt":"2025-10-07T14:20:58","guid":{"rendered":"https:\/\/brandss.com.py\/index\/?post_type=product&#038;p=91587"},"modified":"2026-03-18T10:12:44","modified_gmt":"2026-03-18T10:12:44","slug":"spray-corporal-unisex-lattafa-pride-maharjan-silver-concentrated-250ml","status":"publish","type":"product","link":"https:\/\/brandss.com.py\/index\/producto\/spray-corporal-unisex-lattafa-pride-maharjan-silver-concentrated-250ml\/","title":{"rendered":"SPRAY CORPORAL UNISEX LATTAFA PRIDE MAHARJAN SILVER CONCENTRATED 250ML"},"content":{"rendered":"<p><img loading=\"lazy\" decoding=\"async\" class=\"\" src=\"https:\/\/myscentjourney.s3.us-east-2.amazonaws.com\/2022\/02\/14\/29KIascent_j_marca_1644871114_202.png\" alt=\"MSJ::LATTAFA\" width=\"67\" height=\"80\" \/><\/p>\n<h1>PRIDE MAHARJAN SILVER CONCENTRATED<\/h1>\n<p>Es una fragancia que define la elegancia y la sofisticaci\u00f3n. Este perfume, con su impresionante presentaci\u00f3n de 250 ml, invita a explorar su esencia m\u00e1s aut\u00e9ntica, capturando la atenci\u00f3n y admiraci\u00f3n en cada uso.<\/p>\n<p>Maharjan Silver es una elecci\u00f3n consciente para quienes buscan calidad y \u00e9tica en sus productos de belleza. Este parfum es libre de crueldad y vegano, reflejando un compromiso con el respeto hacia los seres vivos y el medio ambiente. Ideal para el hombre moderno que valora tanto el lujo como la responsabilidad.<\/p>\n<p>Deja que Maharjan Silver acompa\u00f1e tus momentos m\u00e1s memorables, convirti\u00e9ndose en un aliado en tu d\u00eda a d\u00eda. Ya sea para una ocasi\u00f3n especial o para el uso diario, esta fragancia se ajusta a cualquier atm\u00f3sfera. Atr\u00e9vete a expresar tu estilo personal y marca la diferencia con esta exquisita combinaci\u00f3n olfativa.<\/p>\n<h3>Notas Olfativas<\/h3>\n<p>Sus notas de salida frescas de bergamota y mandarina ofrecen una bienvenida vibrante, estableciendo el tono de una experiencia sensorial \u00fanica. A medida que la fragancia evoluciona, las notas de coraz\u00f3n de t\u00e9 y grosella negra a\u00f1aden un toque intrigante, creando una conexi\u00f3n entre lo agrio y lo floral que seduce los sentidos. En el fondo, la calidez del almizcle, el s\u00e1ndalo, el jazm\u00edn y el petit grain aportan profundidad y personalidad, asegurando que esta fragancia tenga una longevidad notable en la piel.<\/p>\n<p><strong>Notas de salida:<\/strong> bergamota, mandarina.<\/p>\n<p><strong>Notas de coraz\u00f3n:<\/strong> t\u00e9, grosella negra.<\/p>\n<p><strong>Notas de fondo:<\/strong> almizcle, s\u00e1ndalo, jazm\u00edn, petit grain.<\/p>\n","protected":false},"excerpt":{"rendered":"<p>PRIDE MAHARJAN SILVER CONCENTRATED Es una fragancia que define la elegancia y la sofisticaci\u00f3n. Este perfume, con su impresionante presentaci\u00f3n<\/p>\n","protected":false},"featured_media":91588,"comment_status":"open","ping_status":"closed","template":"","meta":{"nf_dc_page":""},"product_brand":[109],"product_cat":[94],"product_tag":[918],"class_list":{"0":"post-91587","1":"product","2":"type-product","3":"status-publish","4":"has-post-thumbnail","6":"product_brand-lattafa","7":"product_cat-higiene-personal","8":"product_tag-918","10":"first","11":"outofstock","12":"shipping-taxable","13":"purchasable","14":"product-type-simple"},"_links":{"self":[{"href":"https:\/\/brandss.com.py\/index\/wp-json\/wp\/v2\/product\/91587","targetHints":{"allow":["GET"]}}],"collection":[{"href":"https:\/\/brandss.com.py\/index\/wp-json\/wp\/v2\/product"}],"about":[{"href":"https:\/\/brandss.com.py\/index\/wp-json\/wp\/v2\/types\/product"}],"replies":[{"embeddable":true,"href":"https:\/\/brandss.com.py\/index\/wp-json\/wp\/v2\/comments?post=91587"}],"version-history":[{"count":2,"href":"https:\/\/brandss.com.py\/index\/wp-json\/wp\/v2\/product\/91587\/revisions"}],"predecessor-version":[{"id":91592,"href":"https:\/\/brandss.com.py\/index\/wp-json\/wp\/v2\/product\/91587\/revisions\/91592"}],"wp:featuredmedia":[{"embeddable":true,"href":"https:\/\/brandss.com.py\/index\/wp-json\/wp\/v2\/media\/91588"}],"wp:attachment":[{"href":"https:\/\/brandss.com.py\/index\/wp-json\/wp\/v2\/media?parent=91587"}],"wp:term":[{"taxonomy":"product_brand","embeddable":true,"href":"https:\/\/brandss.com.py\/index\/wp-json\/wp\/v2\/product_brand?post=91587"},{"taxonomy":"product_cat","embeddable":true,"href":"https:\/\/brandss.com.py\/index\/wp-json\/wp\/v2\/product_cat?post=91587"},{"taxonomy":"product_tag","embeddable":true,"href":"https:\/\/brandss.com.py\/index\/wp-json\/wp\/v2\/product_tag?post=91587"}],"curies":[{"name":"wp","href":"https:\/\/api.w.org\/{rel}","templated":true}]}}