{"id":91625,"date":"2025-10-08T11:02:14","date_gmt":"2025-10-08T11:02:14","guid":{"rendered":"https:\/\/brandss.com.py\/index\/?post_type=product&#038;p=91625"},"modified":"2025-10-08T11:03:45","modified_gmt":"2025-10-08T11:03:45","slug":"perfume-femenino-ard-al-zaafaran-ithra-dubai-pomegranate-musk-edp-100ml","status":"publish","type":"product","link":"https:\/\/brandss.com.py\/index\/producto\/perfume-femenino-ard-al-zaafaran-ithra-dubai-pomegranate-musk-edp-100ml\/","title":{"rendered":"PERFUME FEMENINO ARD AL ZAAFARAN ITHRA DUBAI POMEGRANATE MUSK EDP 100ML"},"content":{"rendered":"<p><img loading=\"lazy\" decoding=\"async\" class=\"\" src=\"https:\/\/fimgs.net\/mdimg\/dizajneri\/m.2917.jpg\" alt=\"Oudi Ard Al Zaafaran fragancia - una fragancia para Hombres y Mujeres 2016\" width=\"137\" height=\"137\" \/><\/p>\n<h1>ITHRA DUBAI POMEGRANATE MUSK<\/h1>\n<p><span dir=\"auto\">Experimente la esencia deliciosa y vivaz de la fragancia de Granada de la colecci\u00f3n Musk. Esta fragancia destaca entre las dem\u00e1s creaciones de la colecci\u00f3n, ofreciendo un aroma fresco y dulce-afrutado que combina el encanto del almizcle con las exquisitas notas de granada.<\/span><\/p>\n<p><span dir=\"auto\">Con su car\u00e1cter vivaz y seductor, la fragancia de granada es la opci\u00f3n perfecta para quienes buscan un aroma que cautive los sentidos con naturalidad. Su composici\u00f3n comienza con una nota de salida almizclada que aporta un toque de sofisticaci\u00f3n y encanto. A medida que la fragancia se desarrolla, emerge la deliciosa y jugosa nota de granada, infundiendo a la composici\u00f3n una dulzura refrescante y afrutada.<img loading=\"lazy\" decoding=\"async\" class=\"alignleft\" src=\"https:\/\/i5.walmartimages.com\/asr\/a1e5d0b2-1baa-4fa0-8b46-7987649ad1bb.73b785bc602ee36a7b38bc4a0b6129e7.png?odnHeight=2000&amp;odnWidth=2000&amp;odnBg=FFFFFF\" width=\"521\" height=\"521\" \/><\/span><\/p>\n<p><span dir=\"auto\">La fragancia de granada est\u00e1 dise\u00f1ada para ser vers\u00e1til y f\u00e1cil de usar, lo que la convierte en una excelente opci\u00f3n para los calurosos d\u00edas de verano. Su sencillez permite que la disfruten tanto hombres como mujeres, convirti\u00e9ndola en una fragancia verdaderamente unisex que trasciende las barreras de g\u00e9nero tradicionales.<\/span><\/p>\n<p><span dir=\"auto\">Sum\u00e9rgete en el delicioso y vibrante mundo de la fragancia de Granada de la colecci\u00f3n Musk. Su mezcla \u00fanica de almizcle y granada crea una combinaci\u00f3n irresistible que sin duda te alegrar\u00e1 el d\u00eda y te dejar\u00e1 una huella imborrable.<\/span><\/p>\n<h3>Notas Olfativas<\/h3>\n<p>Adquiera el perfume <span dir=\"auto\">Ithra Dubai Pomegranate Musk y sum\u00e9rjase en el esplendor del Oriente Medio \u00e1rabe. Este cautivador eau de parfum crea un hechizo de notas contrastantes, donde la suculenta granada brota con una jugosa dulzura, para luego ser envuelta por la rica y envolvente calidez del almizcle. <\/span><span dir=\"auto\">Imagina el intenso aroma de una granada madura invadiendo tus sentidos al morderla. La frescura inicial de esta fragancia se funde a la perfecci\u00f3n con la seductora sensualidad del almizcle para crear una fragancia incre\u00edblemente compleja que perdura mucho despu\u00e9s de la \u00faltima rociada.<\/span><\/p>\n<p><span dir=\"auto\">La fragancia de almizcle de granada Ithra Dubai es ideal para una mujer segura de s\u00ed misma. Es una declaraci\u00f3n segura de feminidad, un aroma que te acompa\u00f1a con un toque de misterio y sofisticaci\u00f3n.<\/span><\/p>\n<ul>\n<li><strong><span dir=\"auto\">Notas de salida:<\/span><\/strong><span dir=\"auto\"> almizcle.<\/span><\/li>\n<li><strong><span dir=\"auto\">Notas de coraz\u00f3n:<\/span><\/strong><span dir=\"auto\"> granada.<\/span><\/li>\n<li><strong><span dir=\"auto\">Notas de fondo:<\/span><\/strong><span dir=\"auto\"> \u00e1mbar, notas amaderadas.<\/span><\/li>\n<\/ul>\n","protected":false},"excerpt":{"rendered":"<p>ITHRA DUBAI POMEGRANATE MUSK Experimente la esencia deliciosa y vivaz de la fragancia de Granada de la colecci\u00f3n Musk. Esta<\/p>\n","protected":false},"featured_media":91626,"comment_status":"open","ping_status":"closed","template":"","meta":{"nf_dc_page":""},"product_brand":[110],"product_cat":[84],"product_tag":[925],"class_list":{"0":"post-91625","1":"product","2":"type-product","3":"status-publish","4":"has-post-thumbnail","6":"product_brand-ard-al-zaafaran","7":"product_cat-perfumeria","8":"product_tag-925","10":"first","11":"instock","12":"shipping-taxable","13":"purchasable","14":"product-type-simple"},"_links":{"self":[{"href":"https:\/\/brandss.com.py\/index\/wp-json\/wp\/v2\/product\/91625","targetHints":{"allow":["GET"]}}],"collection":[{"href":"https:\/\/brandss.com.py\/index\/wp-json\/wp\/v2\/product"}],"about":[{"href":"https:\/\/brandss.com.py\/index\/wp-json\/wp\/v2\/types\/product"}],"replies":[{"embeddable":true,"href":"https:\/\/brandss.com.py\/index\/wp-json\/wp\/v2\/comments?post=91625"}],"version-history":[{"count":1,"href":"https:\/\/brandss.com.py\/index\/wp-json\/wp\/v2\/product\/91625\/revisions"}],"predecessor-version":[{"id":91633,"href":"https:\/\/brandss.com.py\/index\/wp-json\/wp\/v2\/product\/91625\/revisions\/91633"}],"wp:featuredmedia":[{"embeddable":true,"href":"https:\/\/brandss.com.py\/index\/wp-json\/wp\/v2\/media\/91626"}],"wp:attachment":[{"href":"https:\/\/brandss.com.py\/index\/wp-json\/wp\/v2\/media?parent=91625"}],"wp:term":[{"taxonomy":"product_brand","embeddable":true,"href":"https:\/\/brandss.com.py\/index\/wp-json\/wp\/v2\/product_brand?post=91625"},{"taxonomy":"product_cat","embeddable":true,"href":"https:\/\/brandss.com.py\/index\/wp-json\/wp\/v2\/product_cat?post=91625"},{"taxonomy":"product_tag","embeddable":true,"href":"https:\/\/brandss.com.py\/index\/wp-json\/wp\/v2\/product_tag?post=91625"}],"curies":[{"name":"wp","href":"https:\/\/api.w.org\/{rel}","templated":true}]}}