{"id":91806,"date":"2025-10-10T13:55:16","date_gmt":"2025-10-10T13:55:16","guid":{"rendered":"https:\/\/brandss.com.py\/index\/?post_type=product&#038;p=91806"},"modified":"2025-10-10T13:56:13","modified_gmt":"2025-10-10T13:56:13","slug":"delineador-de-ojos-henlics-sharp-and-dazziling-5ml","status":"publish","type":"product","link":"https:\/\/brandss.com.py\/index\/producto\/delineador-de-ojos-henlics-sharp-and-dazziling-5ml\/","title":{"rendered":"DELINEADOR DE OJOS HENLICS SHARP AND DAZZILING 5ML"},"content":{"rendered":"<p><img loading=\"lazy\" decoding=\"async\" class=\"\" src=\"https:\/\/i.pinimg.com\/280x280_RS\/2d\/60\/a3\/2d60a369c1102d756b974c976d8e80fe.jpg\" alt=\"Henlics Paris (henlicsparis) - Perfil | Pinterest\" width=\"105\" height=\"105\" \/><\/p>\n<h1>SHARP AND DAZZILING<\/h1>\n<div class=\"J_productTitle title g_minor\">\n<p><span dir=\"auto\">Delineador de ojos n\u00edtido y deslumbrante.<img loading=\"lazy\" decoding=\"async\" class=\"alignleft\" src=\"https:\/\/8271065.s21i.faiusr.com\/2\/1\/ABUIABACGAAgj4qtxAYo3PSnmgIwoAY4oAY.jpg\" width=\"343\" height=\"343\" \/><\/span><\/p>\n<h3><\/h3>\n<h3>Beneficios<\/h3>\n<p>&nbsp;<\/p>\n<\/div>\n<div class=\"J_productBrief emptyPropUnderline\"><span dir=\"auto\">\u00b7 F\u00f3rmula negra intensa de secado r\u00e1pido<\/span><br \/>\n<span dir=\"auto\">\u00b7 Cepillo ultrafino de 1-2 mm para una aplicaci\u00f3n precisa<\/span><br \/>\n<span dir=\"auto\">\u00b7 Larga duraci\u00f3n, resistente a la decoloraci\u00f3n y sin descamaci\u00f3n<\/span><br \/>\n<span dir=\"auto\">\u00b7 Nutre las pesta\u00f1as y protege la piel de los ojos<\/span><\/div>\n","protected":false},"excerpt":{"rendered":"<p>SHARP AND DAZZILING Delineador de ojos n\u00edtido y deslumbrante. Beneficios &nbsp; \u00b7 F\u00f3rmula negra intensa de secado r\u00e1pido \u00b7 Cepillo<\/p>\n","protected":false},"featured_media":91807,"comment_status":"open","ping_status":"closed","template":"","meta":{"nf_dc_page":""},"product_brand":[928],"product_cat":[95],"product_tag":[953],"class_list":{"0":"post-91806","1":"product","2":"type-product","3":"status-publish","4":"has-post-thumbnail","6":"product_brand-henlics","7":"product_cat-maquillaje","8":"product_tag-953","10":"first","11":"instock","12":"shipping-taxable","13":"purchasable","14":"product-type-simple"},"_links":{"self":[{"href":"https:\/\/brandss.com.py\/index\/wp-json\/wp\/v2\/product\/91806","targetHints":{"allow":["GET"]}}],"collection":[{"href":"https:\/\/brandss.com.py\/index\/wp-json\/wp\/v2\/product"}],"about":[{"href":"https:\/\/brandss.com.py\/index\/wp-json\/wp\/v2\/types\/product"}],"replies":[{"embeddable":true,"href":"https:\/\/brandss.com.py\/index\/wp-json\/wp\/v2\/comments?post=91806"}],"version-history":[{"count":1,"href":"https:\/\/brandss.com.py\/index\/wp-json\/wp\/v2\/product\/91806\/revisions"}],"predecessor-version":[{"id":91814,"href":"https:\/\/brandss.com.py\/index\/wp-json\/wp\/v2\/product\/91806\/revisions\/91814"}],"wp:featuredmedia":[{"embeddable":true,"href":"https:\/\/brandss.com.py\/index\/wp-json\/wp\/v2\/media\/91807"}],"wp:attachment":[{"href":"https:\/\/brandss.com.py\/index\/wp-json\/wp\/v2\/media?parent=91806"}],"wp:term":[{"taxonomy":"product_brand","embeddable":true,"href":"https:\/\/brandss.com.py\/index\/wp-json\/wp\/v2\/product_brand?post=91806"},{"taxonomy":"product_cat","embeddable":true,"href":"https:\/\/brandss.com.py\/index\/wp-json\/wp\/v2\/product_cat?post=91806"},{"taxonomy":"product_tag","embeddable":true,"href":"https:\/\/brandss.com.py\/index\/wp-json\/wp\/v2\/product_tag?post=91806"}],"curies":[{"name":"wp","href":"https:\/\/api.w.org\/{rel}","templated":true}]}}