{"id":91831,"date":"2025-10-10T16:30:44","date_gmt":"2025-10-10T16:30:44","guid":{"rendered":"https:\/\/brandss.com.py\/index\/?post_type=product&#038;p=91831"},"modified":"2025-10-10T16:36:03","modified_gmt":"2025-10-10T16:36:03","slug":"barra-labial-henlics-transfer-proof-matte-3-8g","status":"publish","type":"product","link":"https:\/\/brandss.com.py\/index\/producto\/barra-labial-henlics-transfer-proof-matte-3-8g\/","title":{"rendered":"BARRA LABIAL HENLICS TRANSFER-PROOF MATTE 3.8G"},"content":{"rendered":"<p><img loading=\"lazy\" decoding=\"async\" class=\"\" src=\"https:\/\/i.pinimg.com\/280x280_RS\/2d\/60\/a3\/2d60a369c1102d756b974c976d8e80fe.jpg\" alt=\"Henlics Paris (henlicsparis) - Perfil | Pinterest\" width=\"102\" height=\"102\" \/><\/p>\n<h1>TRANSFER-PROOF MATTE<\/h1>\n<h5><span data-sheets-root=\"1\"><span dir=\"auto\">Presentamos nuestro labial Hydra Matte, una fusi\u00f3n de belleza y nutrici\u00f3n. Sum\u00e9rgete en nuestra colecci\u00f3n de colores que te har\u00e1n sentir bien, dise\u00f1ada para durar todo el d\u00eda.\u00a0<\/span><\/span><\/h5>\n<p><span data-sheets-root=\"1\"><span dir=\"auto\">Consi\u00e9ntete con ingredientes que hidratan y previenen la sequedad, asegur\u00e1ndote de que tus labios se mantengan hidratados y vibrantes de sol a sol. Disfruta de una comodidad lujosa con cada aplicaci\u00f3n.<img loading=\"lazy\" decoding=\"async\" class=\"alignleft\" src=\"https:\/\/8271065.s21i.faiusr.com\/2\/1\/ABUIABACGAAgrumxxAYoqLel3AUwoAY4oAY.jpg\" width=\"706\" height=\"706\" \/><\/span><\/span><\/p>\n<div>\n<h3 class=\"accordion__title inline-richtext h4\"><span dir=\"auto\">\u00bfQue es?<\/span><\/h3>\n<\/div>\n<div id=\"CollapsibleAccordion-collapsible_row_BbnJHz-template--16447391006775__collapsible_content_KmBPQA\" class=\"accordion__content rte\" role=\"region\" aria-labelledby=\"Summary-collapsible_row_BbnJHz-template--16447391006775__collapsible_content_KmBPQA\">\n<p><span dir=\"auto\">Presentamos nuestro labial l\u00edquido con vitamina E, que dura 12 horas y es resistente a besos, manchas y al agua. Disfruta de la sensaci\u00f3n ligera de un b\u00e1lsamo con el brillo de un brillo labial, mientras disfrutas de una cobertura a todo color que hidrata y nutre tus labios al instante y con el paso del tiempo.<\/span><\/p>\n<div>\n<h3 class=\"accordion__title inline-richtext h4\"><span dir=\"auto\">Por qu\u00e9 es diferente?<\/span><\/h3>\n<\/div>\n<div id=\"CollapsibleAccordion-collapsible_row_jgQeAt-template--16447391006775__collapsible_content_KmBPQA\" class=\"accordion__content rte\" role=\"region\" aria-labelledby=\"Summary-collapsible_row_jgQeAt-template--16447391006775__collapsible_content_KmBPQA\">\n<ul>\n<li><span dir=\"auto\">Se desliza f\u00e1cilmente sobre tus labios con una suavidad excepcional para una aplicaci\u00f3n impecable.<\/span><\/li>\n<li><span dir=\"auto\">Disfruta de una textura aterciopelada que acaricia tus labios con cada pasada, realzando tu rutina de maquillaje.<\/span><\/li>\n<li><span dir=\"auto\">Consigue un acabado luminoso que aporta luminosidad a tus labios, cautivando con su efecto deslumbrante.<\/span><\/li>\n<li><span dir=\"auto\">Dile adi\u00f3s a la sensaci\u00f3n pegajosa y dale la bienvenida a la comodidad, ya que garantiza una sensaci\u00f3n no pegajosa de larga duraci\u00f3n.<\/span><\/li>\n<li><span dir=\"auto\">Enriquecido con hidrataci\u00f3n esencial, deja tus labios suaves, flexibles e irresistibles.<\/span><\/li>\n<li><span dir=\"auto\">Color que dura 12 horas.<\/span><\/li>\n<li><span dir=\"auto\">Combinaci\u00f3n perfecta de hidrataci\u00f3n y mate.<\/span><\/li>\n<li><span dir=\"auto\">F\u00f3rmula de lujo.<\/span><\/li>\n<\/ul>\n<div class=\"J_productTitle title g_minor\">\n<h4>Beneficios<\/h4>\n<p><span dir=\"auto\">L\u00e1piz labial mate a prueba de transferencia.<\/span><\/p>\n<p><span style=\"color: #333333\">Pel\u00edcula multicapa para un color sin transferencia ni manchas.<\/span><\/p>\n<p><span style=\"color: #333333\">Vidrio antiadherente; se fija en 5 minutos.<\/span><\/p>\n<p><span style=\"color: #333333\">Textura mate aterciopelada, sedosa y ligera.<\/span><\/p>\n<p><span style=\"color: #333333\">Empaque lujoso con tonos intensos y de cobertura total.<\/span><\/p>\n<\/div>\n<\/div>\n<\/div>\n","protected":false},"excerpt":{"rendered":"<p>TRANSFER-PROOF MATTE Presentamos nuestro labial Hydra Matte, una fusi\u00f3n de belleza y nutrici\u00f3n. Sum\u00e9rgete en nuestra colecci\u00f3n de colores que<\/p>\n","protected":false},"featured_media":91832,"comment_status":"open","ping_status":"closed","template":"","meta":{"nf_dc_page":""},"product_brand":[928],"product_cat":[95],"product_tag":[955],"class_list":{"0":"post-91831","1":"product","2":"type-product","3":"status-publish","4":"has-post-thumbnail","6":"product_brand-henlics","7":"product_cat-maquillaje","8":"product_tag-hd942","10":"first","11":"instock","12":"shipping-taxable","13":"purchasable","14":"product-type-simple"},"_links":{"self":[{"href":"https:\/\/brandss.com.py\/index\/wp-json\/wp\/v2\/product\/91831","targetHints":{"allow":["GET"]}}],"collection":[{"href":"https:\/\/brandss.com.py\/index\/wp-json\/wp\/v2\/product"}],"about":[{"href":"https:\/\/brandss.com.py\/index\/wp-json\/wp\/v2\/types\/product"}],"replies":[{"embeddable":true,"href":"https:\/\/brandss.com.py\/index\/wp-json\/wp\/v2\/comments?post=91831"}],"version-history":[{"count":1,"href":"https:\/\/brandss.com.py\/index\/wp-json\/wp\/v2\/product\/91831\/revisions"}],"predecessor-version":[{"id":91843,"href":"https:\/\/brandss.com.py\/index\/wp-json\/wp\/v2\/product\/91831\/revisions\/91843"}],"wp:featuredmedia":[{"embeddable":true,"href":"https:\/\/brandss.com.py\/index\/wp-json\/wp\/v2\/media\/91832"}],"wp:attachment":[{"href":"https:\/\/brandss.com.py\/index\/wp-json\/wp\/v2\/media?parent=91831"}],"wp:term":[{"taxonomy":"product_brand","embeddable":true,"href":"https:\/\/brandss.com.py\/index\/wp-json\/wp\/v2\/product_brand?post=91831"},{"taxonomy":"product_cat","embeddable":true,"href":"https:\/\/brandss.com.py\/index\/wp-json\/wp\/v2\/product_cat?post=91831"},{"taxonomy":"product_tag","embeddable":true,"href":"https:\/\/brandss.com.py\/index\/wp-json\/wp\/v2\/product_tag?post=91831"}],"curies":[{"name":"wp","href":"https:\/\/api.w.org\/{rel}","templated":true}]}}