{"id":91928,"date":"2025-10-11T17:51:19","date_gmt":"2025-10-11T17:51:19","guid":{"rendered":"https:\/\/brandss.com.py\/index\/?post_type=product&#038;p=91928"},"modified":"2025-10-11T17:55:43","modified_gmt":"2025-10-11T17:55:43","slug":"auricular-jbl-tune-buds-bt-white","status":"publish","type":"product","link":"https:\/\/brandss.com.py\/index\/producto\/auricular-jbl-tune-buds-bt-white\/","title":{"rendered":"AURICULAR JBL TUNE BUDS BT WHITE"},"content":{"rendered":"<p><img loading=\"lazy\" decoding=\"async\" class=\"\" src=\"https:\/\/cdn.freebiesupply.com\/logos\/large\/2x\/jbl-2-logo-black-and-white.png\" alt=\"JBL Logo PNG Transparent &amp; SVG Vector - Freebie Supply\" width=\"98\" height=\"98\" \/><\/p>\n<h1>TUNE BUDS BT<\/h1>\n<h4>Pure Bass. Cero ruidos.<\/h4>\n<div class=\"spec-row\"><span class=\"spec-key -full\">Afronta tu d\u00eda canci\u00f3n a canci\u00f3n con los JBL Tune Buds. Estos auriculares True Wireless te ofrecen hasta 48\u00a0horas de excepcional sonido JBL Pure Bass, mientras que su dise\u00f1o ergon\u00f3mico y resistencia al agua y al polvo te proporciona comodidad durante todo el d\u00eda en cualquier clima. Un simple toque te permite gestionar y disfrutar de llamadas perfectas en cualquier lugar, sin ruidos ambientales. Y con la tecnolog\u00eda Active Noise Cancelling (ANC) y Smart Ambient, t\u00fa eliges si quieres desconectar del mundo o relacionarte con tu entorno. El dise\u00f1o de bot\u00f3n garantiza un aislamiento perfecto de los ruidos exteriores y un ajuste seguro. Y lo mejor de todo es que la aplicaci\u00f3n JBL Headphones te permite personalizar tu experiencia auditiva. Conecta con tu mundo a tu manera.<\/span><\/div>\n<div>\n<div class=\"expanded-feature -lifestyle in-view\">\n<div class=\"imagery\"><img loading=\"lazy\" decoding=\"async\" class=\"alignleft\" src=\"https:\/\/uy.jbl.com\/on\/demandware.static\/-\/Sites-masterCatalog_Harman\/default\/dw9969354c\/pdp\/JBL_Tune_Buds_Lifestyle_Image_Black_904x560.png\" alt=\"Sonido JBL Pure Bass\" width=\"400\" height=\"248\" data-src=\"\/on\/demandware.static\/-\/Sites-masterCatalog_Harman\/default\/dw9969354c\/pdp\/JBL_Tune_Buds_Lifestyle_Image_Black_904x560.png\" \/><\/div>\n<div class=\"copy\">\n<h3><\/h3>\n<h3><\/h3>\n<h3>Sonido JBL Pure Bass<\/h3>\n<p>Los drivers de 10\u00a0mm de dise\u00f1o inteligente, mejorados por el factor de forma de bot\u00f3n, ofrecen el sonido de graves puros de JBL para que sientas cada beat.<\/p>\n<\/div>\n<\/div>\n<div class=\"expanded-feature -lifestyle in-view\">\n<div class=\"imagery\"><img loading=\"lazy\" decoding=\"async\" class=\"alignright\" src=\"https:\/\/uy.jbl.com\/on\/demandware.static\/-\/Sites-masterCatalog_Harman\/default\/dw1bf6e0e8\/pdp\/JBL_Tune_Buds_Lifestyle_Image_White_904x560.png\" alt=\"Bluetooth 5.3 compatible con audio LE *\" width=\"400\" height=\"248\" data-src=\"\/on\/demandware.static\/-\/Sites-masterCatalog_Harman\/default\/dw1bf6e0e8\/pdp\/JBL_Tune_Buds_Lifestyle_Image_White_904x560.png\" \/><\/div>\n<div class=\"copy\">\n<h3><\/h3>\n<h3>Bluetooth 5.3 compatible con audio LE *<\/h3>\n<p>Gracias a la tecnolog\u00eda Bluetooth de \u00faltima generaci\u00f3n, los auriculares JBL Tune Buds emiten audio con un bajo consumo de energ\u00eda y alta calidad. Adem\u00e1s, el BT 5.3 permite transmitir audio sincronizado de forma independiente a cada auricular, para que puedas usar uno o ambos auriculares. O puedes compartir tu contenido de v\u00eddeo o m\u00fasica con un amigo que lleve auriculares, ya que el BT 5.3 te permite transmitir a la perfecci\u00f3n audio a varios oyentes. (*) Disponible mediante actualizaci\u00f3n OTA m\u00e1s adelante<\/p>\n<\/div>\n<\/div>\n<div class=\"expanded-feature -lifestyle not-in-view\">\n<div class=\"imagery\"><img loading=\"lazy\" decoding=\"async\" class=\"alignleft\" src=\"https:\/\/uy.jbl.com\/on\/demandware.static\/-\/Sites-masterCatalog_Harman\/default\/dwee4533cd\/pdp\/JBL_Tune_Buds_Lifestyle_Image_Blue_904x560.png\" alt=\"Cancelaci\u00f3n de ruido activa con Smart Ambient\" width=\"402\" height=\"249\" data-src=\"\/on\/demandware.static\/-\/Sites-masterCatalog_Harman\/default\/dwee4533cd\/pdp\/JBL_Tune_Buds_Lifestyle_Image_Blue_904x560.png\" \/><\/div>\n<div class=\"copy\">\n<h3><\/h3>\n<h3>Cancelaci\u00f3n de ruido activa con Smart Ambient<\/h3>\n<p>Escucha m\u00e1s de lo que quieres y menos de lo que no. La tecnolog\u00eda Active Noise Cancelling te permite minimizar las distracciones de audio. Con Ambient Aware, puedes sintonizar con tu entorno en cualquier momento para que te sientas m\u00e1s seguro cuando est\u00e1s en la calle, mientras que TalkThru te permite detenerte para una charla r\u00e1pida sin tener que quitarte los auriculares.<\/p>\n<\/div>\n<div class=\"spec-accordion  -active\">\n<h3>Caracter\u00edsticas generales<\/h3>\n<div class=\"accordion-content\">\n<div class=\"spec-row\"><span class=\"spec-key\">Driver (mm): <\/span><span class=\"spec-value\">10<\/span><\/div>\n<div class=\"spec-row\"><span class=\"spec-key\">Number of Microphones: <\/span><span class=\"spec-value\">4<\/span><\/div>\n<\/div>\n<\/div>\n<div class=\"spec-accordion  -active\">\n<h3>Caracter\u00edsticas Audio<\/h3>\n<div class=\"accordion-content\">\n<div class=\"spec-row\"><span class=\"spec-key\">Sensibilidad del driver a 1kHz1mW (dB): <\/span><span class=\"spec-value\">101<\/span><\/div>\n<div class=\"spec-row\"><span class=\"spec-key\">Respuesta de frecuencia din\u00e1mica: <\/span><span class=\"spec-value\">20 Hz \u2013 20 kHz<\/span><\/div>\n<div class=\"spec-row\"><span class=\"spec-key\">Impedancia de entrada (ohms): <\/span><span class=\"spec-value\">32<\/span><\/div>\n<div>\n<div class=\"spec-accordion  -active\">\n<h3>Caracter\u00edsticas de control y conexi\u00f3n<\/h3>\n<div class=\"accordion-content\">\n<div class=\"spec-row\"><span class=\"spec-key\">Perfiles Bluetooth: <\/span><span class=\"spec-value\">A2DP v1.3.2, AVRCP v1.6.2, HFP v1.8, DID v1.3<\/span><\/div>\n<div class=\"spec-row\"><span class=\"spec-key\">Rango de frecuencia de transmisi\u00f3n Bluetooth: <\/span><span class=\"spec-value\">2.4 GHz \u2013 2.4835 GHz<\/span><\/div>\n<div class=\"spec-row\"><span class=\"spec-key\">Transmisi\u00f3n de modulaci\u00f3n GFSK v\u00eda Bluetooth: <\/span><span class=\"spec-value\">GFSK, \u03c0\/4-DQPSK, 8-DPSK<\/span><\/div>\n<div class=\"spec-row\"><span class=\"spec-key\">Potencia de transmisi\u00f3n Bluetooth: <\/span><span class=\"spec-value\">&lt;13 dBm<\/span><\/div>\n<div class=\"spec-row\"><span class=\"spec-key\">Versi\u00f3n Bluetooth: <\/span><span class=\"spec-value\">5.3<\/span><\/div>\n<\/div>\n<\/div>\n<div class=\"spec-accordion  -active\">\n<h3>Bater\u00eda<\/h3>\n<div class=\"accordion-content\">\n<div class=\"spec-row\"><span class=\"spec-key\">Charging case battery life (max hours): <\/span><span class=\"spec-value\">30<\/span><\/div>\n<div class=\"spec-row\"><span class=\"spec-key\">Tiempo de carga (horas): <\/span><span class=\"spec-value\">2<\/span><\/div>\n<div class=\"spec-row\"><span class=\"spec-key\">Tiempo m\u00e1ximo de reproducci\u00f3n de m\u00fasica con ANC (cancelaci\u00f3n activa de ruido) desactivado (horas): <\/span><span class=\"spec-value\">12<\/span><\/div>\n<div class=\"spec-row\"><span class=\"spec-key\">Tiempo m\u00e1ximo de reproducci\u00f3n de m\u00fasica con ANC (cancelaci\u00f3n activa de ruido) activado (horas): <\/span><span class=\"spec-value\">10<\/span><\/div>\n<div class=\"spec-row\"><span class=\"spec-key\">Tiempo de juego m\u00e1ximo (horas): <\/span><span class=\"spec-value\">48<\/span><\/div>\n<div class=\"spec-row\"><span class=\"spec-key\">Tiempo de conversaci\u00f3n (horas): <\/span><span class=\"spec-value\">6.6<\/span><\/div>\n<\/div>\n<\/div>\n<div class=\"spec-accordion  -active\">\n<h3>Caracter\u00edsticas<\/h3>\n<div class=\"accordion-content\">\n<div class=\"spec-row\"><span class=\"spec-key\">Multi-point Connection: <\/span><span class=\"spec-value\">S\u00ed<\/span><\/div>\n<div class=\"spec-row\"><span class=\"spec-key\">Bluetooth: <\/span><span class=\"spec-value\">S\u00ed<\/span><\/div>\n<div class=\"spec-row\"><span class=\"spec-key\">Cable de carga: <\/span><span class=\"spec-value\">S\u00ed<\/span><\/div>\n<div class=\"spec-row\"><span class=\"spec-key\">Integraci\u00f3n con asistente de voz: <\/span><span class=\"spec-value\">S\u00ed<\/span><\/div>\n<div class=\"spec-row\"><span class=\"spec-key\">Cancelaci\u00f3n activa de ruido: <\/span><span class=\"spec-value\">S\u00ed<\/span><\/div>\n<div class=\"spec-row\"><span class=\"spec-key\">Sonido ambiente: <\/span><span class=\"spec-value\">S\u00ed<\/span><\/div>\n<div class=\"spec-row\"><span class=\"spec-key\">Micr\u00f3fono integrado: <\/span><span class=\"spec-value\">S\u00ed<\/span><\/div>\n<div class=\"spec-row\"><span class=\"spec-key\">Estuche de carga: <\/span><span class=\"spec-value\">S\u00ed<\/span><\/div>\n<div class=\"spec-row\"><span class=\"spec-key\">Dustproof: <\/span><span class=\"spec-value\">S\u00ed<\/span><\/div>\n<div class=\"spec-row\"><span class=\"spec-key\">Llamadas con manos libres: <\/span><span class=\"spec-value\">S\u00ed<\/span><\/div>\n<div class=\"spec-row\"><span class=\"spec-key\">JBL Headphone App: <\/span><span class=\"spec-value\">S\u00ed<\/span><\/div>\n<div class=\"spec-row\"><span class=\"spec-key\">Sonido JBL Pure Bass: <\/span><span class=\"spec-value\">S\u00ed<\/span><\/div>\n<div class=\"spec-row\"><span class=\"spec-key\">Conexi\u00f3n Multipunto: <\/span><span class=\"spec-value\">S\u00ed<\/span><\/div>\n<div class=\"spec-row\"><span class=\"spec-key\">Bater\u00eda recargable: <\/span><span class=\"spec-value\">S\u00ed<\/span><\/div>\n<div class=\"spec-row\"><span class=\"spec-key\">Carga r\u00e1pida: <\/span><span class=\"spec-value\">S\u00ed<\/span><\/div>\n<div class=\"spec-row\"><span class=\"spec-key\">TalkThru: <\/span><span class=\"spec-value\">S\u00ed<\/span><\/div>\n<div class=\"spec-row\"><span class=\"spec-key\">Control t\u00e1ctil: <\/span><span class=\"spec-value\">S\u00ed<\/span><\/div>\n<div class=\"spec-row\"><span class=\"spec-key\">True Wireless: <\/span><span class=\"spec-value\">S\u00ed<\/span><\/div>\n<div class=\"spec-row\"><span class=\"spec-key\">Voice Aware: <\/span><span class=\"spec-value\">S\u00ed<\/span><\/div>\n<div class=\"spec-row\"><span class=\"spec-key\">Water Resistant: <\/span><span class=\"spec-value\">S\u00ed<\/span><\/div>\n<div class=\"spec-row\"><span class=\"spec-key\">Inal\u00e1mbrico: <\/span><span class=\"spec-value\">S\u00ed<\/span><\/div>\n<div class=\"spec-row\"><span class=\"spec-key\">Certificaci\u00f3n IPX: <\/span><span class=\"spec-value\">IP54<\/span><\/div>\n<\/div>\n<\/div>\n<div class=\"spec-accordion -active\">\n<h3>Contenido de la caja<\/h3>\n<div class=\"accordion-content\">\n<div class=\"box-contents\">\n<ul class=\"bulleted\">\n<li>1 auriculares JBL Tune Buds<\/li>\n<li>1\u00a0funda de carga<\/li>\n<li>1 cable de carga USB tipo C<\/li>\n<li>3 tama\u00f1os de almohadilla<\/li>\n<li>1 garant\u00eda\/advertencia (W\/!)<\/li>\n<li>1 QSG\/hoja de seguridad (S\/i)<\/li>\n<\/ul>\n<\/div>\n<\/div>\n<\/div>\n<\/div>\n<\/div>\n<\/div>\n<\/div>\n<\/div>\n","protected":false},"excerpt":{"rendered":"<p>TUNE BUDS BT Pure Bass. Cero ruidos. Afronta tu d\u00eda canci\u00f3n a canci\u00f3n con los JBL Tune Buds. Estos auriculares<\/p>\n","protected":false},"featured_media":91929,"comment_status":"open","ping_status":"closed","template":"","meta":{"nf_dc_page":""},"product_brand":[541],"product_cat":[89],"product_tag":[967],"class_list":{"0":"post-91928","1":"product","2":"type-product","3":"status-publish","4":"has-post-thumbnail","6":"product_brand-jbl","7":"product_cat-electronicos","8":"product_tag-967","10":"first","11":"instock","12":"shipping-taxable","13":"purchasable","14":"product-type-simple"},"_links":{"self":[{"href":"https:\/\/brandss.com.py\/index\/wp-json\/wp\/v2\/product\/91928","targetHints":{"allow":["GET"]}}],"collection":[{"href":"https:\/\/brandss.com.py\/index\/wp-json\/wp\/v2\/product"}],"about":[{"href":"https:\/\/brandss.com.py\/index\/wp-json\/wp\/v2\/types\/product"}],"replies":[{"embeddable":true,"href":"https:\/\/brandss.com.py\/index\/wp-json\/wp\/v2\/comments?post=91928"}],"version-history":[{"count":1,"href":"https:\/\/brandss.com.py\/index\/wp-json\/wp\/v2\/product\/91928\/revisions"}],"predecessor-version":[{"id":91940,"href":"https:\/\/brandss.com.py\/index\/wp-json\/wp\/v2\/product\/91928\/revisions\/91940"}],"wp:featuredmedia":[{"embeddable":true,"href":"https:\/\/brandss.com.py\/index\/wp-json\/wp\/v2\/media\/91929"}],"wp:attachment":[{"href":"https:\/\/brandss.com.py\/index\/wp-json\/wp\/v2\/media?parent=91928"}],"wp:term":[{"taxonomy":"product_brand","embeddable":true,"href":"https:\/\/brandss.com.py\/index\/wp-json\/wp\/v2\/product_brand?post=91928"},{"taxonomy":"product_cat","embeddable":true,"href":"https:\/\/brandss.com.py\/index\/wp-json\/wp\/v2\/product_cat?post=91928"},{"taxonomy":"product_tag","embeddable":true,"href":"https:\/\/brandss.com.py\/index\/wp-json\/wp\/v2\/product_tag?post=91928"}],"curies":[{"name":"wp","href":"https:\/\/api.w.org\/{rel}","templated":true}]}}