{"id":91978,"date":"2025-10-13T13:30:21","date_gmt":"2025-10-13T13:30:21","guid":{"rendered":"https:\/\/brandss.com.py\/index\/?post_type=product&#038;p=91978"},"modified":"2026-03-06T13:10:43","modified_gmt":"2026-03-06T13:10:43","slug":"altavoz-portatil-jbl-flip-7-pro-blue","status":"publish","type":"product","link":"https:\/\/brandss.com.py\/index\/producto\/altavoz-portatil-jbl-flip-7-pro-blue\/","title":{"rendered":"ALTAVOZ PORT\u00c1TIL JBL FLIP 7 PRO BLUE"},"content":{"rendered":"<p><img loading=\"lazy\" decoding=\"async\" class=\"\" src=\"https:\/\/i0.wp.com\/cdn.freebiesupply.com\/logos\/large\/2x\/jbl-2-logo-black-and-white.png?resize=98%2C98&amp;ssl=1\" alt=\"JBL Logo PNG Transparent &amp; SVG Vector - Freebie Supply\" width=\"98\" height=\"98\" data-recalc-dims=\"1\" \/><\/p>\n<h1>FLIP 7 BT PRO<\/h1>\n<h5><em>Un sonido impactante para cualquiera de tus aventuras<\/em><\/h5>\n<div class=\"spec-row\"><span class=\"spec-key -full\">La banda sonora de tu vida, en la palma de la mano. El JBL Flip 7 ofrece el incomparable sonido JBL para que lo lleves contigo all\u00e1 donde vayas. Porque la m\u00fasica no tiene l\u00edmites y t\u00fa tampoco deber\u00edas tenerlos. Tanto si organizas una fiesta playera, est\u00e1s relaj\u00e1ndote en la terraza, como preparando el ambiente perfecto en casa, el Flip 7 mejora cualquier experiencia, dondequiera que nos lleve la vida. Y ahora, el famoso y exclusivo sonido JBL es m\u00e1s potente es tambi\u00e9n m\u00e1s impactante que nunca gracias al AI Sound Boost, tambi\u00e9n de JBL. \u00bfY cu\u00e1l es el resultado final? El Flip 7 dejar\u00e1 a todos tus amigos y familiares pregunt\u00e1ndose de d\u00f3nde sale ese sonido tan potente y definido. Pero es algo m\u00e1s, es mucho m\u00e1s que potente y bonito. El Flip 7 resiste los golpes sin perderse ning\u00fan matiz sonoro, adem\u00e1s de contar con un grado de protecci\u00f3n IP68, que indica que es resistente al agua, al polvo y a las ca\u00eddas. Un l\u00edder en este sector. Adem\u00e1s, con el nuevo Playtime Boost podr\u00e1s disfrutar de hasta 16 horas de reproducci\u00f3n, para que seas t\u00fa quien decida cu\u00e1ndo parar. \u00bfY no ser\u00eda fant\u00e1stico compartir el sonido JBL por todas partes? Pues ahora puedes hacerlo. Con\u00e9ctate sin dificultades con otros altavoces JBL con Auracast\u2122 para cubrir m\u00e1s espacio (y m\u00e1s o\u00eddos) con la misma lista de reproducci\u00f3n, tanto si est\u00e1s recorriendo la ciudad con tu equipo ciclista como si llenas de punta a punta tu casa en tu pr\u00f3xima fiesta. En resumen, no es el t\u00edpico altavoz port\u00e1til. Es todo un l\u00edder del sonido en un tama\u00f1o muy reducido.<\/span><\/div>\n<div><\/div>\n<div class=\"expanded-feature -lifestyle in-view\">\n<div class=\"imagery\"><img loading=\"lazy\" decoding=\"async\" class=\"alignleft\" src=\"https:\/\/i0.wp.com\/uy.jbl.com\/on\/demandware.static\/-\/Sites-masterCatalog_Harman\/default\/dw2cbd6416\/pdp\/JBL_Flip_7_Lifestyle_01_904x560px.png?resize=498%2C309&amp;ssl=1\" alt=\"El impactante sonido Pro de JBL con AI Sound Boost\" width=\"498\" height=\"309\" data-recalc-dims=\"1\" data-src=\"\/on\/demandware.static\/-\/Sites-masterCatalog_Harman\/default\/dw2cbd6416\/pdp\/JBL_Flip_7_Lifestyle_01_904x560px.png\" \/><\/div>\n<div class=\"copy\">\n<h3>El impactante sonido Pro de JBL con AI Sound Boost<\/h3>\n<p>Hemos reforzado los graves y afinado nuestros agudos. \u00bfEl resultado? Graves potentes y m\u00e1s claros, incluso a m\u00e1ximo volumen, y agudos m\u00e1s n\u00edtidos gracias a un nuevo e inteligente dise\u00f1o de la c\u00fapula del altavoz de agudos, que a\u00f1ade m\u00e1s profundidad al sonido de tu altavoz. Tambi\u00e9n hemos incorporado AI Sound Boost, nuestra nueva tecnolog\u00eda patentada, que analiza la m\u00fasica en tiempo real para ofrecer el m\u00e1ximo rendimiento ac\u00fastico con menos distorsi\u00f3n. Es como tener un peque\u00f1o genio del audio dentro de cada Flip 7. Ahora podemos ofrecerte un mejor sonido sin un gramo de peso de m\u00e1s. Mismo tama\u00f1o, m\u00e1s potencia.<\/p>\n<\/div>\n<\/div>\n<div class=\"expanded-feature -lifestyle not-in-view\">\n<div class=\"imagery\"><img loading=\"lazy\" decoding=\"async\" class=\"alignright\" src=\"https:\/\/i0.wp.com\/uy.jbl.com\/on\/demandware.static\/-\/Sites-masterCatalog_Harman\/default\/dw8b750643\/pdp\/JBL_Flip_7_Lifestyle_02_904x560px.png?resize=499%2C309&amp;ssl=1\" alt=\"Hasta 16\u00a0horas de reproducci\u00f3n\" width=\"499\" height=\"309\" data-recalc-dims=\"1\" data-src=\"\/on\/demandware.static\/-\/Sites-masterCatalog_Harman\/default\/dw8b750643\/pdp\/JBL_Flip_7_Lifestyle_02_904x560px.png\" \/><\/div>\n<div class=\"copy\">\n<h3><\/h3>\n<h3>Hasta 16\u00a0horas de reproducci\u00f3n<\/h3>\n<p>Una sola carga te permite mantener el ritmo durante 14 horas, pero si necesitas exprimir un poco m\u00e1s el jugo a la ocasi\u00f3n o darte otro baile con tu pareja, puedes sacarle 2 horas m\u00e1s con Playtime Boost.<\/p>\n<\/div>\n<\/div>\n<div class=\"expanded-feature -lifestyle not-in-view\">\n<div class=\"imagery\"><img loading=\"lazy\" decoding=\"async\" class=\"alignleft\" src=\"https:\/\/i0.wp.com\/uy.jbl.com\/on\/demandware.static\/-\/Sites-masterCatalog_Harman\/default\/dw6ff8cb3f\/pdp\/JBL_Flip_7_Lifestyle_03_904x560px.png?resize=500%2C310&amp;ssl=1\" alt=\"Conexi\u00f3n de varios altavoces con Auracast\u2122\" width=\"500\" height=\"310\" data-recalc-dims=\"1\" data-src=\"\/on\/demandware.static\/-\/Sites-masterCatalog_Harman\/default\/dw6ff8cb3f\/pdp\/JBL_Flip_7_Lifestyle_03_904x560px.png\" \/><\/div>\n<div class=\"copy\">\n<h3><\/h3>\n<h3><\/h3>\n<h3><\/h3>\n<h3>Conexi\u00f3n de varios altavoces con Auracast\u2122<\/h3>\n<p>\u00bfNo te encantar\u00eda compartir tu estado de \u00e1nimo con toda tu gente? Pues ahora puedes hacerlo. Gracias a Auracast\u2122 podemos conectar sin esfuerzo dos altavoces Flip 7 para disfrutar de un escenario sonoro m\u00e1s amplio y conectar varios altavoces JBL compatibles con Auracast\u2122 para cubrir m\u00e1s terreno con la misma lista de reproducci\u00f3n.<\/p>\n<\/div>\n<div class=\"spec-accordion  -active\">\n<h3><\/h3>\n<h3>Caracter\u00edsticas generales<\/h3>\n<div class=\"accordion-content\">\n<div class=\"spec-row\"><span class=\"spec-key\">Relaci\u00f3n se\u00f1al-ruido:\u00a0<\/span><span class=\"spec-value\">&gt; 80 dB<\/span><\/div>\n<div class=\"spec-row\"><span class=\"spec-key\">Potencia de salida:\u00a0<\/span><span class=\"spec-value\">25 W RMS for woofer, 10 W RMS for tweeter<\/span><\/div>\n<\/div>\n<\/div>\n<div class=\"spec-accordion  -active\">\n<h3>Caracter\u00edsticas Audio<\/h3>\n<div class=\"accordion-content\">\n<div class=\"spec-row\"><span class=\"spec-key\">Respuesta de frecuencia:\u00a0<\/span><span class=\"spec-value\">60 Hz \u2013 20k Hz<\/span><\/div>\n<div class=\"spec-row\"><span class=\"spec-key\">Transductor:\u00a0<\/span><span class=\"spec-value\">45 x 80 mm woofer\/1.75 x 3\u2033 , 16 mm tweeter\/ 0.6\u2033<\/span><\/div>\n<\/div>\n<\/div>\n<div class=\"spec-accordion  -active\">\n<h3>Medidas<\/h3>\n<div class=\"accordion-content\">\n<div class=\"spec-row\"><span class=\"spec-key\">Dimensiones (Ancho x Alto x Profundidad) (cm):\u00a0<\/span><span class=\"spec-value\">18.3 x 7.0 x 7.2<\/span><\/div>\n<div class=\"spec-row\"><span class=\"spec-key\">Dimensiones (Ancho x Alto x Profundidad) (in):\u00a0<\/span><span class=\"spec-value\">7.2 x 2.7 x 2.8<\/span><\/div>\n<div class=\"spec-row\"><span class=\"spec-key\">Peso (kg):\u00a0<\/span><span class=\"spec-value\">0.826<\/span><\/div>\n<div class=\"spec-row\"><span class=\"spec-key\">Peso (lbs):\u00a0<\/span><span class=\"spec-value\">1.82<\/span><\/div>\n<\/div>\n<\/div>\n<div class=\"spec-accordion  -active\">\n<h3>Caracter\u00edsticas de control y conexi\u00f3n<\/h3>\n<div class=\"accordion-content\">\n<div class=\"spec-row\"><span class=\"spec-key\">Perfil Bluetooth:\u00a0<\/span><span class=\"spec-value\">A2DP 1.4, AVRCP 1.6<\/span><\/div>\n<div class=\"spec-row\"><span class=\"spec-key\">Bluetooth Rango de frecuencia del transmisor (GHz):\u00a0<\/span><span class=\"spec-value\">2.4 \u2013 2.483<\/span><\/div>\n<div class=\"spec-row\"><span class=\"spec-key\">Alimentaci\u00f3n del transmisor Bluetooth:\u00a0<\/span><span class=\"spec-value\">\u2264 14 dBm (EIRP)<\/span><\/div>\n<div class=\"spec-row\"><span class=\"spec-key\">Modulaci\u00f3n del transmisor Bluetooth:\u00a0<\/span><span class=\"spec-value\">GFSK, \u03c0\/4 DQPSK, 8DPSK<\/span><\/div>\n<div class=\"spec-row\"><span class=\"spec-key\">Versi\u00f3n Bluetooth:\u00a0<\/span><span class=\"spec-value\">5.4<\/span><\/div>\n<\/div>\n<\/div>\n<div class=\"spec-accordion  -active\">\n<h3>Bater\u00eda<\/h3>\n<div class=\"accordion-content\">\n<div class=\"spec-row\"><span class=\"spec-key\">Battery Type:\u00a0<\/span><span class=\"spec-value\">Li-ion polymer 17.28 Wh<\/span><\/div>\n<div class=\"spec-row\"><span class=\"spec-key\">Temperatura m\u00e1xima de funcionamiento:\u00a0<\/span><span class=\"spec-value\">45\u00b0C<\/span><\/div>\n<div class=\"spec-row\"><span class=\"spec-key\">Charging time (hrs):\u00a0<\/span><span class=\"spec-value\">2.5<\/span><\/div>\n<div class=\"spec-row\"><span class=\"spec-key\">Tiempo de reproducci\u00f3n de musica:\u00a0<\/span><span class=\"spec-value\">14<\/span><\/div>\n<\/div>\n<\/div>\n<div class=\"spec-accordion  -active\">\n<h3>Caracter\u00edsticas<\/h3>\n<div class=\"accordion-content\">\n<div class=\"spec-row\"><span class=\"spec-key\">Bluetooth:\u00a0<\/span><span class=\"spec-value\">S\u00ed<\/span><\/div>\n<div class=\"spec-row\"><span class=\"spec-key\">Mobile app available for iOS and Android:\u00a0<\/span><span class=\"spec-value\">S\u00ed<\/span><\/div>\n<div class=\"spec-row\"><span class=\"spec-key\">Supports Auracast:\u00a0<\/span><span class=\"spec-value\">S\u00ed<\/span><\/div>\n<div class=\"spec-row\"><span class=\"spec-key\">A prueba de agua:\u00a0<\/span><span class=\"spec-value\">S\u00ed<\/span><\/div>\n<div class=\"spec-row\"><span class=\"spec-key\">Wireless:\u00a0<\/span><span class=\"spec-value\">S\u00ed<\/span><\/div>\n<div class=\"spec-row\"><span class=\"spec-key\">Certificaci\u00f3n IPX:\u00a0<\/span><span class=\"spec-value\">IP68<\/span><\/div>\n<\/div>\n<\/div>\n<div class=\"spec-accordion -active\">\n<h3>Contenido de la caja<\/h3>\n<div class=\"accordion-content\">\n<div class=\"box-contents\">\n<ul class=\"bulleted\">\n<li>1 JBL Flip 7<\/li>\n<li>1 mosquet\u00f3n<\/li>\n<li>1 gu\u00eda de inicio r\u00e1pido<\/li>\n<li>1 tarjeta de garant\u00eda y ficha de seguridad<\/li>\n<\/ul>\n<\/div>\n<\/div>\n<\/div>\n<\/div>\n","protected":false},"excerpt":{"rendered":"<p>FLIP 7 BT PRO Un sonido impactante para cualquiera de tus aventuras La banda sonora de tu vida, en la<\/p>\n","protected":false},"featured_media":91979,"comment_status":"open","ping_status":"closed","template":"","meta":{"nf_dc_page":""},"product_brand":[541],"product_cat":[89],"product_tag":[973],"class_list":{"0":"post-91978","1":"product","2":"type-product","3":"status-publish","4":"has-post-thumbnail","6":"product_brand-jbl","7":"product_cat-electronicos","8":"product_tag-973","10":"first","11":"outofstock","12":"shipping-taxable","13":"purchasable","14":"product-type-simple"},"_links":{"self":[{"href":"https:\/\/brandss.com.py\/index\/wp-json\/wp\/v2\/product\/91978","targetHints":{"allow":["GET"]}}],"collection":[{"href":"https:\/\/brandss.com.py\/index\/wp-json\/wp\/v2\/product"}],"about":[{"href":"https:\/\/brandss.com.py\/index\/wp-json\/wp\/v2\/types\/product"}],"replies":[{"embeddable":true,"href":"https:\/\/brandss.com.py\/index\/wp-json\/wp\/v2\/comments?post=91978"}],"version-history":[{"count":1,"href":"https:\/\/brandss.com.py\/index\/wp-json\/wp\/v2\/product\/91978\/revisions"}],"predecessor-version":[{"id":91986,"href":"https:\/\/brandss.com.py\/index\/wp-json\/wp\/v2\/product\/91978\/revisions\/91986"}],"wp:featuredmedia":[{"embeddable":true,"href":"https:\/\/brandss.com.py\/index\/wp-json\/wp\/v2\/media\/91979"}],"wp:attachment":[{"href":"https:\/\/brandss.com.py\/index\/wp-json\/wp\/v2\/media?parent=91978"}],"wp:term":[{"taxonomy":"product_brand","embeddable":true,"href":"https:\/\/brandss.com.py\/index\/wp-json\/wp\/v2\/product_brand?post=91978"},{"taxonomy":"product_cat","embeddable":true,"href":"https:\/\/brandss.com.py\/index\/wp-json\/wp\/v2\/product_cat?post=91978"},{"taxonomy":"product_tag","embeddable":true,"href":"https:\/\/brandss.com.py\/index\/wp-json\/wp\/v2\/product_tag?post=91978"}],"curies":[{"name":"wp","href":"https:\/\/api.w.org\/{rel}","templated":true}]}}