{"id":92029,"date":"2025-10-14T10:59:18","date_gmt":"2025-10-14T10:59:18","guid":{"rendered":"https:\/\/brandss.com.py\/index\/?post_type=product&#038;p=92029"},"modified":"2026-01-10T14:21:08","modified_gmt":"2026-01-10T14:21:08","slug":"adaptador-portatil-amazon-fire-tv-stick-3a-generacion-con-alexa-4k-black","status":"publish","type":"product","link":"https:\/\/brandss.com.py\/index\/producto\/adaptador-portatil-amazon-fire-tv-stick-3a-generacion-con-alexa-4k-black\/","title":{"rendered":"ADAPTADOR PORT\u00c1TIL AMAZON FIRE TV STICK 3\u00aa GENERACI\u00d3N CON ALEXA  4K BLACK"},"content":{"rendered":"<p><img loading=\"lazy\" decoding=\"async\" class=\"\" src=\"https:\/\/upload.wikimedia.org\/wikipedia\/commons\/thumb\/a\/a9\/Amazon_logo.svg\/1280px-Amazon_logo.svg.png\" alt=\"Archivo:Amazon logo.svg - Wikipedia, la enciclopedia libre\" width=\"149\" height=\"45\" \/><\/p>\n<h1>FIRE TV STICK 3\u00aa GENERACI\u00d3N CON ALEXA<\/h1>\n<p>El Fire TV Stick simplifica el streaming porque pone a tu disposici\u00f3n botones de encendido, volumen y silencio en un solo mando. Y con un 50 % m\u00e1s de potencia respecto a la generaci\u00f3n anterior, el Fire TV Stick ofrece una ejecuci\u00f3n de apps veloz y una reproducci\u00f3n en streaming r\u00e1pida con calidad Full HD.<\/p>\n<p><strong>Mando por voz Alexa | Lite<\/strong><\/p>\n<p>Mant\u00e9n presionado el bot\u00f3n de voz y dile a Alexa que busque, inicie y controle contenido. Busca y disfruta con facilidad miles de pel\u00edculas, programas de televisi\u00f3n, aplicaciones y juegos. Alexa tambi\u00e9n puede reproducir m\u00fasica, responder preguntas, leer noticias, revisar el tiempo y programar alarmas.<img decoding=\"async\" class=\"alignleft\" src=\"https:\/\/images-cdn.ubuy.com.py\/639a708d2d30b63b9750fe83-amazon-fire-tv-stick-4k-uhd-media-w2021.jpg\" \/><\/p>\n<p><strong>Encuentra contenido r\u00e1pidamente<\/strong><\/p>\n<p>Televisi\u00f3n en vivo \u2013 Mira tus programas de televisi\u00f3n, noticias, y deportes favoritos en vivo, con suscripciones a SLING TV, YouTube TV, entre otros.<\/p>\n<p>Televisi\u00f3n gratuita \u2013 Accede a m\u00e1s de 20 000 pel\u00edculas y programas de televisi\u00f3n gratuitos, desde aplicaciones como IMDb TV, Tubi, Pluto TV y m\u00e1s.<\/p>\n<p>Decenas de miles de canales, skills y aplicaciones de Alexa \u2013 Incluyendo Netflix, YouTube, Prime Video, Disney+, Apple TV+, y HBO Max. Pueden aplicarse tarifas de suscripci\u00f3n. M\u00e1s de 500 000 pel\u00edculas y episodios de televisi\u00f3n \u2013 Con miles incluidos en tu suscripci\u00f3n Prime.<\/p>\n<p>Escucha m\u00fasica \u2013 Reproduce m\u00fasica desde Amazon Music, Spotify, Pandora, y otros. Pueden aplicarse tarifas de suscripci\u00f3n.<\/p>\n<p>F\u00e1cil de instalar, permanece oculto \u2013 Con\u00e9ctalo detr\u00e1s de tu televisor, enciende el televisor y con\u00e9ctate a internet para configurar.<\/p>\n<h3>Caracter\u00edsticas<\/h3>\n<p>La m\u00e1s reciente generaci\u00f3n de Fire TV: 50 % m\u00e1s potente que la 2da generaci\u00f3n, para un streaming r\u00e1pido en Full HD. Incluye Alexa Voice Remote con botones de encendido y volumen.<\/p>\n<p>\u2022 Resoluci\u00f3n: Hasta 1080p con soporte de HDR 10, HDR10+, HLG, H.265, H.264, Vp9<br \/>\n\u2022 Dimensiones: 8,6 x 3 x 1,3 cm<br \/>\n\u2022 Peso: 42.5 g<br \/>\n\u2022 Bater\u00edas: 2 AAA (incluidas)<br \/>\n\u2022 Almacenamiento: 8GB interno<br \/>\n\u2022 Conexi\u00f3n: Salida HDMI, micro-USB solo para alimentaci\u00f3n<br \/>\n\u2022 Procesador: De cuatro n\u00facleos<br \/>\n\u2022 Ethernet: A trav\u00e9s de adaptador<br \/>\n\u2022 Soporte de audio: Paso de audio HDMI para Dolby Digital, Dolby Digital+, Dolby Atmos<br \/>\n\u2022 Dolby Audio: S\u00ed, a trav\u00e9s de HDMI<br \/>\n\u2022 Control remoto incluido: S\u00ed, con bot\u00f3n para activar Amazon Alexa<br \/>\n\u2022 Control por voz: S\u00ed, con el Control por Voz de Alexa Lite (incluido) o la aplicaci\u00f3n gratuita de Fire TV app (disponible para su descarga en Fire OS, Android e iOS)<br \/>\n\u2022 Wi-Fi: De doble banda y doble antena (MIMO) para reproducir con mayor velocidad y con menos ca\u00eddas de conexi\u00f3n que con el Wi-Fi est\u00e1ndar. Compatible con redes Wi-Fi 802.11a\/b\/g\/n\/ac.<br \/>\n\u2022 Bluetooth: Bluetooth 5.0 y Bluetooth de baja energ\u00eda. Se sincroniza con altavoces, aud\u00edfonos, controladores de videojuegos compatibles con Bluetooth y m\u00e1s.<br \/>\n\u2022 Almacenamiento en la nube: Gratuito para contenido digital comprado desde Amazon<br \/>\n\u2022 Compatibilidad de TV: Televisiones de alta definici\u00f3n con HDMI con capacidad de 1080p o 720p a 60\/50 Hz.<\/p>\n","protected":false},"excerpt":{"rendered":"<p>FIRE TV STICK 3\u00aa GENERACI\u00d3N CON ALEXA El Fire TV Stick simplifica el streaming porque pone a tu disposici\u00f3n botones<\/p>\n","protected":false},"featured_media":92030,"comment_status":"open","ping_status":"closed","template":"","meta":{"nf_dc_page":""},"product_brand":[539],"product_cat":[89],"product_tag":[990],"class_list":{"0":"post-92029","1":"product","2":"type-product","3":"status-publish","4":"has-post-thumbnail","6":"product_brand-amazon","7":"product_cat-electronicos","8":"product_tag-990","10":"first","11":"outofstock","12":"shipping-taxable","13":"purchasable","14":"product-type-simple"},"_links":{"self":[{"href":"https:\/\/brandss.com.py\/index\/wp-json\/wp\/v2\/product\/92029","targetHints":{"allow":["GET"]}}],"collection":[{"href":"https:\/\/brandss.com.py\/index\/wp-json\/wp\/v2\/product"}],"about":[{"href":"https:\/\/brandss.com.py\/index\/wp-json\/wp\/v2\/types\/product"}],"replies":[{"embeddable":true,"href":"https:\/\/brandss.com.py\/index\/wp-json\/wp\/v2\/comments?post=92029"}],"version-history":[{"count":1,"href":"https:\/\/brandss.com.py\/index\/wp-json\/wp\/v2\/product\/92029\/revisions"}],"predecessor-version":[{"id":92039,"href":"https:\/\/brandss.com.py\/index\/wp-json\/wp\/v2\/product\/92029\/revisions\/92039"}],"wp:featuredmedia":[{"embeddable":true,"href":"https:\/\/brandss.com.py\/index\/wp-json\/wp\/v2\/media\/92030"}],"wp:attachment":[{"href":"https:\/\/brandss.com.py\/index\/wp-json\/wp\/v2\/media?parent=92029"}],"wp:term":[{"taxonomy":"product_brand","embeddable":true,"href":"https:\/\/brandss.com.py\/index\/wp-json\/wp\/v2\/product_brand?post=92029"},{"taxonomy":"product_cat","embeddable":true,"href":"https:\/\/brandss.com.py\/index\/wp-json\/wp\/v2\/product_cat?post=92029"},{"taxonomy":"product_tag","embeddable":true,"href":"https:\/\/brandss.com.py\/index\/wp-json\/wp\/v2\/product_tag?post=92029"}],"curies":[{"name":"wp","href":"https:\/\/api.w.org\/{rel}","templated":true}]}}