{"id":92117,"date":"2025-10-15T12:51:25","date_gmt":"2025-10-15T12:51:25","guid":{"rendered":"https:\/\/brandss.com.py\/index\/?post_type=product&#038;p=92117"},"modified":"2026-03-06T13:01:47","modified_gmt":"2026-03-06T13:01:47","slug":"soporte-magnetico-telesin-mnm-002-smartphone-neck-holder-max","status":"publish","type":"product","link":"https:\/\/brandss.com.py\/index\/producto\/soporte-magnetico-telesin-mnm-002-smartphone-neck-holder-max\/","title":{"rendered":"SOPORTE MAGN\u00c9TICO TELESIN MNM-002 SMARTPHONE NECK HOLDER MAX"},"content":{"rendered":"<p><img loading=\"lazy\" decoding=\"async\" class=\"\" src=\"https:\/\/movidis.nl\/wp-content\/uploads\/2022\/02\/TELESIN-LOGO-600x180-2.png\" alt=\"Telesin-Movidis\" width=\"163\" height=\"49\" \/><\/p>\n<h1>MNM-002 SMARTPHONE<\/h1>\n<div>\n<div class=\"productDescription_UbV5SNP5Eo\" data-selenium=\"overviewLongDescription\">\n<div class=\"js-injected-html text_UbV5SNP5Eo\">\n<p><span dir=\"auto\">Captura videos con manos libres desde una perspectiva en primera persona con el\u00a0\u00a0<\/span><span dir=\"auto\">soporte magn\u00e9tico para cuello <\/span><span dir=\"auto\">de <\/span><span dir=\"auto\">TELESIN<\/span><span dir=\"auto\">. Ideal para transmisiones en vivo y creaci\u00f3n de contenido para redes sociales, esta correa te permite usar y sujetar f\u00e1cilmente tu tel\u00e9fono para grabar. \u00dasalo para senderismo, ciclismo, manualidades y m\u00e1s. La suave correa de cuello de cisne de acero inoxidable, revestida de silicona, se coloca y se retira f\u00e1cilmente gracias a su dise\u00f1o de liberaci\u00f3n r\u00e1pida. Graba videos estables y c\u00f3modos gracias al coj\u00edn de aire amortiguador integrado en la parte posterior del soporte. Un c\u00edrculo completo de 16 potentes imanes de neodimio mantiene tu tel\u00e9fono en su lugar, mientras que tres bisagras te permiten grabar desde una amplia variedad de \u00e1ngulos.<img loading=\"lazy\" decoding=\"async\" class=\"alignleft\" src=\"https:\/\/m.media-amazon.com\/images\/I\/71henSClGJL._AC_SL1500_.jpg\" width=\"618\" height=\"618\" \/><\/span><\/p>\n<h5><span class=\"a-list-item\"><span dir=\"auto\">Poste extendido para ver mientras grabas<\/span><\/span><\/h5>\n<p><span class=\"a-list-item\"><span dir=\"auto\">El poste met\u00e1lico de este soporte para cuello MAX para celular es un 20 % m\u00e1s largo, lo que ampl\u00eda significativamente la distancia de visi\u00f3n y permite ver las grabaciones en tiempo real. Adem\u00e1s, el poste met\u00e1lico est\u00e1 ahuecado y pesa un 50 % menos, lo que facilita su uso. Ligero pero resistente y estable, compatible con diversos modelos de celulares: iPhone 15 Pro Max\/15 Plus\/15 Pro\/15\/14 Pro Max\/14 Plus\/14 Pro\/14\/13 Pro Max\/13 Pro\/13\/13 mini\/12, Galaxy, Google Pixel, Motorola, etc.<\/span><\/span><\/p>\n<h5><span class=\"a-list-item\"><span dir=\"auto\">Manguera mejorada de 700 mm para m\u00faltiples adaptaciones<\/span><\/span><\/h5>\n<p><span class=\"a-list-item\"><span dir=\"auto\">Este soporte para tel\u00e9fono de cuello est\u00e1 fabricado con una estructura de tres capas: un cuello de cisne interior de acero inoxidable, un soporte de aluminio resistente y una capa exterior de silicona hipoalerg\u00e9nica, para que no tenga que preocuparse por deformaciones, grietas ni roturas. Adem\u00e1s, la manguera de silicona extendida de 700 mm es adecuada para personas de entre 60 y 120 kg o incluso m\u00e1s.<\/span><\/span><\/p>\n<h5><span class=\"a-list-item\"><span dir=\"auto\">Desmontaje magn\u00e9tico potente<\/span><\/span><\/h5>\n<p><span class=\"a-list-item\"><span dir=\"auto\">El soporte para tel\u00e9fono de cuello MAX cuenta con un dise\u00f1o de desmontaje magn\u00e9tico r\u00e1pido. Incorpora 16 potentes imanes de aluminio para disparar sin riesgo de ca\u00eddas. Su estructura de elevaci\u00f3n con varilla de aleaci\u00f3n de zinc integrada es r\u00e1pida y f\u00e1cil de instalar, lo que le permite capturar fotos con la primera perspectiva y olvidarse del tedioso proceso de desmontaje del soporte.<\/span><\/span><\/p>\n<h5><span class=\"a-list-item\"><span dir=\"auto\">Varios \u00e1ngulos POV\/VLOG ajustable<\/span><\/span><\/h5>\n<p><span class=\"a-list-item\"><span dir=\"auto\">El soporte para tel\u00e9fono con collar no solo cumple el prop\u00f3sito del tel\u00e9fono de cambiar entre el modo de disparo vertical y horizontal de forma arbitraria, sino que tambi\u00e9n satisface a los creadores de contenido de videos cortos con modos de disparo vers\u00e1tiles: horizontal, vertical, superior y \u00e1ngulo bajo.<\/span><\/span><\/p>\n<h5><span class=\"a-list-item\"><span dir=\"auto\">Dise\u00f1o de liberaci\u00f3n r\u00e1pida<\/span><\/span><\/h5>\n<p><span class=\"a-list-item\"><span dir=\"auto\">El soporte para tel\u00e9fono celular MAX que cuelga del cuello adopt\u00f3 la tecnolog\u00eda de liberaci\u00f3n r\u00e1pida de un bot\u00f3n en este creativo soporte para el cuello, diciendo adi\u00f3s al engorroso proceso de instalaci\u00f3n y extracci\u00f3n, solo un clic para desenganchar y operaci\u00f3n r\u00e1pida, verdaderamente plug and play y f\u00e1cil de usar.<\/span><\/span><\/p>\n<h5><span class=\"a-list-item\"><span dir=\"auto\">\u00bfQu\u00e9 hay en el paquete?<\/span><\/span><\/h5>\n<p><span class=\"a-list-item\"><span dir=\"auto\">El nuevo juego de soporte magn\u00e9tico para cuello de tel\u00e9fono celular MAX de TELESIN 2024 incluye 1 x soporte magn\u00e9tico para cuello MAX, 1 x pieza magn\u00e9tica (para usar con tel\u00e9fonos inteligentes sin magnetismo), 1 x kit de limpieza (para limpiar la carcasa del tel\u00e9fono de un tel\u00e9fono celular sin magnetismo antes de colocar la pieza magn\u00e9tica en la carcasa), 1 x cuerda antip\u00e9rdida, 1 x correa para el pecho antivibraci\u00f3n, 1 x especificaci\u00f3n.<\/span><\/span><\/p>\n<\/div>\n<\/div>\n<\/div>\n<div class=\"feature_UbV5SNP5Eo\">\n<div class=\"feature_UbV5SNP5Eo\">\n<div class=\"feature_UbV5SNP5Eo\">\n<div class=\"featureHeader_UbV5SNP5Eo\">\n<h5 class=\"text_TAw0W35QK_ comfy_TAw0W35QK_ sizeTitle2_TAw0W35QK_ weightNormal_TAw0W35QK_ primary_i3MsQsqoe0\"><span dir=\"auto\">Caracter\u00edsticas adicionales<\/span><\/h5>\n<\/div>\n<div>\n<div class=\"js-injected-html text_UbV5SNP5Eo\">\n<ul>\n<li><span dir=\"auto\">Funciona con iPhones compatibles con MagSafe<\/span><\/li>\n<li><span dir=\"auto\">Adaptador incluido para tel\u00e9fonos no magn\u00e9ticos.<\/span><\/li>\n<li><span dir=\"auto\">Los imanes pueden soportar hasta 6,6 libras.<\/span><\/li>\n<li><span dir=\"auto\">Filmaci\u00f3n de retratos o paisajes<\/span><\/li>\n<li><span dir=\"auto\">La correa para el cuello es flexible para un almacenamiento m\u00e1s f\u00e1cil.<\/span><\/li>\n<\/ul>\n<\/div>\n<\/div>\n<\/div>\n<\/div>\n<\/div>\n","protected":false},"excerpt":{"rendered":"<p>MNM-002 SMARTPHONE Captura videos con manos libres desde una perspectiva en primera persona con el\u00a0\u00a0soporte magn\u00e9tico para cuello de TELESIN.<\/p>\n","protected":false},"featured_media":92118,"comment_status":"open","ping_status":"closed","template":"","meta":{"nf_dc_page":""},"product_brand":[1009],"product_cat":[89],"product_tag":[1010],"class_list":{"0":"post-92117","1":"product","2":"type-product","3":"status-publish","4":"has-post-thumbnail","6":"product_brand-telesin","7":"product_cat-electronicos","8":"product_tag-1010","10":"first","11":"outofstock","12":"shipping-taxable","13":"purchasable","14":"product-type-simple"},"_links":{"self":[{"href":"https:\/\/brandss.com.py\/index\/wp-json\/wp\/v2\/product\/92117","targetHints":{"allow":["GET"]}}],"collection":[{"href":"https:\/\/brandss.com.py\/index\/wp-json\/wp\/v2\/product"}],"about":[{"href":"https:\/\/brandss.com.py\/index\/wp-json\/wp\/v2\/types\/product"}],"replies":[{"embeddable":true,"href":"https:\/\/brandss.com.py\/index\/wp-json\/wp\/v2\/comments?post=92117"}],"version-history":[{"count":1,"href":"https:\/\/brandss.com.py\/index\/wp-json\/wp\/v2\/product\/92117\/revisions"}],"predecessor-version":[{"id":92132,"href":"https:\/\/brandss.com.py\/index\/wp-json\/wp\/v2\/product\/92117\/revisions\/92132"}],"wp:featuredmedia":[{"embeddable":true,"href":"https:\/\/brandss.com.py\/index\/wp-json\/wp\/v2\/media\/92118"}],"wp:attachment":[{"href":"https:\/\/brandss.com.py\/index\/wp-json\/wp\/v2\/media?parent=92117"}],"wp:term":[{"taxonomy":"product_brand","embeddable":true,"href":"https:\/\/brandss.com.py\/index\/wp-json\/wp\/v2\/product_brand?post=92117"},{"taxonomy":"product_cat","embeddable":true,"href":"https:\/\/brandss.com.py\/index\/wp-json\/wp\/v2\/product_cat?post=92117"},{"taxonomy":"product_tag","embeddable":true,"href":"https:\/\/brandss.com.py\/index\/wp-json\/wp\/v2\/product_tag?post=92117"}],"curies":[{"name":"wp","href":"https:\/\/api.w.org\/{rel}","templated":true}]}}