{"id":92169,"date":"2025-10-15T17:15:34","date_gmt":"2025-10-15T17:15:34","guid":{"rendered":"https:\/\/brandss.com.py\/index\/?post_type=product&#038;p=92169"},"modified":"2025-10-15T17:25:58","modified_gmt":"2025-10-15T17:25:58","slug":"maquina-de-niebla-telesin-s5-tfm-01-c40-portatil","status":"publish","type":"product","link":"https:\/\/brandss.com.py\/index\/producto\/maquina-de-niebla-telesin-s5-tfm-01-c40-portatil\/","title":{"rendered":"M\u00c1QUINA DE NIEBLA TELESIN S5-TFM-01 C40 PORT\u00c1TIL"},"content":{"rendered":"<p><img loading=\"lazy\" decoding=\"async\" class=\"\" src=\"https:\/\/movidis.nl\/wp-content\/uploads\/2022\/02\/TELESIN-LOGO-600x180-2.png\" alt=\"Telesin-Movidis\" width=\"170\" height=\"51\" \/><\/p>\n<h1>S5-TFM-01 C40<\/h1>\n<p>M\u00e1quina port\u00e1til generadora de niebla, humo, neblina de mano para fotograf\u00eda, v\u00eddeo corto, transmisi\u00f3n en directo. <span class=\"a-list-item\">Dise\u00f1ado cuidadosamente por TELESIN. <\/span><span class=\"a-list-item\">Dise\u00f1ada pensando en la comodidad, nuestra m\u00e1quina de humo de mano TELESIN\u00b0 C40 es ligera y f\u00e1cil de transportar, dise\u00f1ada ergon\u00f3micamente para adaptarse a los contornos de la mano, por lo que es ideal para eventos al aire libre y configuraciones sobre la marcha. Simplemente llena el l\u00edquido de humo (incluye E-liquild), enci\u00e9ndelo y deja que la magia se desarrolle.<\/span><\/p>\n<h5><span class=\"a-list-item\">Varias formas de humo:<img loading=\"lazy\" decoding=\"async\" class=\"alignleft\" src=\"https:\/\/img.tvcmall.com\/dynamic\/uploads\/details\/800x800_6838001061A-2.webp\" width=\"641\" height=\"641\" \/> <\/span><\/h5>\n<p><span class=\"a-list-item\">la m\u00e1quina de humo port\u00e1til est\u00e1 equipada con una variedad de accesorios de pulverizaci\u00f3n transparentes: tubo recto &#8211; para aumentar la velocidad de pulverizaci\u00f3n de humo; tubo doblado &#8211; para ajustar la direcci\u00f3n del humo a voluntad; tubo en T &#8211; para aumentar el rango de humo; manga de algod\u00f3n &#8211; para crear efectos de hielo seco. Observe el proceso de humo y juegue con diferentes efectos de humo.<\/span><\/p>\n<h5><span class=\"a-list-item\">Miles de escenarios de inspiraci\u00f3n: <\/span><\/h5>\n<p><span class=\"a-list-item\">la m\u00e1quina de niebla con bater\u00eda TELESIN\u00b0 C40 se puede utilizar para innumerables escenarios, como retratos, fotograf\u00eda de pel\u00edculas y videos, fotograf\u00eda de alimentos, comerciales, bodas y festivales, etc. Con todo, \u00a1C40 es la fuente constante de inspiraci\u00f3n!<\/span><\/p>\n<h5><span class=\"a-list-item\">Pr\u00e1ctico control remoto: <\/span><\/h5>\n<p><span class=\"a-list-item\">un pr\u00e1ctico control remoto hace que sea f\u00e1cil ajustar la salida de humo dentro de un rango de 32.8 ft. Con el control remoto simple e intuitivo, puedes centrarte m\u00e1s en el proceso creativo y ajustar sin esfuerzo los efectos de humo a tu gusto.<\/span><\/p>\n<h5><span class=\"a-list-item\">Modos preestablecidos, conmutaci\u00f3n extremadamente r\u00e1pida: <\/span><\/h5>\n<p><span class=\"a-list-item\">la parte frontal de la unidad principal est\u00e1 dise\u00f1ada con una interfaz interactiva minimalista para controlar r\u00e1pidamente la concentraci\u00f3n de humo y el flujo de aire, y al mismo tiempo, tambi\u00e9n admite la configuraci\u00f3n de la duraci\u00f3n del aerosol. Adem\u00e1s, se puede cambiar una variedad de modos a voluntad: modo de niebla, modo de hielo seco, modo de vapor.<\/span><\/p>\n<div class=\"product-descriptions flex flex-col gap-y-16px pt-24px tabContent\">\n<div class=\"description\">\n<div class=\"system-description\">\n<h5><strong>Especificaciones:<\/strong><\/h5>\n<ul>\n<li>Tipo de dispositivo: M\u00e1quina de niebla de mano<\/li>\n<li>M\u00e9todo de control: Control remoto<\/li>\n<li>Capacidad de la bater\u00eda: 2500mAh<\/li>\n<li>Modos de salida: Niebla densa, Efecto de hielo seco, Vapor<\/li>\n<li>Tipo de l\u00edquido: L\u00edquido de niebla apto para alimentos<\/li>\n<li>Aplicaci\u00f3n: Fotograf\u00eda, Producci\u00f3n de v\u00eddeos cortos, Transmisi\u00f3n en vivo, Efectos de cine y televisi\u00f3n<\/li>\n<\/ul>\n<\/div>\n<\/div>\n<\/div>\n<div class=\"specifications flex flex-col gap-y-16px pt-24px tabContent\">\n<h2 class=\"font-bold text-[18px]\">Especificaciones<\/h2>\n<div class=\"specifications flex flex-col gap-y-16px\" data-v-a4f6ae2b=\"\">\n<h2 class=\"font-bold text-[14px]\" data-v-a4f6ae2b=\"\">General<\/h2>\n<table class=\"border-[#D9DDE2]]\" data-v-a4f6ae2b=\"\">\n<tbody>\n<tr data-v-a4f6ae2b=\"\">\n<td data-v-a4f6ae2b=\"\">Marca<\/td>\n<td data-v-a4f6ae2b=\"\">TELESIN<\/td>\n<\/tr>\n<tr data-v-a4f6ae2b=\"\">\n<td data-v-a4f6ae2b=\"\">Tipo de enchufe (para suministro)<\/td>\n<td data-v-a4f6ae2b=\"\">N\/A<\/td>\n<\/tr>\n<tr data-v-a4f6ae2b=\"\">\n<td data-v-a4f6ae2b=\"\">Manual de Usuario (idioma)<\/td>\n<td data-v-a4f6ae2b=\"\">Ingl\u00e9s Y Chino<\/td>\n<\/tr>\n<\/tbody>\n<\/table>\n<\/div>\n<div class=\"specifications flex flex-col gap-y-16px\">\n<h2 class=\"font-bold text-[14px]\">Peso del paquete<\/h2>\n<table class=\"border-[#D9DDE2]]\">\n<tbody>\n<tr>\n<td>Peso bruto<\/td>\n<td>\n<div class=\"leading-18px\">0.911kg<\/div>\n<\/td>\n<\/tr>\n<tr>\n<td>Volume Weight<\/td>\n<td>\n<div class=\"leading-18px\">0.556kg<\/div>\n<\/td>\n<\/tr>\n<tr>\n<td>Un tama\u00f1o de paquete<\/td>\n<td>\n<div class=\"leading-18px\">15.00cm * 7.20cm * 23.00cm \/ 5.91inch * 2.83inch * 9.06inch<\/div>\n<\/td>\n<\/tr>\n<tr>\n<td>Cantidad por caja<\/td>\n<td>\n<div class=\"leading-18px\">20<\/div>\n<\/td>\n<\/tr>\n<tr>\n<td>Tama\u00f1o del embalaje<\/td>\n<td>\n<div class=\"leading-18px\">59.00cm * 40.00cm * 34.00cm \/ 23.23inch * 15.75inch * 13.39inch<\/div>\n<\/td>\n<\/tr>\n<tr>\n<td>Tipo de embalaje<\/td>\n<td>\n<div class=\"leading-18px\">Colored Box<\/div>\n<\/td>\n<\/tr>\n<tr>\n<td>Contenido del paquete<\/td>\n<td>\n<div>\n<div class=\"leading-18px\">1 x M\u00e1quina de Niebla<\/div>\n<div class=\"leading-18px\">1 x Control Remoto<\/div>\n<div class=\"leading-18px\">1 x Manual de Usuario en Ingl\u00e9s y Chino<\/div>\n<\/div>\n<\/td>\n<\/tr>\n<\/tbody>\n<\/table>\n<\/div>\n<\/div>\n","protected":false},"excerpt":{"rendered":"<p>S5-TFM-01 C40 M\u00e1quina port\u00e1til generadora de niebla, humo, neblina de mano para fotograf\u00eda, v\u00eddeo corto, transmisi\u00f3n en directo. Dise\u00f1ado cuidadosamente<\/p>\n","protected":false},"featured_media":92170,"comment_status":"open","ping_status":"closed","template":"","meta":{"nf_dc_page":""},"product_brand":[1009],"product_cat":[89],"product_tag":[1013],"class_list":{"0":"post-92169","1":"product","2":"type-product","3":"status-publish","4":"has-post-thumbnail","6":"product_brand-telesin","7":"product_cat-electronicos","8":"product_tag-1013","10":"first","11":"instock","12":"shipping-taxable","13":"purchasable","14":"product-type-simple"},"_links":{"self":[{"href":"https:\/\/brandss.com.py\/index\/wp-json\/wp\/v2\/product\/92169","targetHints":{"allow":["GET"]}}],"collection":[{"href":"https:\/\/brandss.com.py\/index\/wp-json\/wp\/v2\/product"}],"about":[{"href":"https:\/\/brandss.com.py\/index\/wp-json\/wp\/v2\/types\/product"}],"replies":[{"embeddable":true,"href":"https:\/\/brandss.com.py\/index\/wp-json\/wp\/v2\/comments?post=92169"}],"version-history":[{"count":1,"href":"https:\/\/brandss.com.py\/index\/wp-json\/wp\/v2\/product\/92169\/revisions"}],"predecessor-version":[{"id":92187,"href":"https:\/\/brandss.com.py\/index\/wp-json\/wp\/v2\/product\/92169\/revisions\/92187"}],"wp:featuredmedia":[{"embeddable":true,"href":"https:\/\/brandss.com.py\/index\/wp-json\/wp\/v2\/media\/92170"}],"wp:attachment":[{"href":"https:\/\/brandss.com.py\/index\/wp-json\/wp\/v2\/media?parent=92169"}],"wp:term":[{"taxonomy":"product_brand","embeddable":true,"href":"https:\/\/brandss.com.py\/index\/wp-json\/wp\/v2\/product_brand?post=92169"},{"taxonomy":"product_cat","embeddable":true,"href":"https:\/\/brandss.com.py\/index\/wp-json\/wp\/v2\/product_cat?post=92169"},{"taxonomy":"product_tag","embeddable":true,"href":"https:\/\/brandss.com.py\/index\/wp-json\/wp\/v2\/product_tag?post=92169"}],"curies":[{"name":"wp","href":"https:\/\/api.w.org\/{rel}","templated":true}]}}